000
CDUS43 KLOT 090634
CLIRFD


CLIMATE REPORT
NATIONAL WEATHER SERVICE CHICAGO IL
133 AM CDT THU APR 9 2015


...................................

...THE ROCKFORD IL CLIMATE SUMMARY FOR APRIL 8 2015...

CLIMATE NORMAL PERIOD 1981 TO 2010
CLIMATE RECORD PERIOD 1905 TO 2015


WEATHER ITEM   OBSERVED TIME   RECORD YEAR NORMAL DEPARTURE LAST
                VALUE   (LST)  VALUE       VALUE  FROM      YEAR
                                                  NORMAL
..................................................................
TEMPERATURE (F)
 YESTERDAY
  MAXIMUM         53    253 PM  85    1931  58     -5       62
  MINIMUM         42    840 PM  15    1972  35      7       39
  AVERAGE         48                        46      2       51

PRECIPITATION (IN)
  YESTERDAY        T             1.39 1993   0.11  -0.11     0.00
  MONTH TO DATE    0.27                      0.86  -0.59     0.03
  SINCE MAR 1      1.57                      3.18  -1.61     1.06
  SINCE JAN 1      3.49                      5.96  -2.47     4.80

SNOWFALL (IN)
  YESTERDAY        0.0           1.3  1982   0.1   -0.1      0.0
  MONTH TO DATE    0.0                       0.5   -0.5      0.0
  SINCE MAR 1      7.6                       5.3    2.3      9.1
  SINCE JUL 1     35.5                      36.3   -0.8     56.6
  SNOW DEPTH       0

DEGREE DAYS
 HEATING
  YESTERDAY       17                        19     -2       14
  MONTH TO DATE  123                       160    -37      173
  SINCE MAR 1   1059                      1022     37     1265
  SINCE JUL 1   6505                      6024    481     7157

 COOLING
  YESTERDAY        0                         0      0        0
  MONTH TO DATE    0                         0      0        0
  SINCE MAR 1      0                         0      0        0
  SINCE JAN 1      0                         0      0        0
..................................................................


WIND (MPH)
  HIGHEST WIND SPEED    20   HIGHEST WIND DIRECTION     E (70)
  HIGHEST GUST SPEED    25   HIGHEST GUST DIRECTION     E (70)
  AVERAGE WIND SPEED    10.4


SKY COVER
  POSSIBLE SUNSHINE  MM
  AVERAGE SKY COVER 1.0


WEATHER CONDITIONS
 THE FOLLOWING WEATHER WAS RECORDED YESTERDAY.
  THUNDERSTORM
  LIGHT RAIN
  FOG
  HAZE


RELATIVE HUMIDITY (PERCENT)
 HIGHEST   100           400 AM
 LOWEST     66           200 PM
 AVERAGE    83

..........................................................


THE ROCKFORD IL CLIMATE NORMALS FOR TODAY
                         NORMAL    RECORD    YEAR
 MAXIMUM TEMPERATURE (F)   58        77      1934
 MINIMUM TEMPERATURE (F)   36        17      1997


SUNRISE AND SUNSET
APRIL  9 2015.........SUNRISE   626 AM CDT   SUNSET   731 PM CDT
APRIL 10 2015.........SUNRISE   624 AM CDT   SUNSET   732 PM CDT


-  INDICATES NEGATIVE NUMBERS.
R  INDICATES RECORD WAS SET OR TIED.
MM INDICATES DATA IS MISSING.
T  INDICATES TRACE AMOUNT.




$$
