000
CDUS43 KLOT 240637
CLIRFD


CLIMATE REPORT
NATIONAL WEATHER SERVICE CHICAGO IL
137 AM CDT FRI APR 24 2015


...................................

...THE ROCKFORD IL CLIMATE SUMMARY FOR APRIL 23 2015...

CLIMATE NORMAL PERIOD 1981 TO 2010
CLIMATE RECORD PERIOD 1905 TO 2015


WEATHER ITEM   OBSERVED TIME   RECORD YEAR NORMAL DEPARTURE LAST
                VALUE   (LST)  VALUE       VALUE  FROM      YEAR
                                                  NORMAL
..................................................................
TEMPERATURE (F)
 YESTERDAY
  MAXIMUM         57    347 PM  86    1925  64     -7       57
  MINIMUM         31    447 AM  22    1927  41    -10       33
                                      1910
  AVERAGE         44                        52     -8       45

PRECIPITATION (IN)
  YESTERDAY        0.00          1.66 1919   0.11  -0.11     0.07
  MONTH TO DATE    2.89                      2.55   0.34     1.83
  SINCE MAR 1      4.19                      4.87  -0.68     2.86
  SINCE JAN 1      6.11                      7.65  -1.54     6.60

SNOWFALL (IN)
  YESTERDAY        0.0           3.8  1967   0.1   -0.1      0.0
  MONTH TO DATE    T                         0.9   -0.9      0.3
  SINCE MAR 1      7.6                       5.7    1.9      9.4
  SINCE JUL 1     35.5                      36.7   -1.2     56.9
  SNOW DEPTH       0

DEGREE DAYS
 HEATING
  YESTERDAY       21                        13      8       20
  MONTH TO DATE  300                       394    -94      391
  SINCE MAR 1   1236                      1256    -20     1483
  SINCE JUL 1   6682                      6258    424     7375

 COOLING
  YESTERDAY        0                         0      0        0
  MONTH TO DATE    0                         0      0        0
  SINCE MAR 1      0                         0      0        0
  SINCE JAN 1      0                         0      0        0
..................................................................


WIND (MPH)
  HIGHEST WIND SPEED    21   HIGHEST WIND DIRECTION    NW (310)
  HIGHEST GUST SPEED    31   HIGHEST GUST DIRECTION     N (350)
  AVERAGE WIND SPEED     9.0


SKY COVER
  POSSIBLE SUNSHINE  MM
  AVERAGE SKY COVER 0.0


WEATHER CONDITIONS
 THE FOLLOWING WEATHER WAS RECORDED YESTERDAY.
  NO SIGNIFICANT WEATHER WAS OBSERVED.


RELATIVE HUMIDITY (PERCENT)
 HIGHEST    64          1100 PM
 LOWEST     19           500 PM
 AVERAGE    42

..........................................................


THE ROCKFORD IL CLIMATE NORMALS FOR TODAY
                         NORMAL    RECORD    YEAR
 MAXIMUM TEMPERATURE (F)   64        88      1915
 MINIMUM TEMPERATURE (F)   41        16      1967


SUNRISE AND SUNSET
APRIL 24 2015.........SUNRISE   602 AM CDT   SUNSET   748 PM CDT
APRIL 25 2015.........SUNRISE   601 AM CDT   SUNSET   749 PM CDT


-  INDICATES NEGATIVE NUMBERS.
R  INDICATES RECORD WAS SET OR TIED.
MM INDICATES DATA IS MISSING.
T  INDICATES TRACE AMOUNT.




$$
