000
CDUS43 KLOT 230653
CLIRFD


CLIMATE REPORT
NATIONAL WEATHER SERVICE CHICAGO IL
145 AM CDT THU APR 23 2015


...................................

...THE ROCKFORD IL CLIMATE SUMMARY FOR APRIL 22 2015...

CLIMATE NORMAL PERIOD 1981 TO 2010
CLIMATE RECORD PERIOD 1905 TO 2015


WEATHER ITEM   OBSERVED TIME   RECORD YEAR NORMAL DEPARTURE LAST
                VALUE   (LST)  VALUE       VALUE  FROM      YEAR
                                                  NORMAL
..................................................................
TEMPERATURE (F)
 YESTERDAY
  MAXIMUM         49    449 PM  91    1980  64    -15       62
  MINIMUM         34   1255 AM  23    1986  41     -7       39
  AVERAGE         42                        52    -10       51

PRECIPITATION (IN)
  YESTERDAY        T             1.16 1999   0.11  -0.11     0.00
  MONTH TO DATE    2.89                      2.44   0.45     1.76
  SINCE MAR 1      4.19                      4.76  -0.57     2.79
  SINCE JAN 1      6.11                      7.54  -1.43     6.53

SNOWFALL (IN)
  YESTERDAY        T             0.1  1984   0.0    0.0      0.0
                                      2001
  MONTH TO DATE    T                         0.8   -0.8      0.3
  SINCE MAR 1      7.6                       5.6    2.0      9.4
  SINCE JUL 1     35.5                      36.6   -1.1     56.9
  SNOW DEPTH       0

DEGREE DAYS
 HEATING
  YESTERDAY       23                        13     10       14
  MONTH TO DATE  279                       381   -102      371
  SINCE MAR 1   1215                      1243    -28     1463
  SINCE JUL 1   6661                      6245    416     7355

 COOLING
  YESTERDAY        0                         0      0        0
  MONTH TO DATE    0                         0      0        0
  SINCE MAR 1      0                         0      0        0
  SINCE JAN 1      0                         0      0        0
..................................................................


WIND (MPH)
  HIGHEST WIND SPEED    26   HIGHEST WIND DIRECTION    NW (310)
  HIGHEST GUST SPEED    35   HIGHEST GUST DIRECTION    NW (300)
  AVERAGE WIND SPEED    14.8


SKY COVER
  POSSIBLE SUNSHINE  MM
  AVERAGE SKY COVER 0.8


WEATHER CONDITIONS
 THE FOLLOWING WEATHER WAS RECORDED YESTERDAY.
  LIGHT RAIN
  LIGHT SNOW
  SLEET


RELATIVE HUMIDITY (PERCENT)
 HIGHEST    64          1200 AM
 LOWEST     34           200 PM
 AVERAGE    49

..........................................................


THE ROCKFORD IL CLIMATE NORMALS FOR TODAY
                         NORMAL    RECORD    YEAR
 MAXIMUM TEMPERATURE (F)   64        86      1925
 MINIMUM TEMPERATURE (F)   41        22      1927
                                             1910


SUNRISE AND SUNSET
APRIL 23 2015.........SUNRISE   604 AM CDT   SUNSET   746 PM CDT
APRIL 24 2015.........SUNRISE   602 AM CDT   SUNSET   748 PM CDT


-  INDICATES NEGATIVE NUMBERS.
R  INDICATES RECORD WAS SET OR TIED.
MM INDICATES DATA IS MISSING.
T  INDICATES TRACE AMOUNT.




$$
