000
CXUS55 KABR 251400
CF6ATY
PRELIMINARY LOCAL CLIMATOLOGICAL DATA (WS FORM: F-6)

                                          STATION:   WATERTOWN SD
                                          MONTH:     APRIL
                                          YEAR:      2015
                                          LATITUDE:   44 55 N
                                          LONGITUDE:  97  9 W

  TEMPERATURE IN F:       :PCPN:    SNOW:  WIND      :SUNSHINE: SKY     :PK WND
================================================================================
1   2   3   4   5  6A  6B    7    8   9   10  11  12  13   14  15   16   17  18
                                     12Z  AVG MX 2MIN
DY MAX MIN AVG DEP HDD CDD  WTR  SNW DPTH SPD SPD DIR MIN PSBL S-S WX    SPD DR
================================================================================

 1  72  45  59  22   6   0 0.00  0.0    0 16.8 31 200   M    M   0        41 180
 2  57  30  44   7  21   0 0.00  0.0    0 17.0 31 310   M    M   1        41 290
 3  48  17  33  -5  32   0 0.00  0.0    0 11.4 24 350   M    M   3        28 340
 4  62  23  43   5  22   0 0.00  0.0    0  7.6 23  60   M    M   1        28  50
 5  56  32  44   5  21   0 0.00  0.0    0 17.6 25  80   M    M   2        37  90
 6  39  32  36  -3  29   0 0.03  0.0    0 17.0 26  60   M    M  10 1      35  50
 7  37  32  35  -5  30   0    T  0.0    0  8.4 20 100   M    M  10 1      29 100
 8  47  33  40   0  25   0 0.00  0.0    0  9.0 16  50   M    M  10 1      21  80
 9  57  35  46   5  19   0 0.03    T    0 17.5 31 360   M    M   8 1      40 340
10  56  29  43   2  22   0 0.00  0.0    0 10.4 22 340   M    M   0        27 340
11  75  32  54  12  11   0 0.00  0.0    0 17.4 38 200   M    M   0        47 200
12  74  42  58  16   7   0 0.00  0.0    0 17.7 28 320   M    M   1        44 250
13  63  31  47   4  18   0 0.00  0.0    0 12.0 26 300   M    M   0        38 290
14  76  30  53  10  12   0 0.00  0.0    0 13.4 28 170   M    M   0        36 170
15  70  41  56  12   9   0    T  0.0    0 17.5 32 150   M    M   3        42 150
16  73  44  59  15   6   0    T  0.0    0  7.9 18 170   M    M   5        26 180
17  72  37  55  10  10   0 0.00  0.0    0  4.1 14  10   M    M   0        18  10
18  71  38  55  10  10   0 0.18  0.0    0  8.0 18 110   M    M   5 1      24 130
19  54  41  48   2  17   0 0.05  0.0    0 19.8 35 320   M    M   8 1      42 320
20  48  35  42  -4  23   0 0.00  0.0    0 21.2 33 340   M    M   7        43 320
21  44  28  36 -11  29   0 0.00  0.0    0 20.0 33 340   M    M   6        41 350
22  52  28  40  -7  25   0 0.00  0.0    0 12.4 25 340   M    M   0        35 310
23  61  19  40  -8  25   0 0.00  0.0    0  6.6 17 150   M    M   2        23 160
24  68  44  56   8   9   0 0.10  0.0    0 13.4 24 160   M    M   6 13     30 110
================================================================================
SM 1432  798       438   0  0.39    T    324.1          M       88
================================================================================
AV 59.7 33.2                              13.5 FASTST   M    M   4    MAX(MPH)
                                 MISC ---->  # 38 200               # 47  200
================================================================================
NOTES:
# LAST OF SEVERAL OCCURRENCES

COLUMN 17 PEAK WIND IN M.P.H.

PRELIMINARY LOCAL CLIMATOLOGICAL DATA (WS FORM: F-6) , PAGE 2

                                          STATION:  WATERTOWN SD
                                          MONTH:    APRIL
                                          YEAR:     2015
                                          LATITUDE:   44 55 N
                                          LONGITUDE:  97  9 W

[TEMPERATURE DATA]      [PRECIPITATION DATA]       SYMBOLS USED IN COLUMN 16

AVERAGE MONTHLY: 46.5   TOTAL FOR MONTH:   0.39    1 = FOG OR MIST
DPTR FM NORMAL:   4.0   DPTR FM NORMAL:   -1.14    2 = FOG REDUCING VISIBILITY
HIGHEST:    76 ON 14    GRTST 24HR  0.21 ON 18-19      TO 1/4 MILE OR LESS
LOWEST:     17 ON  3                               3 = THUNDER
                        SNOW, ICE PELLETS, HAIL    4 = ICE PELLETS
                        TOTAL MONTH:    T          5 = HAIL
                        GRTST 24HR    T  ON  9- 9  6 = FREEZING RAIN OR DRIZZLE
                        GRTST DEPTH:   0           7 = DUSTSTORM OR SANDSTORM:
                                                       VSBY 1/2 MILE OR LESS
                                                   8 = SMOKE OR HAZE
[NO. OF DAYS WITH]      [WEATHER - DAYS WITH]      9 = BLOWING SNOW
                                                   X = TORNADO
MAX 32 OR BELOW:   0    0.01 INCH OR MORE:   5
MAX 90 OR ABOVE:   0    0.10 INCH OR MORE:   2
MIN 32 OR BELOW:  13    0.50 INCH OR MORE:   0
MIN  0 OR BELOW:   0    1.00 INCH OR MORE:   0

[HDD (BASE 65) ]
TOTAL THIS MO.   438    CLEAR  (SCALE 0-3)  12
DPTR FM NORMAL  -103    PTCLDY (SCALE 4-7)   8
TOTAL FM JUL 1  7792    CLOUDY (SCALE 8-10)  4
DPTR FM NORMAL  -264

[CDD (BASE 65) ]
TOTAL THIS MO.     0
DPTR FM NORMAL     0    [PRESSURE DATA]
TOTAL FM JAN 1     0    HIGHEST SLP M ON M
DPTR FM NORMAL     0    LOWEST  SLP 29.40 ON  1

[REMARKS]
