000
CXUS51 KRNK 270932
CF6DAN

PRELIMINARY LOCAL CLIMATOLOGICAL DATA (WS FORM: F-6)

                                          STATION:   DANVILLE VA
                                          MONTH:     APRIL
                                          YEAR:      2015
                                          LATITUDE:   36 34 N
                                          LONGITUDE:  79 20 W

  TEMPERATURE IN F:       :PCPN:    SNOW:  WIND      :SUNSHINE: SKY     :PK WND
================================================================================
1   2   3   4   5  6A  6B    7    8   9   10  11  12  13   14  15   16   17  18
                                     12Z  AVG MX 2MIN
DY MAX MIN AVG DEP HDD CDD  WTR  SNW DPTH SPD SPD DIR MIN PSBL S-S WX    SPD DR
================================================================================

 1  68  43  56   2   9   0 0.00  0.0    0  5.7 14 350   M    M   0        17  10
 2  74  37  56   2   9   0 0.00  0.0    0  7.4 23 230   M    M   3        32 230
 3  82  57  70  16   0   5    T  0.0    0 13.4 28 230   M    M   5        37 230
 4  75  36  56   1   9   0    T  0.0    0 12.3 30 250   M    M   2        39 250
 5  67  29  48  -7  17   0 0.00  0.0    0  3.5 17 240   M    M   0        22 240
 6  78  45  62   6   3   0 0.00  0.0    0  5.7 21 240   M    M   2        26 200
 7  73  59  66  10   0   1 0.03  0.0    0  5.5 16 250   M    M   7        22 240
 8  84  58  71  15   0   6 0.09  0.0    0  4.6 29  40   M    M   4 13     39  30
 9  61  56  59   3   6   0 0.21  0.0    0  5.8 18  10   M    M   9 13     22  10
10  84  57  71  14   0   6 0.26  0.0    0  9.5 28 240   M    M   5 123    35 240
11  75  47  61   4   4   0 0.00  0.0    0  4.9 15 320   M    M   0        20 320
12  74  45  60   3   5   0 0.00  0.0    0  5.9 12 100   M    M   0        17 100
13  79  48  64   6   1   0    T  0.0    0  4.2 12 230   M    M   4        17 210
14  74  58  66   8   0   1 0.77  0.0    0  4.8 20  40   M    M  10 1      28  50
15  61  52  57  -1   8   0 0.15  0.0    0  5.3 15  20   M    M  10 1      20  20
16  63  51  57  -2   8   0 0.31  0.0    0  3.5 10  40   M    M  10 1      13  40
17  80  56  68   9   0   3 0.01  0.0    0  3.5  9 200   M    M   7 1      13 210
18  83  58  71  12   0   6 0.00  0.0    0  3.7 15  60   M    M   3 1      18  60
19  70  61  66   7   0   1 0.75  0.0    0  6.9 15  80   M    M   9 1      24 200
20  80  60  70  10   0   5    T  0.0    0  8.7 23 230   M    M   5 3      33 210
21  70  46  58  -2   7   0 0.00  0.0    0  8.7 21 230   M    M   2        27 210
22  77  41  59  -1   6   0 0.00  0.0    0 11.5 28 250   M    M   1        37 240
23  68  45  57  -3   8   0 0.00  0.0    0  9.7 21 280   M    M   0        32 300
24  69  36  53  -8  12   0 0.00  0.0    0  5.5 17 250   M    M   0        24 250
25  52  44  48 -13  17   0 0.04  0.0    0  6.0 12  30   M    M   9 1      15 100
26  54  44  49 -12  16   0 0.06  0.0    0  6.2 14  40   M    M  10 1      17  30
================================================================================
SM 1875 1269       145  34  2.68     0.0 172.4          M      117
================================================================================
AV 72.1 48.8                               6.6 FASTST   M    M   5    MAX(MPH)
                                 MISC ---->  # 30 250               # 39  250
================================================================================
NOTES:
# LAST OF SEVERAL OCCURRENCES

COLUMN 17 PEAK WIND IN M.P.H.

PRELIMINARY LOCAL CLIMATOLOGICAL DATA (WS FORM: F-6) , PAGE 2

                                          STATION:  DANVILLE VA
                                          MONTH:    APRIL
                                          YEAR:     2015
                                          LATITUDE:   36 34 N
                                          LONGITUDE:  79 20 W

[TEMPERATURE DATA]      [PRECIPITATION DATA]       SYMBOLS USED IN COLUMN 16

AVERAGE MONTHLY: 60.5   TOTAL FOR MONTH:   2.68    1 = FOG OR MIST
DPTR FM NORMAL:   2.8   DPTR FM NORMAL:   -0.36    2 = FOG REDUCING VISIBILITY
HIGHEST:    84 ON 10, 8 GRTST 24HR  0.78 ON 14-15      TO 1/4 MILE OR LESS
LOWEST:     29 ON  5                               3 = THUNDER
                        SNOW, ICE PELLETS, HAIL    4 = ICE PELLETS
                        TOTAL MONTH:   0.0 INCH    5 = HAIL
                        GRTST 24HR     0.0         6 = FREEZING RAIN OR DRIZZLE
                        GRTST DEPTH:   0           7 = DUSTSTORM OR SANDSTORM:
                                                       VSBY 1/2 MILE OR LESS
                                                   8 = SMOKE OR HAZE
[NO. OF DAYS WITH]      [WEATHER - DAYS WITH]      9 = BLOWING SNOW
                                                   X = TORNADO
MAX 32 OR BELOW:   0    0.01 INCH OR MORE:  11
MAX 90 OR ABOVE:   0    0.10 INCH OR MORE:   6
MIN 32 OR BELOW:   1    0.50 INCH OR MORE:   2
MIN  0 OR BELOW:   0    1.00 INCH OR MORE:   0

[HDD (BASE 65) ]
TOTAL THIS MO.   145    CLEAR  (SCALE 0-3)  12
DPTR FM NORMAL   -67    PTCLDY (SCALE 4-7)   7
TOTAL FM JUL 1  3711    CLOUDY (SCALE 8-10)  7
DPTR FM NORMAL   -12

[CDD (BASE 65) ]
TOTAL THIS MO.    34
DPTR FM NORMAL     9    [PRESSURE DATA]
TOTAL FM JAN 1    34    HIGHEST SLP M ON M
DPTR FM NORMAL     6    LOWEST  SLP 29.55 ON 20

[REMARKS]
DUE TO EQUIPMENT FAILURE RESULTING IN MISSING TEMPERATURE
DATA ON FEBRUARY 15...THE SEASONAL TOTAL AND DEPARTURE FROM NORMAL
FOR HDD WILL BE CALCULATED WITHOUT DATA FROM THIS DATE. ALSO...DUE
TO A TIPPING BUCKET FAILURE RESULTING IN MISSING PRECIPITATION DATA
ON MARCH 14 AND 19-20...THE SEASONAL AND ANNUAL TOTALS AND
DEPARTURES FROM NORMAL FOR PRECIPITATION WILL BE CALCULATED WITHOUT
DATA FROM THOSE DATES.
