000
CXUS54 KSHV 181300
CF6DEQ
PRELIMINARY LOCAL CLIMATOLOGICAL DATA (WS FORM: F-6)

                                          STATION:   DE QUEEN
                                          MONTH:     APRIL
                                          YEAR:      2015
                                          LATITUDE:   34  2 N
                                          LONGITUDE:  94 24 W

  TEMPERATURE IN F:       :PCPN:    SNOW:  WIND      :SUNSHINE: SKY     :PK WND
================================================================================
1   2   3   4   5  6A  6B    7    8   9   10  11  12  13   14  15   16   17  18
                                     12Z  AVG MX 2MIN
DY MAX MIN AVG DEP HDD CDD  WTR  SNW DPTH SPD SPD DIR MIN PSBL S-S WX    SPD DR
================================================================================

 1  79  57  68  11   0   3 0.01  0.0    0  4.7 17 200   M    M   7 1238   24 200
 2  82  56  69  12   0   4 0.00  0.0    0  5.9 16 200   M    M   8 18     24 210
 3  79  52  66   8   0   1 0.00  0.0    0  7.0 17  10   M    M   5 18     26 360
 4  67  41  54  -4  11   0 0.00  0.0    0  4.4 14  80   M    M   0 1      20  90
 5  55  45  50  -8  15   0 0.05  0.0    0  4.5 12 110   M    M   9 1      15 130
 6  79  54  67   9   0   2    T  0.0    0  4.8 14 200   M    M   6 18     18 210
 7  84  62  73  14   0   8 0.00  0.0    0  5.6 20 200   M    M   4 138    27 210
 8  82  58  70  11   0   5 0.00  0.0    0  6.9 17 200   M    M   4 128    25 230
 9  82  60  71  12   0   6    T  0.0    0  7.6 17 240   M    M   7 3      24 220
10  74  48  61   2   4   0 0.00  0.0    0  3.8 13  50   M    M   0        16  50
11  75  43  59  -1   6   0 0.00  0.0    0  4.5 17  90   M    M   0 1      25 100
12  78  50  64   4   1   0 0.00  0.0    0  4.2 13 180   M    M   5        18 200
13  71  60  66   6   0   1 0.83  0.0    0  5.8 18  40   M    M  10 1      27  40
14  64  59  62   1   3   0    T  0.0    0  6.1 20  90   M    M  10 1      26  80
15  68  50  59  -2   6   0    T  0.0    0  3.3 12 230   M    M   9 12     15 220
16  81  47  64   3   1   0 0.00  0.0    0  3.7 22 170   M    M   3 12     32 180
17  82  59  71   9   0   6 0.00  0.0    0  3.0 10 110   M    M   2 1      14 110
================================================================================
SM 1282  901        47  36  0.89     0.0  85.8          M       89
================================================================================
AV 75.4 53.0                               5.0 FASTST   M    M   5    MAX(MPH)
                                 MISC ---->  # 22 170               # 32  180
================================================================================
NOTES:
# LAST OF SEVERAL OCCURRENCES

COLUMN 17 PEAK WIND IN M.P.H.

PRELIMINARY LOCAL CLIMATOLOGICAL DATA (WS FORM: F-6) , PAGE 2

                                          STATION:  DE QUEEN
                                          MONTH:    APRIL
                                          YEAR:     2015
                                          LATITUDE:   34  2 N
                                          LONGITUDE:  94 24 W

[TEMPERATURE DATA]      [PRECIPITATION DATA]       SYMBOLS USED IN COLUMN 16

AVERAGE MONTHLY: 64.2   TOTAL FOR MONTH:   0.89    1 = FOG OR MIST
DPTR FM NORMAL:   5.0   DPTR FM NORMAL:   -1.05    2 = FOG REDUCING VISIBILITY
HIGHEST:    84 ON  7    GRTST 24HR  0.83 ON 13-13      TO 1/4 MILE OR LESS
LOWEST:     41 ON  4                               3 = THUNDER
                        SNOW, ICE PELLETS, HAIL    4 = ICE PELLETS
                        TOTAL MONTH:   0.0 INCH    5 = HAIL
                        GRTST 24HR     0.0         6 = FREEZING RAIN OR DRIZZLE
                        GRTST DEPTH:   0           7 = DUSTSTORM OR SANDSTORM:
                                                       VSBY 1/2 MILE OR LESS
                                                   8 = SMOKE OR HAZE
[NO. OF DAYS WITH]      [WEATHER - DAYS WITH]      9 = BLOWING SNOW
                                                   X = TORNADO
MAX 32 OR BELOW:   0    0.01 INCH OR MORE:   3
MAX 90 OR ABOVE:   0    0.10 INCH OR MORE:   1
MIN 32 OR BELOW:   0    0.50 INCH OR MORE:   1
MIN  0 OR BELOW:   0    1.00 INCH OR MORE:   0

[HDD (BASE 65) ]
TOTAL THIS MO.    47    CLEAR  (SCALE 0-3)   4
DPTR FM NORMAL   -66    PTCLDY (SCALE 4-7)   9
TOTAL FM JUL 1  3046    CLOUDY (SCALE 8-10)  4
DPTR FM NORMAL    65

[CDD (BASE 65) ]
TOTAL THIS MO.    36
DPTR FM NORMAL    19    [PRESSURE DATA]
TOTAL FM JAN 1    38    HIGHEST SLP M ON M
DPTR FM NORMAL    10    LOWEST  SLP 29.81 ON  9

[REMARKS]
