000
CXUS53 KFGF 270915
CF6DVL
PRELIMINARY LOCAL CLIMATOLOGICAL DATA (WS FORM: F-6)

                                          STATION:   DEVIL`S LAKE
                                          MONTH:     APRIL
                                          YEAR:      2015
                                          LATITUDE:   48  7 N
                                          LONGITUDE:  98 54 W

  TEMPERATURE IN F:       :PCPN:    SNOW:  WIND      :SUNSHINE: SKY     :PK WND
================================================================================
1   2   3   4   5  6A  6B    7    8   9   10  11  12  13   14  15   16   17  18
                                     12Z  AVG MX 2MIN
DY MAX MIN AVG DEP HDD CDD  WTR  SNW DPTH SPD SPD DIR MIN PSBL S-S WX    SPD DR
================================================================================

 1  57  36  47   M  18   0 0.00  0.0    0 16.4 33 300   M    M   0        39 300
 2  39  19  29   M  36   0 0.00  0.0    0 19.2 33 280   M    M   5        40 290
 3  43  16  30   M  35   0 0.00  0.0    0  8.5 17 310   M    M   6        21 280
 4  39  19  29   M  36   0 0.00  0.0    0  8.1 16  80   M    M   7        22  80
 5  34  19  27   M  38   0 0.00  0.0    0 13.0 16 110   M    M   9        22  90
 6  39  21  30   M  35   0 0.00  0.0    0 11.6 17  90   M    M   4        25  80
 7  34  30  32   M  33   0 0.03    M    0 11.6 16 100   M    M  10        21 100
 8  43  28  36   M  29   0 0.00  0.0    0  4.9 12 160   M    M  10         M  M
 9  59  28  44   M  21   0 0.00  0.0    0 12.0 28 310   M    M   2        37 310
10  55  27  41   M  24   0 0.00  0.0    0  9.2 18 330   M    M   1        22 330
11  70  32  51   M  14   0 0.00  0.0    0  8.7 18 160   M    M   0         M  M
12  57  37  47   M  18   0 0.01    M    0 13.8 27 290   M    M   2        33 290
13  55  30  43   M  22   0 0.00  0.0    0 16.5 32 290   M    M   0        45 290
14  70  28  49   M  16   0 0.00  0.0    0 10.8 21 160   M    M   0        24 160
15  72  50  61   M   4   0 0.00  0.0    0 22.9 30 190   M    M   0        43 180
16  63  37  50   M  15   0 0.00  0.0    0 11.2 20  20   M    M   1        28  10
17  72  32  52   M  13   0 0.00  0.0    0 10.5 21 350   M    M   0        29 290
18  68  34  51   M  14   0 0.00  0.0    0 10.6 20 260   M    M   1        27 260
19  54  36  45   M  20   0 0.29    M    0 18.0 27 330   M    M  10        38 340
20  43  34  39   M  26   0 0.00  0.0    0 22.9 33 330   M    M   9        40 330
21  45  27  36   M  29   0 0.00  0.0    0 21.0 31 350   M    M   7        39  10
22  48  23  36   M  29   0 0.00  0.0    0 11.0 21 340   M    M   0        29 350
23  48  19  34   M  31   0 0.00  0.0    0  7.4 18 100   M    M   3        23 100
24  57  34  46   M  19   0 0.00  0.0    0 14.7 23 110   M    M   2        29 110
25  55  43  49   M  16   0 0.00  0.0    0 11.3 20 140   M    M   9        22 110
26  61  43  52   M  13   0 0.00  0.0    0  7.4 12 320   M    M   6         M  M
================================================================================
SM 1380  782       604   0  0.33     0.0 333.2          M      104
================================================================================
AV 53.1 30.1                              12.8 FASTST   M    M   4    MAX(MPH)
                                 MISC ---->    33   M                 45    M
================================================================================
NOTES:
# LAST OF SEVERAL OCCURRENCES

COLUMN 17 PEAK WIND IN M.P.H.

PRELIMINARY LOCAL CLIMATOLOGICAL DATA (WS FORM: F-6) , PAGE 2

                                          STATION:  DEVIL`S LAKE
                                          MONTH:    APRIL
                                          YEAR:     2015
                                          LATITUDE:   48  7 N
                                          LONGITUDE:  98 54 W

[TEMPERATURE DATA]      [PRECIPITATION DATA]       SYMBOLS USED IN COLUMN 16

AVERAGE MONTHLY: 41.6   TOTAL FOR MONTH:   0.33    1 = FOG OR MIST
DPTR FM NORMAL:     M   DPTR FM NORMAL:       M    2 = FOG REDUCING VISIBILITY
HIGHEST:    72 ON 17,15 GRTST 24HR  0.29 ON 19-19      TO 1/4 MILE OR LESS
LOWEST:     16 ON  3                               3 = THUNDER
                        SNOW, ICE PELLETS, HAIL    4 = ICE PELLETS
                        TOTAL MONTH:   0.0 INCH    5 = HAIL
                        GRTST 24HR     0.0         6 = FREEZING RAIN OR DRIZZLE
                        GRTST DEPTH:   0           7 = DUSTSTORM OR SANDSTORM:
                                                       VSBY 1/2 MILE OR LESS
                                                   8 = SMOKE OR HAZE
[NO. OF DAYS WITH]      [WEATHER - DAYS WITH]      9 = BLOWING SNOW
                                                   X = TORNADO
MAX 32 OR BELOW:   0    0.01 INCH OR MORE:   3
MAX 90 OR ABOVE:   0    0.10 INCH OR MORE:   1
MIN 32 OR BELOW:  16    0.50 INCH OR MORE:   0
MIN  0 OR BELOW:   0    1.00 INCH OR MORE:   0

[HDD (BASE 65) ]
TOTAL THIS MO.   604    CLEAR  (SCALE 0-3)  14
DPTR FM NORMAL     M    PTCLDY (SCALE 4-7)   6
TOTAL FM JUL 1  8495    CLOUDY (SCALE 8-10)  6
DPTR FM NORMAL     M

[CDD (BASE 65) ]
TOTAL THIS MO.     0
DPTR FM NORMAL     M    [PRESSURE DATA]
TOTAL FM JAN 1     0    HIGHEST SLP M ON M
DPTR FM NORMAL     M    LOWEST  SLP M ON M

[REMARKS]
