000
CXUS51 KAKQ 261010
CF6ECG
PRELIMINARY LOCAL CLIMATOLOGICAL DATA (WS FORM: F-6)

                                          STATION:   ELIZABETH CITY NC
                                          MONTH:     APRIL
                                          YEAR:      2015
                                          LATITUDE:   36 16 N
                                          LONGITUDE:  76 11 W

  TEMPERATURE IN F:       :PCPN:    SNOW:  WIND      :SUNSHINE: SKY     :PK WND
================================================================================
1   2   3   4   5  6A  6B    7    8   9   10  11  12  13   14  15   16   17  18
                                     12Z  AVG MX 2MIN
DY MAX MIN AVG DEP HDD CDD  WTR  SNW DPTH SPD SPD DIR MIN PSBL S-S WX    SPD DR
================================================================================

 1  56  36  46  -9  19   0 0.00  0.0    0  9.7 23  10   M    M   0        31  10
 2  70  32  51  -4  14   0 0.00  0.0    0  9.2 20 180   M    M   0        28 200
 3  81  57  69  14   0   4 0.00  0.0    0 17.1 26 210   M    M   0        32 190
 4  69  47  58   2   7   0 0.01  0.0    0 12.3 24 330   M    M   1        32 320
 5  62  34  48  -8  17   0 0.00  0.0    0  5.2 15 100   M    M   0        24 340
 6  74  47  61   5   4   0 0.00  0.0    0  7.9 17 110   M    M   0        21 140
 7  77  58  68  12   0   3    T  0.0    0  8.1 17 200   M    M   5        21 210
 8  71  52  62   5   3   0 0.22  0.0    0  7.9 18 130   M    M   6 12     23 350
 9  55  48  52  -5  13   0 0.12  0.0    0  9.7 18  50   M    M  10 12     22  40
10  84  52  68  11   0   3 0.00  0.0    0 12.6 25 200   M    M   4 1      32 210
11  73  50  62   4   3   0 0.02  0.0    0  6.4 16 200   M    M   4 1      20 210
12  67  47  57  -1   8   0 0.00  0.0    0  6.7 14  70   M    M   0        17  70
13  74  47  61   3   4   0 0.00  0.0    0  8.1 18 110   M    M   0        23 110
14  80  57  69  11   0   4 1.43  0.0    0  9.1 26  10   M    M   9 1      29  10
15  62  52  57  -2   8   0 0.12  0.0    0 12.6 23  30   M    M   4 1      28  30
16  70  50  60   1   5   0 0.00  0.0    0  9.8 18 120   M    M   2        23 110
17  77  56  67   8   0   2 0.00  0.0    0  3.7  9 100   M    M   3        13 180
18  81  58  70  11   0   5    T  0.0    0  4.8 12  70   M    M   2 1      16 110
19  72  53  63   3   2   0 0.52  0.0    0 10.0 24 130   M    M   6 12     31 140
20  78  65  72  12   0   7 1.14  0.0    0 12.0 28 230   M    M   5 1      39 220
21  72  52  62   2   3   0    T  0.0    0 10.3 16 260   M    M   1        23 270
22  76  48  62   2   3   0 0.00  0.0    0 10.6 26 220   M    M   0        35 230
23  65  45  55  -6  10   0 0.00  0.0    0 10.0 22 280   M    M   3        27 290
24  65  44  55  -6  10   0 0.00  0.0    0 10.5 22 330   M    M   0        29 300
25  59  49  54  -7  11   0 0.03  0.0    0  9.4 17  20   M    M   7 13     21  10
================================================================================
SM 1770 1236       144  28  3.61     0.0 233.7          M       72
================================================================================
AV 70.8 49.4                               9.3 FASTST   M    M   3    MAX(MPH)
                                 MISC ---->  # 28 230               # 39  220
================================================================================
NOTES:
# LAST OF SEVERAL OCCURRENCES

COLUMN 17 PEAK WIND IN M.P.H.

PRELIMINARY LOCAL CLIMATOLOGICAL DATA (WS FORM: F-6) , PAGE 2

                                          STATION:  ELIZABETH CITY NC
                                          MONTH:    APRIL
                                          YEAR:     2015
                                          LATITUDE:   36 16 N
                                          LONGITUDE:  76 11 W

[TEMPERATURE DATA]      [PRECIPITATION DATA]       SYMBOLS USED IN COLUMN 16

AVERAGE MONTHLY: 60.1   TOTAL FOR MONTH:   3.61    1 = FOG OR MIST
DPTR FM NORMAL:   2.1   DPTR FM NORMAL:    0.95    2 = FOG REDUCING VISIBILITY
HIGHEST:    84 ON 10    GRTST 24HR  1.66 ON 19-20      TO 1/4 MILE OR LESS
LOWEST:     32 ON  2                               3 = THUNDER
                        SNOW, ICE PELLETS, HAIL    4 = ICE PELLETS
                        TOTAL MONTH:   0.0 INCH    5 = HAIL
                        GRTST 24HR     0.0         6 = FREEZING RAIN OR DRIZZLE
                        GRTST DEPTH:   0           7 = DUSTSTORM OR SANDSTORM:
                                                       VSBY 1/2 MILE OR LESS
                                                   8 = SMOKE OR HAZE
[NO. OF DAYS WITH]      [WEATHER - DAYS WITH]      9 = BLOWING SNOW
                                                   X = TORNADO
MAX 32 OR BELOW:   0    0.01 INCH OR MORE:   9
MAX 90 OR ABOVE:   0    0.10 INCH OR MORE:   6
MIN 32 OR BELOW:   1    0.50 INCH OR MORE:   3
MIN  0 OR BELOW:   0    1.00 INCH OR MORE:   2

[HDD (BASE 65) ]
TOTAL THIS MO.   144    CLEAR  (SCALE 0-3)  14
DPTR FM NORMAL   -55    PTCLDY (SCALE 4-7)   9
TOTAL FM JUL 1  3160    CLOUDY (SCALE 8-10)  2
DPTR FM NORMAL    24

[CDD (BASE 65) ]
TOTAL THIS MO.    28
DPTR FM NORMAL     1    [PRESSURE DATA]
TOTAL FM JAN 1    35    HIGHEST SLP M ON M
DPTR FM NORMAL     1    LOWEST  SLP 29.62 ON M

[REMARKS]
