000
CXUS53 KMKX 230703
CF6ENW
PRELIMINARY LOCAL CLIMATOLOGICAL DATA (WS FORM: F-6)

                                          STATION:   KENOSHA WI
                                          MONTH:     APRIL
                                          YEAR:      2015
                                          LATITUDE:   42 35 N
                                          LONGITUDE:  87 56 W

  TEMPERATURE IN F:       :PCPN:    SNOW:  WIND      :SUNSHINE: SKY     :PK WND
================================================================================
1   2   3   4   5  6A  6B    7    8   9   10  11  12  13   14  15   16   17  18
                                     12Z  AVG MX 2MIN
DY MAX MIN AVG DEP HDD CDD  WTR  SNW DPTH SPD SPD DIR MIN PSBL S-S WX    SPD DR
================================================================================

 1  67  29  48   7  17   0 0.00  0.0    0 10.2 22 190   M    M   0 1      30 190
 2  66  42  54  13  11   0 0.21    M    M 10.2 20 290   M    M   5 1      23 210
 3  49  24  37  -4  28   0 0.00    M    M  8.4 22  20   M    M   7        28  10
 4  59  23  41  -1  24   0 0.00    M    M 10.6 29 260   M    M   3        41 270
 5  61  32  47   5  18   0 0.00    M    M  9.2 18  70   M    M   5        22 250
 6  55  28  42   0  23   0 0.01    M    0  7.4 17  40   M    M   6 12     23  30
 7  44  37  41  -2  24   0 0.05    M    0 14.6 23  40   M    M  10 18     29  50
 8  43  38  41  -2  24   0 0.39    M    0 11.4 24  80   M    M  10 123    27 100
 9  61  38  50   7  15   0 1.82    M    0  9.8 37 240   M    M   8 123    48 250
10  58  38  48   4  17   0 0.04    M    0 15.3 36 250   M    M   7 13     47 250
11  62  36  49   5  16   0 0.00  0.0    0  9.2 16 250   M    M   0        21 280
12  68  40  54  10  11   0    T    M    0 10.0 21 200   M    M   3        25 190
13  66  43  55  10  10   0 0.14  0.0    0 11.1 24 280   M    M   4 1      31 290
14  66  37  52   7  13   0 0.00  0.0    0  5.7 13 120   M    M   0        15 120
15  61  34  48   2  17   0 0.00  0.0    0 10.5 18 110   M    M   0        23 110
16  63  43  53   7  12   0 0.00    M    M  7.7 21 130   M    M   6        26 130
17  78  41  60  14   5   0 0.00    M    M  6.4 18 100   M    M   2 8      22 100
18  58  43  51   4  14   0 0.00  0.0    0 12.1 24  30   M    M   0 8      33  40
19  63  43  53   6  12   0 0.47    M    0 11.2 20  60   M    M   5 1      24  60
20  52  41  47   0  18   0    T    M    M 16.0 29 270   M    M  10 18     39 260
21  49  36  43  -5  22   0    T    M    M 19.6 35 260   M    M   8        46 240
22  44  32  38 -10  27   0    T    M    M 13.2 25 290   M    M   8        34 280
================================================================================
SM 1293  798       378   0  3.13     0.0 239.8          M      107
================================================================================
AV 58.8 36.3                              10.9 FASTST   M    M   5    MAX(MPH)
                                 MISC ---->  # 37 240               # 48  250
================================================================================
NOTES:
# LAST OF SEVERAL OCCURRENCES

COLUMN 17 PEAK WIND IN M.P.H.

PRELIMINARY LOCAL CLIMATOLOGICAL DATA (WS FORM: F-6) , PAGE 2

                                          STATION:  KENOSHA WI
                                          MONTH:    APRIL
                                          YEAR:     2015
                                          LATITUDE:   42 35 N
                                          LONGITUDE:  87 56 W

[TEMPERATURE DATA]      [PRECIPITATION DATA]       SYMBOLS USED IN COLUMN 16

AVERAGE MONTHLY: 47.5   TOTAL FOR MONTH:   3.13    1 = FOG OR MIST
DPTR FM NORMAL:   3.2   DPTR FM NORMAL:    0.60    2 = FOG REDUCING VISIBILITY
HIGHEST:    78 ON 17    GRTST 24HR  2.20 ON  8- 9      TO 1/4 MILE OR LESS
LOWEST:     23 ON  4                               3 = THUNDER
                        SNOW, ICE PELLETS, HAIL    4 = ICE PELLETS
                        TOTAL MONTH:   0.0 INCH    5 = HAIL
                        GRTST 24HR     0.0         6 = FREEZING RAIN OR DRIZZLE
                        GRTST DEPTH:   0           7 = DUSTSTORM OR SANDSTORM:
                                                       VSBY 1/2 MILE OR LESS
                                                   8 = SMOKE OR HAZE
[NO. OF DAYS WITH]      [WEATHER - DAYS WITH]      9 = BLOWING SNOW
                                                   X = TORNADO
MAX 32 OR BELOW:   0    0.01 INCH OR MORE:   8
MAX 90 OR ABOVE:   0    0.10 INCH OR MORE:   5
MIN 32 OR BELOW:   6    0.50 INCH OR MORE:   1
MIN  0 OR BELOW:   0    1.00 INCH OR MORE:   1

[HDD (BASE 65) ]
TOTAL THIS MO.   378    CLEAR  (SCALE 0-3)   7
DPTR FM NORMAL   -79    PTCLDY (SCALE 4-7)  11
TOTAL FM JUL 1  6921    CLOUDY (SCALE 8-10)  4
DPTR FM NORMAL   440

[CDD (BASE 65) ]
TOTAL THIS MO.     0
DPTR FM NORMAL     0    [PRESSURE DATA]
TOTAL FM JAN 1     0    HIGHEST SLP M ON M
DPTR FM NORMAL     0    LOWEST  SLP 29.23 ON 20

[REMARKS]
