000
CXUS52 KMFL 281000
CF6FLL
PRELIMINARY LOCAL CLIMATOLOGICAL DATA (WS FORM: F-6)

                                          STATION:   FORT LAUDERDALE
                                          MONTH:     APRIL
                                          YEAR:      2015
                                          LATITUDE:   26  4 N
                                          LONGITUDE:  80  9 W

  TEMPERATURE IN F:       :PCPN:    SNOW:  WIND      :SUNSHINE: SKY     :PK WND
================================================================================
1   2   3   4   5  6A  6B    7    8   9   10  11  12  13   14  15   16   17  18
                                     12Z  AVG MX 2MIN
DY MAX MIN AVG DEP HDD CDD  WTR  SNW DPTH SPD SPD DIR MIN PSBL S-S WX    SPD DR
================================================================================

 1  84  65  75   0   0  10 0.00  0.0    0  6.0 15 120   M    M   2        19 100
 2  82  66  74  -1   0   9 0.00  0.0    0  8.0 14 120   M    M   4        18 110
 3  82  73  78   3   0  13 0.00  0.0    0 11.0 20 130   M    M   2        24 150
 4  83  69  76   1   0  11 0.00  0.0    0  7.2 15 100   M    M   2        19 120
 5  83  69  76   1   0  11 0.00  0.0    0  7.7 16 110   M    M   3        22 120
 6  84  74  79   4   0  14 0.00  0.0    0 12.2 18 100   M    M   4        22 100
 7  84  74  79   4   0  14 0.01  0.0    0 13.1 21 110   M    M   6        26 110
 8  84  75  80   5   0  15 0.00  0.0    0 12.7 18 100   M    M   6        26  90
 9  84  76  80   4   0  15    T  0.0    0 14.6 20 110   M    M   5        25 110
10  85  77  81   5   0  16 0.00  0.0    0 13.1 20 110   M    M   5        27 130
11  85  77  81   5   0  16 0.00  0.0    0 11.8 20 130   M    M   5        25 140
12  85  77  81   5   0  16 0.02  0.0    0 13.3 20 130   M    M   6        26 150
13  85  77  81   5   0  16 0.00  0.0    0 13.9 21 130   M    M   3        27 140
14  85  77  81   5   0  16 0.00  0.0    0 12.6 18 140   M    M   4        24 120
15  86  78  82   6   0  17 0.00  0.0    0 11.8 21 140   M    M   5        25 140
16  86  75  81   5   0  16 0.28  0.0    0 10.0 20 120   M    M   6 18X    25 130
17  88  76  82   6   0  17    T  0.0    0  7.0 21 140   M    M   5 8      25 130
18  90  77  84   8   0  19    T  0.0    0  6.9 20 140   M    M   5 3      24 140
19  89  77  83   6   0  18 0.00  0.0    0  8.6 21 140   M    M   5        24 160
20  88  78  83   6   0  18 0.04  0.0    0  9.4 21 280   M    M   8        28 280
21  81  75  78   1   0  13 0.38  0.0    0  4.4 15 190   M    M   8 138    19 170
22  81  74  78   1   0  13 0.05  0.0    0  4.2  9 130   M    M   7        12 120
23  84  74  79   2   0  14 0.46  0.0    0  6.7 18 160   M    M   6 1      22 160
24  88  73  81   4   0  16 0.00  0.0    0  7.5 16  60   M    M   6        21  20
25  88  77  83   6   0  18 0.26  0.0    0 10.0 20 150   M    M   5 13     26 140
26  96  76  86   9   0  21 0.00  0.0    0 12.0 23 250   M    M   1        33 240
27  94  73  84   6   0  19 0.16  0.0    0 10.0 32 210   M    M   6 13     46 210
================================================================================
SM 2314 2009         0 411  1.66     0.0 265.7          M      130
================================================================================
AV 85.7 74.4                               9.8 FASTST   M    M   5    MAX(MPH)
                                 MISC ---->  # 32 210               # 46  210
================================================================================
NOTES:
# LAST OF SEVERAL OCCURRENCES

COLUMN 17 PEAK WIND IN M.P.H.

PRELIMINARY LOCAL CLIMATOLOGICAL DATA (WS FORM: F-6) , PAGE 2

                                          STATION:  FORT LAUDERDALE
                                          MONTH:    APRIL
                                          YEAR:     2015
                                          LATITUDE:   26  4 N
                                          LONGITUDE:  80  9 W

[TEMPERATURE DATA]      [PRECIPITATION DATA]       SYMBOLS USED IN COLUMN 16

AVERAGE MONTHLY: 80.1   TOTAL FOR MONTH:   1.66    1 = FOG OR MIST
DPTR FM NORMAL:   4.0   DPTR FM NORMAL:   -1.04    2 = FOG REDUCING VISIBILITY
HIGHEST:    96 ON 26    GRTST 24HR  0.46 ON 23-23      TO 1/4 MILE OR LESS
LOWEST:     65 ON  1                               3 = THUNDER
                        SNOW, ICE PELLETS, HAIL    4 = ICE PELLETS
                        TOTAL MONTH:   0.0 INCH    5 = HAIL
                        GRTST 24HR     0.0         6 = FREEZING RAIN OR DRIZZLE
                        GRTST DEPTH:   0           7 = DUSTSTORM OR SANDSTORM:
                                                       VSBY 1/2 MILE OR LESS
                                                   8 = SMOKE OR HAZE
[NO. OF DAYS WITH]      [WEATHER - DAYS WITH]      9 = BLOWING SNOW
                                                   X = TORNADO
MAX 32 OR BELOW:   0    0.01 INCH OR MORE:   9
MAX 90 OR ABOVE:   3    0.10 INCH OR MORE:   5
MIN 32 OR BELOW:   0    0.50 INCH OR MORE:   0
MIN  0 OR BELOW:   0    1.00 INCH OR MORE:   0

[HDD (BASE 65) ]
TOTAL THIS MO.     0    CLEAR  (SCALE 0-3)   4
DPTR FM NORMAL     0    PTCLDY (SCALE 4-7)  22
TOTAL FM JUL 1    97    CLOUDY (SCALE 8-10)  1
DPTR FM NORMAL   -14

[CDD (BASE 65) ]
TOTAL THIS MO.   411
DPTR FM NORMAL   113    [PRESSURE DATA]
TOTAL FM JAN 1  1024    HIGHEST SLP M ON M
DPTR FM NORMAL   116    LOWEST  SLP 29.75 ON 27

[REMARKS]
