000
CXUS54 KEWX 250910
CF6GYB
PRELIMINARY LOCAL CLIMATOLOGICAL DATA (WS FORM: F-6)

                                          STATION:   Giddings-Lee County Airport
                                          MONTH:     APRIL
                                          YEAR:      2015
                                          LATITUDE:   30 10 N
                                          LONGITUDE:  96 59 W

  TEMPERATURE IN F:       :PCPN:    SNOW:  WIND      :SUNSHINE: SKY     :PK WND
================================================================================
1   2   3   4   5  6A  6B    7    8   9   10  11  12  13   14  15   16   17  18
                                     12Z  AVG MX 2MIN
DY MAX MIN AVG DEP HDD CDD  WTR  SNW DPTH SPD SPD DIR MIN PSBL S-S WX    SPD DR
================================================================================

 1  78  67  73   M   0   8 0.02  0.0    0  6.4 12 180   M    M   8        17 180
 2  82  68  75   M   0  10 0.00  0.0    0  8.8 14 210   M    M   7 18     20 190
 3  83  67  75   M   0  10 0.00  0.0    0  7.0 13  10   M    M   7 18     20  10
 4  67  57  62   M   3   0 0.00    M    0  8.3 14  20   M    M   9        25  20
 5  67  59  63   M   2   0 0.01    M    0  2.8  8  80   M    M  10 1       M  M
 6  82  67  75   M   0  10 0.00  0.0    0  8.0 16 200   M    M   5 1      24 200
 7  85  67  76   M   0  11 0.00  0.0    0  9.0 13 170   M    M   5 1      22 200
 8  80  69  75   M   0  10 0.00  0.0    0  8.5 14 190   M    M   6 18     22 190
 9  82  70  76   M   0  11 0.00  0.0    0  9.4 16 200   M    M   5 18     24 190
10  71  55  63   M   2   0 0.10  0.0    0  4.4  9  70   M    M   6 1      17  70
11  69  60  65   M   0   0 0.06  0.0    0  3.5  8  90   M    M   9 1       M  M
12  81  64  73   M   0   8 0.01  0.0    M  4.5  9 170   M    M   8 1       M  M
13  82  64  73   M   0   8 0.50  0.0    0  4.9 13 230   M    M   4        18 230
14  72  58  65   M   0   0 0.00    M    0  4.7 14 340   M    M   7        21 340
15  79  53  66   M   0   1 0.00    M    0  1.1  6 160   M    M   3         M  M
16  81  63  72   M   0   7 2.40  0.0    0  4.7 10 110   M    M   8 1      29 110
17  79  64  72   M   0   7 0.37  0.0    0  5.3 13  60   M    M   7         M  M
18  75  59  67   M   0   2 0.20  0.0    0  1.7  7 180   M    M   8 1       M  M
19  84  58  71   M   0   6 0.01  0.0    0  5.6 13 220   M    M   3 1      20 220
20  71  53  62   M   3   0 0.00  0.0    0  5.8 13  10   M    M   1        18 360
21  78  53  66   M   0   1 0.00  0.0    0  4.5 10 140   M    M   1 18      M  M
22  79  64  72   M   0   7 0.00  0.0    0  4.4  9 160   M    M   7 1      17 170
23  85  67  76   M   0  11 0.00  0.0    0  2.5  7 220   M    M   7 1       M  M
24  85  67  76   M   0  11 1.66    M    0  6.9 13 180   M    M   6 18     17 180
================================================================================
SM 1877 1493        10 139  5.34     0.0 132.7          M      147
================================================================================
AV 78.2 62.2                               5.5 FASTST   M    M   6    MAX(MPH)
                                 MISC ---->    16   M                 29    M
================================================================================
NOTES:
# LAST OF SEVERAL OCCURRENCES

COLUMN 17 PEAK WIND IN M.P.H.

PRELIMINARY LOCAL CLIMATOLOGICAL DATA (WS FORM: F-6) , PAGE 2

                                          STATION:  Giddings-Lee County Airport
                                          MONTH:    APRIL
                                          YEAR:     2015
                                          LATITUDE:   30 10 N
                                          LONGITUDE:  96 59 W

[TEMPERATURE DATA]      [PRECIPITATION DATA]       SYMBOLS USED IN COLUMN 16

AVERAGE MONTHLY: 70.2   TOTAL FOR MONTH:   5.34    1 = FOG OR MIST
DPTR FM NORMAL:     M   DPTR FM NORMAL:       M    2 = FOG REDUCING VISIBILITY
HIGHEST:    85 ON 24,23 GRTST 24HR  2.40 ON 16-16      TO 1/4 MILE OR LESS
LOWEST:     53 ON 21,20                            3 = THUNDER
                        SNOW, ICE PELLETS, HAIL    4 = ICE PELLETS
                        TOTAL MONTH:   0.0 INCH    5 = HAIL
                        GRTST 24HR     0.0         6 = FREEZING RAIN OR DRIZZLE
                        GRTST DEPTH:   0           7 = DUSTSTORM OR SANDSTORM:
                                                       VSBY 1/2 MILE OR LESS
                                                   8 = SMOKE OR HAZE
[NO. OF DAYS WITH]      [WEATHER - DAYS WITH]      9 = BLOWING SNOW
                                                   X = TORNADO
MAX 32 OR BELOW:   0    0.01 INCH OR MORE:  11
MAX 90 OR ABOVE:   0    0.10 INCH OR MORE:   6
MIN 32 OR BELOW:   0    0.50 INCH OR MORE:   3
MIN  0 OR BELOW:   0    1.00 INCH OR MORE:   2

[HDD (BASE 65) ]
TOTAL THIS MO.    10    CLEAR  (SCALE 0-3)   4
DPTR FM NORMAL     M    PTCLDY (SCALE 4-7)  17
TOTAL FM JUL 1  1840    CLOUDY (SCALE 8-10)  3
DPTR FM NORMAL     M

[CDD (BASE 65) ]
TOTAL THIS MO.   139
DPTR FM NORMAL     M    [PRESSURE DATA]
TOTAL FM JAN 1   180    HIGHEST SLP M ON M
DPTR FM NORMAL     M    LOWEST  SLP M ON M

[REMARKS]
