000
CXUS54 KFWD 180730
CF6GYI
PRELIMINARY LOCAL CLIMATOLOGICAL DATA (WS FORM: F-6)

                                          STATION:   SHERMAN DENISON
                                          MONTH:     APRIL
                                          YEAR:      2015
                                          LATITUDE:   33 42 N
                                          LONGITUDE:  96 40 W

  TEMPERATURE IN F:       :PCPN:    SNOW:  WIND      :SUNSHINE: SKY     :PK WND
================================================================================
1   2   3   4   5  6A  6B    7    8   9   10  11  12  13   14  15   16   17  18
                                     12Z  AVG MX 2MIN
DY MAX MIN AVG DEP HDD CDD  WTR  SNW DPTH SPD SPD DIR MIN PSBL S-S WX    SPD DR
================================================================================

 1  78  65  72  13   0   7 0.04  0.0    0 11.1 23 180   M    M   4 13     27 160
 2  85  68  77  18   0  12 0.00  0.0    0 20.1 24 180   M    M   4        31 190
 3  74  52  63   4   2   0 0.00  0.0    0 16.3 23 350   M    M   2        31 350
 4  68  44  56  -3   9   0    T  0.0    0  8.4 15  30   M    M   1        23  20
 5  57  50  54  -6  11   0 0.55  0.0    0  9.2 14 130   M    M  10 1      18 120
 6  83  57  70  10   0   5 0.01  0.0    0 13.0 23 180   M    M   6 13     29 180
 7  82  69  76  16   0  11 0.00  0.0    0 13.5 20 180   M    M   4        28 190
 8  78  67  73  13   0   8 0.00  0.0    0 15.5 23 170   M    M   3        31 170
 9  82  60  71  10   0   6 0.00  0.0    0 15.0 36 170   M    M   3        45 170
10  71  49  60  -1   5   0 0.00  0.0    0  7.8 15  10   M    M   0        23 360
11  75  49  62   1   3   0 0.00  0.0    0  7.3 12 130   M    M   1        20 110
12  78  62  70   9   0   5 0.00  0.0    0 10.6 14 130   M    M   7        18 130
13  71  58  65   3   0   0 1.66  0.0    0 12.8 24  20   M    M  10 3      44  20
14  61  54  58  -4   7   0 0.02  0.0    0  7.7 15 360   M    M  10 1      21 360
15  72  56  64   2   1   0 0.00  0.0    0  5.0 10 120   M    M   6 1       M  M
16  77  56  67   5   0   2 0.00  0.0    0  8.5 10 130   M    M   3        17 120
17  75  58  67   4   0   2 0.95  0.0    0  5.1 10 110   M    M   6 3       M  M
================================================================================
SM 1267  974        38  58  3.23     0.0 186.9          M       80
================================================================================
AV 74.5 57.3                              11.0 FASTST   M    M   5    MAX(MPH)
                                 MISC ---->    36   M                 45    M
================================================================================
NOTES:
# LAST OF SEVERAL OCCURRENCES

COLUMN 17 PEAK WIND IN M.P.H.

PRELIMINARY LOCAL CLIMATOLOGICAL DATA (WS FORM: F-6) , PAGE 2

                                          STATION:  SHERMAN DENISON
                                          MONTH:    APRIL
                                          YEAR:     2015
                                          LATITUDE:   33 42 N
                                          LONGITUDE:  96 40 W

[TEMPERATURE DATA]      [PRECIPITATION DATA]       SYMBOLS USED IN COLUMN 16

AVERAGE MONTHLY: 65.9   TOTAL FOR MONTH:   3.23    1 = FOG OR MIST
DPTR FM NORMAL:   5.3   DPTR FM NORMAL:    1.42    2 = FOG REDUCING VISIBILITY
HIGHEST:    85 ON  2    GRTST 24HR  1.66 ON 13-13      TO 1/4 MILE OR LESS
LOWEST:     44 ON  4                               3 = THUNDER
                        SNOW, ICE PELLETS, HAIL    4 = ICE PELLETS
                        TOTAL MONTH:   0.0 INCH    5 = HAIL
                        GRTST 24HR     0.0         6 = FREEZING RAIN OR DRIZZLE
                        GRTST DEPTH:   0           7 = DUSTSTORM OR SANDSTORM:
                                                       VSBY 1/2 MILE OR LESS
                                                   8 = SMOKE OR HAZE
[NO. OF DAYS WITH]      [WEATHER - DAYS WITH]      9 = BLOWING SNOW
                                                   X = TORNADO
MAX 32 OR BELOW:   0    0.01 INCH OR MORE:   6
MAX 90 OR ABOVE:   0    0.10 INCH OR MORE:   3
MIN 32 OR BELOW:   0    0.50 INCH OR MORE:   3
MIN  0 OR BELOW:   0    1.00 INCH OR MORE:   1

[HDD (BASE 65) ]
TOTAL THIS MO.    38    CLEAR  (SCALE 0-3)   7
DPTR FM NORMAL   -60    PTCLDY (SCALE 4-7)   7
TOTAL FM JUL 1  2641    CLOUDY (SCALE 8-10)  3
DPTR FM NORMAL  -168

[CDD (BASE 65) ]
TOTAL THIS MO.    58
DPTR FM NORMAL    33    [PRESSURE DATA]
TOTAL FM JAN 1    87    HIGHEST SLP M ON M
DPTR FM NORMAL    46    LOWEST  SLP M ON M

[REMARKS]
