000
CXUS53 KDLH 270636
CF6INL
PRELIMINARY LOCAL CLIMATOLOGICAL DATA (WS FORM: F-6)

                                          STATION:   INTERNATIONAL FALLS MN
                                          MONTH:     APRIL
                                          YEAR:      2015
                                          LATITUDE:   48 34 N
                                          LONGITUDE:  93 23 W

  TEMPERATURE IN F:       :PCPN:    SNOW:  WIND      :SUNSHINE: SKY     :PK WND
================================================================================
1   2   3   4   5  6A  6B    7    8   9   10  11  12  13   14  15   16   17  18
                                     12Z  AVG MX 2MIN
DY MAX MIN AVG DEP HDD CDD  WTR  SNW DPTH SPD SPD DIR MIN PSBL S-S WX    SPD DR
================================================================================

 1  65  32  49  17  16   0    T  0.0    0 10.5 21 140   M    M   2        28 150
 2  53  25  39   7  26   0 0.02    T    0 15.4 29 310   M    M   6        41 240
 3  31  14  23 -10  42   0    T    T    0  9.4 22 330   M    M   6        27 320
 4  35  13  24 -10  41   0    T    T    0  8.9 20 310   M    M   5 1      27 300
 5  38   7  23 -11  42   0 0.00  0.0    0  4.2 13  30   M    M   0        16  20
 6  38  19  29  -5  36   0 0.00  0.0    0  5.6 15 110   M    M   0 8      19 100
 7  46  21  34  -1  31   0 0.24  2.0    2 10.2 22 100   M    M   5 18     29 130
 8  39  27  33  -3  32   0    T    T    2  4.1  9 110   M    M  10 1      10  30
 9  53  29  41   5  24   0 0.00  0.0    0  4.4 12  20   M    M   5 8      16  10
10  52  25  39   2  26   0 0.00  0.0    0  8.2 17 340   M    M   2        26 340
11  68  22  45   8  20   0 0.00  0.0    0  7.4 18 210   M    M   2        25 140
12  70  48  59  21   6   0    T  0.0    0 10.6 21 310   M    M   3 3      29 230
13  56  34  45   7  20   0    T  0.0    0 13.2 33 310   M    M   3        43 330
14  65  27  46   7  19   0 0.00  0.0    0  8.3 16 320   M    M   0        21 280
15  72  37  55  16  10   0 0.00  0.0    0  9.4 24 210   M    M   0        36 220
16  67  28  48   8  17   0 0.00  0.0    0  7.5 20 330   M    M   4        24 250
17  72  23  48   8  17   0 0.00  0.0    0 10.1 30 300   M    M   0        40 300
18  63  25  44   3  21   0 0.00  0.0    0 10.0 21 140   M    M   0        28 140
19  45  33  39  -2  26   0 0.28  0.0    0  6.4 18 300   M    M   9 1      25 260
20  35  29  32 -10  33   0 0.06  0.4    T 12.9 21 290   M    M  10 18     27 300
21  31  26  29 -13  36   0 0.09  1.9    1 16.4 24 350   M    M  10 18     31 350
22  40  22  31 -12  34   0 0.00  0.0    2 12.8 23 340   M    M   5        30 340
23  47  16  32 -11  33   0 0.00  0.0    T  5.5 15 320   M    M   0        20 310
24  42  21  32 -12  33   0    T    T    T  7.8 13 110   M    M   9        16 110
25  56  34  45   1  20   0 0.00  0.0    T  8.1 16  60   M    M   4        21  50
26  60  23  42  -2  23   0 0.00  0.0    0  2.7 13  10   M    M   0        16  40
================================================================================
SM 1339  660       684   0  0.69     4.3 230.0          M      100
================================================================================
AV 51.5 25.4                               8.8 FASTST   M    M   4    MAX(MPH)
                                 MISC ---->  # 33 310               # 43  330
================================================================================
NOTES:
# LAST OF SEVERAL OCCURRENCES

COLUMN 17 PEAK WIND IN M.P.H.

PRELIMINARY LOCAL CLIMATOLOGICAL DATA (WS FORM: F-6) , PAGE 2

                                          STATION:  INTERNATIONAL FALLS MN
                                          MONTH:    APRIL
                                          YEAR:     2015
                                          LATITUDE:   48 34 N
                                          LONGITUDE:  93 23 W

[TEMPERATURE DATA]      [PRECIPITATION DATA]       SYMBOLS USED IN COLUMN 16

AVERAGE MONTHLY: 38.4   TOTAL FOR MONTH:   0.69    1 = FOG OR MIST
DPTR FM NORMAL:   0.1   DPTR FM NORMAL:   -0.56    2 = FOG REDUCING VISIBILITY
HIGHEST:    72 ON 17,15 GRTST 24HR  0.28 ON 19-19      TO 1/4 MILE OR LESS
LOWEST:      7 ON  5                               3 = THUNDER
                        SNOW, ICE PELLETS, HAIL    4 = ICE PELLETS
                        TOTAL MONTH:   4.3 INCHES  5 = HAIL
                        GRTST 24HR   2.0 ON  7- 7  6 = FREEZING RAIN OR DRIZZLE
                        GRTST DEPTH:   2 ON 22, 8  7 = DUSTSTORM OR SANDSTORM:
                                                       VSBY 1/2 MILE OR LESS
                                                   8 = SMOKE OR HAZE
[NO. OF DAYS WITH]      [WEATHER - DAYS WITH]      9 = BLOWING SNOW
                                                   X = TORNADO
MAX 32 OR BELOW:   2    0.01 INCH OR MORE:   5
MAX 90 OR ABOVE:   0    0.10 INCH OR MORE:   2
MIN 32 OR BELOW:  21    0.50 INCH OR MORE:   0
MIN  0 OR BELOW:   0    1.00 INCH OR MORE:   0

[HDD (BASE 65) ]
TOTAL THIS MO.   684    CLEAR  (SCALE 0-3)  13
DPTR FM NORMAL    -9    PTCLDY (SCALE 4-7)   8
TOTAL FM JUL 1  9607    CLOUDY (SCALE 8-10)  5
DPTR FM NORMAL    48

[CDD (BASE 65) ]
TOTAL THIS MO.     0
DPTR FM NORMAL     0    [PRESSURE DATA]
TOTAL FM JAN 1     0    HIGHEST SLP M ON M
DPTR FM NORMAL     0    LOWEST  SLP 29.38 ON 21

[REMARKS]
