000
CXUS55 KPUB 281059
CF6LAA
PRELIMINARY LOCAL CLIMATOLOGICAL DATA (WS FORM: F-6)

                                          STATION:   LAMAR CO
                                          MONTH:     APRIL
                                          YEAR:      2015
                                          LATITUDE:   38  4 N
                                          LONGITUDE: 102 41 W

  TEMPERATURE IN F:       :PCPN:    SNOW:  WIND      :SUNSHINE: SKY     :PK WND
================================================================================
1   2   3   4   5  6A  6B    7    8   9   10  11  12  13   14  15   16   17  18
                                     12Z  AVG MX 2MIN
DY MAX MIN AVG DEP HDD CDD  WTR  SNW DPTH SPD SPD DIR MIN PSBL S-S WX    SPD DR
================================================================================

 1  85  33  59  11   6   0    T    M    0 10.5 54 350   M    M   0        67 350
 2  73  36  55   7  10   0 0.00  0.0    0 16.4 47  20   M    M   2        61  10
 3  55  36  46  -2  19   0 0.00  0.0    0  9.4 18 160   M    M   8 8      25  20
 4  73  36  55   6  10   0 0.00  0.0    0 19.1 30 200   M    M   1        36 210
 5  82  37  60  11   5   0 0.00  0.0    0  6.8 17 230   M    M   0        20 230
 6  85  34  60  11   5   0 0.00  0.0    0  9.6 29 230   M    M   0        44 250
 7  77  33  55   5  10   0 0.00  0.0    0 11.2 25 110   M    M   0        34 110
 8  86  44  65  15   0   0 0.00  0.0    0 15.9 39  10   M    M   3 18     47  10
 9  58  29  44  -6  21   0 0.00  0.0    0 13.5 29 350   M    M   1 8      37  20
10  71  24  48  -2  17   0 0.01  0.0    0 12.3 26 160   M    M   0 3      34 180
11  77  37  57   6   8   0 0.00  0.0    0 12.7 33 150   M    M   0 1      43 150
12  81  39  60   9   5   0 0.00  0.0    0 12.4 31  10   M    M   0 18     38  10
13  67  36  52   1  13   0 0.00  0.0    0  8.7 18 150   M    M   0 8      25 140
14  74  38  56   4   9   0 0.00  0.0    0 19.1 31 160   M    M   0        39 150
15  82  42  62  10   3   0 0.00  0.0    0 12.8 25 180   M    M   1 8      37 310
16  64  40  52   0  13   0 0.54    M    M 12.4 25  40   M    M   7 13     33  40
17  70  39  55   2  10   0 0.01  0.0    0 10.9 24 290   M    M   5 1      33 280
18  60  38  49  -4  16   0 0.20  0.0    0  9.3 25 270   M    M   5 1      31 270
19  57  40  49  -4  16   0 0.19  0.0    0 17.6 37 360   M    M   6 1      46 360
20  62  40  51  -3  14   0    T  0.0    0  4.5 14 250   M    M   7        18 270
21  75  36  56   2   9   0    T  0.0    0  7.7 22  70   M    M   1        29  60
22  67  34  51  -3  14   0 0.00  0.0    0 10.4 23  60   M    M   0        28 160
23  75  41  58   4   7   0 0.00  0.0    0 10.6 23 130   M    M   1 13     36 140
24  74  47  61   6   4   0    T  0.0    0  6.6 25  40   M    M   4 138    30  50
25  78  43  61   6   4   0 0.00  0.0    0 10.9 24 110   M    M   1        32 120
26  55  44  50  -6  15   0 0.06  0.0    0 16.5 25  80   M    M  10 1      31 120
27  59  39  49  -7  16   0 0.05  0.0    0 13.8 29  40   M    M   6 18     37  40
================================================================================
SM 1922 1015       279   0  1.06     0.0 321.6          M       69
================================================================================
AV 71.2 37.6                              11.9 FASTST   M    M   3    MAX(MPH)
                                 MISC ---->  # 54 350               # 67  350
================================================================================
NOTES:
# LAST OF SEVERAL OCCURRENCES

COLUMN 17 PEAK WIND IN M.P.H.

PRELIMINARY LOCAL CLIMATOLOGICAL DATA (WS FORM: F-6) , PAGE 2

                                          STATION:  LAMAR CO
                                          MONTH:    APRIL
                                          YEAR:     2015
                                          LATITUDE:   38  4 N
                                          LONGITUDE: 102 41 W

[TEMPERATURE DATA]      [PRECIPITATION DATA]       SYMBOLS USED IN COLUMN 16

AVERAGE MONTHLY: 54.4   TOTAL FOR MONTH:   1.06    1 = FOG OR MIST
DPTR FM NORMAL:   2.6   DPTR FM NORMAL:   -0.10    2 = FOG REDUCING VISIBILITY
HIGHEST:    86 ON  8    GRTST 24HR  0.55 ON 16-17      TO 1/4 MILE OR LESS
LOWEST:     24 ON 10                               3 = THUNDER
                        SNOW, ICE PELLETS, HAIL    4 = ICE PELLETS
                        TOTAL MONTH:   0.0 INCH    5 = HAIL
                        GRTST 24HR     0.0         6 = FREEZING RAIN OR DRIZZLE
                        GRTST DEPTH:   0           7 = DUSTSTORM OR SANDSTORM:
                                                       VSBY 1/2 MILE OR LESS
                                                   8 = SMOKE OR HAZE
[NO. OF DAYS WITH]      [WEATHER - DAYS WITH]      9 = BLOWING SNOW
                                                   X = TORNADO
MAX 32 OR BELOW:   0    0.01 INCH OR MORE:   7
MAX 90 OR ABOVE:   0    0.10 INCH OR MORE:   3
MIN 32 OR BELOW:   2    0.50 INCH OR MORE:   1
MIN  0 OR BELOW:   0    1.00 INCH OR MORE:   0

[HDD (BASE 65) ]
TOTAL THIS MO.   279    CLEAR  (SCALE 0-3)  18
DPTR FM NORMAL   -85    PTCLDY (SCALE 4-7)   8
TOTAL FM JUL 1  4904    CLOUDY (SCALE 8-10)  1
DPTR FM NORMAL  -469

[CDD (BASE 65) ]
TOTAL THIS MO.     0
DPTR FM NORMAL     0    [PRESSURE DATA]
TOTAL FM JAN 1     0    HIGHEST SLP M ON M
DPTR FM NORMAL     0    LOWEST  SLP 29.49 ON  8

[REMARKS]
