000
CXUS55 KLOX 251655
CF6LGB
PRELIMINARY LOCAL CLIMATOLOGICAL DATA (WS FORM: F-6)

                                          STATION:   LONG BEACH AIRPORT CA
                                          MONTH:     APRIL
                                          YEAR:      2015
                                          LATITUDE:   33 49 N
                                          LONGITUDE: 118  9 W

  TEMPERATURE IN F:       :PCPN:    SNOW:  WIND      :SUNSHINE: SKY     :PK WND
================================================================================
1   2   3   4   5  6A  6B    7    8   9   10  11  12  13   14  15   16   17  18
                                     12Z  AVG MX 2MIN
DY MAX MIN AVG DEP HDD CDD  WTR  SNW DPTH SPD SPD DIR MIN PSBL S-S WX    SPD DR
================================================================================

 1  76  56  66   5   0   1 0.00  0.0    0  4.9 17 300   M    M   1        20 280
 2  75  55  65   4   0   0 0.00  0.0    0  5.0 17 290   M    M   0        22 290
 3  86  56  71  10   0   6 0.00  0.0    0  6.2 17 290   M    M   0        21 290
 4  84  55  70   9   0   5 0.00  0.0    0  5.2 18 310   M    M   0        22 310
 5  69  56  63   2   2   0 0.00  0.0    0  7.7 16 300   M    M   3        23 140
 6  67  56  62   1   3   0 0.00  0.0    0  7.3 15 200   M    M   1        20 200
 7  66  51  59  -2   6   0 0.21  0.0    0  5.6 15 210   M    M   5 1      22 210
 8  71  50  61  -1   4   0 0.00  0.0    0  7.2 20 300   M    M   0        27 300
 9  74  52  63   1   2   0 0.00  0.0    0  4.1 15 300   M    M   0        21 300
10  72  53  63   1   2   0 0.00  0.0    0  5.3 16 310   M    M   1        20 310
11  74  54  64   2   1   0 0.00  0.0    0  4.6 14 280   M    M   0        18 290
12  73  56  65   3   0   0 0.00  0.0    0  5.1 12 290   M    M   1        18 250
13  78  59  69   7   0   4 0.00  0.0    0  5.7 15 300   M    M   2        18 300
14  74  59  67   5   0   2 0.00  0.0    0  6.0 17 290   M    M   4        21 310
15  84  55  70   8   0   5 0.00  0.0    0  5.9 21 290   M    M   0        25 270
16  81  55  68   6   0   3 0.00  0.0    0  6.1 21 310   M    M   0        24 310
17  83  54  69   6   0   4 0.00  0.0    0  7.3 22 280   M    M   0        28 290
18  78  54  66   3   0   1 0.00  0.0    0  6.0 13 300   M    M   0        15 300
19  76  55  66   3   0   1 0.00  0.0    0  5.5 15 300   M    M   0 18     18 310
20  70  58  64   1   1   0 0.00  0.0    0  5.8 14 210   M    M   5 8      19 210
21  67  59  63   0   2   0 0.00  0.0    0  5.5 12 300   M    M   7        16 220
22  67  54  61  -2   4   0 0.00  0.0    0  5.1 13 220   M    M   6        17 220
23  70  57  64   1   1   0 0.00  0.0    0  6.6 17 300   M    M   7        21 290
24  68  58  63  -1   2   0 0.00  0.0    0  5.1 12 180   M    M   9        15 160
================================================================================
SM 1783 1327        30  32  0.21     0.0 138.7          M       52
================================================================================
AV 74.3 55.3                               5.8 FASTST   M    M   2    MAX(MPH)
                                 MISC ---->  # 22 280               # 28  290
================================================================================
NOTES:
# LAST OF SEVERAL OCCURRENCES

COLUMN 17 PEAK WIND IN M.P.H.

PRELIMINARY LOCAL CLIMATOLOGICAL DATA (WS FORM: F-6) , PAGE 2

                                          STATION:  LONG BEACH AIRPORT CA
                                          MONTH:    APRIL
                                          YEAR:     2015
                                          LATITUDE:   33 49 N
                                          LONGITUDE: 118  9 W

[TEMPERATURE DATA]      [PRECIPITATION DATA]       SYMBOLS USED IN COLUMN 16

AVERAGE MONTHLY: 64.8   TOTAL FOR MONTH:   0.21    1 = FOG OR MIST
DPTR FM NORMAL:   2.7   DPTR FM NORMAL:   -0.31    2 = FOG REDUCING VISIBILITY
HIGHEST:    86 ON  3    GRTST 24HR  0.21 ON  6- 7      TO 1/4 MILE OR LESS
LOWEST:     50 ON  8                               3 = THUNDER
                        SNOW, ICE PELLETS, HAIL    4 = ICE PELLETS
                        TOTAL MONTH:   0.0 INCH    5 = HAIL
                        GRTST 24HR     0.0         6 = FREEZING RAIN OR DRIZZLE
                        GRTST DEPTH:   0           7 = DUSTSTORM OR SANDSTORM:
                                                       VSBY 1/2 MILE OR LESS
                                                   8 = SMOKE OR HAZE
[NO. OF DAYS WITH]      [WEATHER - DAYS WITH]      9 = BLOWING SNOW
                                                   X = TORNADO
MAX 32 OR BELOW:   0    0.01 INCH OR MORE:   1
MAX 90 OR ABOVE:   0    0.10 INCH OR MORE:   1
MIN 32 OR BELOW:   0    0.50 INCH OR MORE:   0
MIN  0 OR BELOW:   0    1.00 INCH OR MORE:   0

[HDD (BASE 65) ]
TOTAL THIS MO.    30    CLEAR  (SCALE 0-3)  17
DPTR FM NORMAL   -61    PTCLDY (SCALE 4-7)   6
TOTAL FM JUL 1   495    CLOUDY (SCALE 8-10)  1
DPTR FM NORMAL  -666

[CDD (BASE 65) ]
TOTAL THIS MO.    32
DPTR FM NORMAL     8    [PRESSURE DATA]
TOTAL FM JAN 1   187    HIGHEST SLP M ON M
DPTR FM NORMAL   145    LOWEST  SLP 29.78 ON 20

[REMARKS]
