000
CXUS55 KRIW 260903
CF6LND
PRELIMINARY LOCAL CLIMATOLOGICAL DATA (WS FORM: F-6)

                                          STATION:   LANDER WY
                                          MONTH:     APRIL
                                          YEAR:      2015
                                          LATITUDE:   42 49 N
                                          LONGITUDE: 108 44 W

  TEMPERATURE IN F:       :PCPN:    SNOW:  WIND      :SUNSHINE: SKY     :PK WND
================================================================================
1   2   3   4   5  6A  6B    7    8   9   10  11  12  13   14  15   16   17  18
                                     12Z  AVG MX 2MIN
DY MAX MIN AVG DEP HDD CDD  WTR  SNW DPTH SPD SPD DIR MIN PSBL S-S WX    SPD DR
================================================================================

 1  55  26  41   1  24   0 0.00  0.0    0  6.6 24 300   M    M   0        31 300
 2  40  24  32  -8  33   0 0.13  1.4    0  6.3 16 320   M    M   8 18     20  20
 3  49  15  32  -8  33   0    T  0.1    1  5.1 14 240   M    M   1 1      16 240
 4  60  23  42   1  23   0 0.00  0.0    0  7.1 29 230   M    M   0        37 260
 5  66  30  48   7  17   0 0.00  0.0    0  7.9 31 210   M    M   0        41 230
 6  64  33  49   8  16   0 0.00  0.0    0 10.9 31 260   M    M   2        41 260
 7  50  31  41  -1  24   0    T    T    0  5.9 16 290   M    M   5        22 230
 8  40  32  36  -6  29   0 0.76  1.2    1  7.9 25 330   M    M   9 128    31 350
 9  51  26  39  -3  26   0 0.00  0.0    1  5.7 13 330   M    M   1        16 310
10  59  30  45   3  20   0 0.00  0.0    0  4.9 13 250   M    M   0        15 250
11  65  35  50   8  15   0 0.00  0.0    0  8.6 28 260   M    M   1        34 260
12  57  35  46   3  19   0 0.00  0.0    0  9.3 28 330   M    M   0        35 320
13  67  30  49   6  16   0 0.00  0.0    0  6.7 22 130   M    M   0        25 120
14  74  39  57  14   8   0 0.00  0.0    0 15.2 45 190   M    M   2        54 190
15  45  31  38  -6  27   0 0.88  6.7    2  9.1 23  40   M    M   8 128    31  40
16  41  31  36  -8  29   0 0.05  0.9    6  5.7 12 250   M    M  10 1      15 310
17  56  33  45   1  20   0 0.00  0.0    1  6.0 15 330   M    M   5        21 320
18  62  31  47   3  18   0 0.01    T    0 11.3 30  10   M    M   4 1      37  10
19  50  34  42  -3  23   0    T  0.0    0  6.2 18  20   M    M   8 1      23  50
20  57  29  43  -2  22   0 0.00  0.0    0  4.2 12 230   M    M   1        16 130
21  64  31  48   3  17   0 0.00  0.0    0  5.6 24 330   M    M   2        32 320
22  69  35  52   6  13   0 0.00  0.0    0  6.5 17 230   M    M   1        25 240
23  67  43  55   9  10   0 0.00  0.0    0  6.7 29 300   M    M   4 3      32 310
24  66  36  51   5  14   0 0.00  0.0    0  8.4 32 270   M    M   2        39 270
25  60  40  50   3  15   0 0.02  0.0    0  6.6 20  20   M    M   4 1      24  30
================================================================================
SM 1434  783       511   0  1.85    10.3 184.4          M       78
================================================================================
AV 57.4 31.3                               7.4 FASTST   M    M   3    MAX(MPH)
                                 MISC ---->  # 45 190               # 54  190
================================================================================
NOTES:
# LAST OF SEVERAL OCCURRENCES

COLUMN 17 PEAK WIND IN M.P.H.

PRELIMINARY LOCAL CLIMATOLOGICAL DATA (WS FORM: F-6) , PAGE 2

                                          STATION:  LANDER WY
                                          MONTH:    APRIL
                                          YEAR:     2015
                                          LATITUDE:   42 49 N
                                          LONGITUDE: 108 44 W

[TEMPERATURE DATA]      [PRECIPITATION DATA]       SYMBOLS USED IN COLUMN 16

AVERAGE MONTHLY: 44.3   TOTAL FOR MONTH:   1.85    1 = FOG OR MIST
DPTR FM NORMAL:   1.2   DPTR FM NORMAL:    0.36    2 = FOG REDUCING VISIBILITY
HIGHEST:    74 ON 14    GRTST 24HR  0.91 ON 15-16      TO 1/4 MILE OR LESS
LOWEST:     15 ON  3                               3 = THUNDER
                        SNOW, ICE PELLETS, HAIL    4 = ICE PELLETS
                        TOTAL MONTH:  10.3 INCHES  5 = HAIL
                        GRTST 24HR   6.7 ON   M    6 = FREEZING RAIN OR DRIZZLE
                        GRTST DEPTH:   6 ON 16     7 = DUSTSTORM OR SANDSTORM:
                                                       VSBY 1/2 MILE OR LESS
                                                   8 = SMOKE OR HAZE
[NO. OF DAYS WITH]      [WEATHER - DAYS WITH]      9 = BLOWING SNOW
                                                   X = TORNADO
MAX 32 OR BELOW:   0    0.01 INCH OR MORE:   6
MAX 90 OR ABOVE:   0    0.10 INCH OR MORE:   3
MIN 32 OR BELOW:  15    0.50 INCH OR MORE:   2
MIN  0 OR BELOW:   0    1.00 INCH OR MORE:   0

[HDD (BASE 65) ]
TOTAL THIS MO.   511    CLEAR  (SCALE 0-3)  15
DPTR FM NORMAL   -36    PTCLDY (SCALE 4-7)   6
TOTAL FM JUL 1  6400    CLOUDY (SCALE 8-10)  4
DPTR FM NORMAL  -766

[CDD (BASE 65) ]
TOTAL THIS MO.     0
DPTR FM NORMAL     0    [PRESSURE DATA]
TOTAL FM JAN 1     0    HIGHEST SLP M ON M
DPTR FM NORMAL     0    LOWEST  SLP 29.59 ON 25

[REMARKS]
