000
CXUS54 KEPZ 251200
CF6SRR
PRELIMINARY LOCAL CLIMATOLOGICAL DATA (WS FORM: F-6)

                                          STATION:   RUIDOSO        AWOS
                                          MONTH:     APRIL
                                          YEAR:      2015
                                          LATITUDE:   33 28 N
                                          LONGITUDE: 105 32 W

  TEMPERATURE IN F:       :PCPN:    SNOW:  WIND      :SUNSHINE: SKY     :PK WND
================================================================================
1   2   3   4   5  6A  6B    7    8   9   10  11  12  13   14  15   16   17  18
                                     12Z  AVG MX 2MIN
DY MAX MIN AVG DEP HDD CDD  WTR  SNW DPTH SPD SPD DIR MIN PSBL S-S WX    SPD DR
================================================================================

 1  68  45  57   M   8   0 0.00  0.0    0 13.7 21 260   M    M   0        30 260
 2  68  48  58   M   7   0 0.00  0.0    0 18.2 35 240   M    M   0        45 240
 3  55  37  46   M  19   0 0.00  0.0    0 11.7 18 300   M    M   0 8      25 280
 4  54  32  43   M  22   0 0.00  0.0    0  8.8 15 110   M    M   2        21 120
 5  66  37  52   M  13   0 0.00  0.0    0 11.7 25 230   M    M   0        35 230
 6  68  52  60   M   5   0 0.00  0.0    0 12.3 25 240   M    M   0        38 250
 7  66  54  60   M   5   0 0.00  0.0    0 17.0 30 230   M    M   0        44 240
 8  68  54  61   M   4   0 0.00  0.0    0 25.8 50 230   M    M   0        62 230
 9  64  39  52   M  13   0 0.00  0.0    0 12.6 29 240   M    M   0        41 300
10  63  34  49   M  16   0 0.00  0.0    0  8.9 20 140   M    M   2        23 120
11  68  41  55   M  10   0 0.00  0.0    0  9.0 22 190   M    M   0        29 200
12  57  41  49   M  16   0 0.01    M    0 11.1 21 230   M    M   7        29 350
13  48  37  43   M  22   0    M  0.0    0  8.1 22  90   M    M   7 1      33  70
14  63  36  50   M  15   0 0.00  0.0    M  6.6 16 220   M    M   0         M  M
15  64  46  55   M  10   0 0.00  0.0    0 16.9 32 230   M    M   0        48 230
16  59  37  48   M  17   0 0.00  0.0    0 22.3 44 230   M    M   1        54 230
17  54  32  43   M  22   0 0.00  0.0    0 10.0 25 240   M    M   0        35 230
18  59  32  46   M  19   0 0.00  0.0    0 12.3 28 260   M    M   1        35 300
19  59  41  50   M  15   0 0.00  0.0    0  9.8 20 140   M    M   2        24 290
20  66  36  51   M  14   0 0.00  0.0    0  7.5 20 250   M    M   1 8      25 250
21  68  43  56   M   9   0 0.00  0.0    0  8.7 18 120   M    M   1        28 120
22  66  45  56   M   9   0 0.00  0.0    0 12.2 23 220   M    M   0        32 230
23  66  41  54   M  11   0 0.00  0.0    0 11.4 27 230   M    M   1 3      33 230
24  57  39  48   M  17   0 0.00  0.0    0 15.5 28 230   M    M   3        37 240
================================================================================
SM 1494  979       318   0  0.01     0.0 302.1          M       28
================================================================================
AV 62.2 40.8                              12.6 FASTST   M    M   1    MAX(MPH)
                                 MISC ---->  # 50 230                 62    M
================================================================================
NOTES:
# LAST OF SEVERAL OCCURRENCES

COLUMN 17 PEAK WIND IN M.P.H.

PRELIMINARY LOCAL CLIMATOLOGICAL DATA (WS FORM: F-6) , PAGE 2

                                          STATION:  RUIDOSO        AWOS
                                          MONTH:    APRIL
                                          YEAR:     2015
                                          LATITUDE:   33 28 N
                                          LONGITUDE: 105 32 W

[TEMPERATURE DATA]      [PRECIPITATION DATA]       SYMBOLS USED IN COLUMN 16

AVERAGE MONTHLY: 51.5   TOTAL FOR MONTH:   0.01    1 = FOG OR MIST
DPTR FM NORMAL:     M   DPTR FM NORMAL:       M    2 = FOG REDUCING VISIBILITY
HIGHEST:    68 ON 21,11 GRTST 24HR  0.01 ON 12-12      TO 1/4 MILE OR LESS
LOWEST:     32 ON 18,17                            3 = THUNDER
                        SNOW, ICE PELLETS, HAIL    4 = ICE PELLETS
                        TOTAL MONTH:   0.0 INCH    5 = HAIL
                        GRTST 24HR     0.0         6 = FREEZING RAIN OR DRIZZLE
                        GRTST DEPTH:   0           7 = DUSTSTORM OR SANDSTORM:
                                                       VSBY 1/2 MILE OR LESS
                                                   8 = SMOKE OR HAZE
[NO. OF DAYS WITH]      [WEATHER - DAYS WITH]      9 = BLOWING SNOW
                                                   X = TORNADO
MAX 32 OR BELOW:   0    0.01 INCH OR MORE:   1
MAX 90 OR ABOVE:   0    0.10 INCH OR MORE:   0
MIN 32 OR BELOW:   3    0.50 INCH OR MORE:   0
MIN  0 OR BELOW:   0    1.00 INCH OR MORE:   0

[HDD (BASE 65) ]
TOTAL THIS MO.   318    CLEAR  (SCALE 0-3)  22
DPTR FM NORMAL     M    PTCLDY (SCALE 4-7)   2
TOTAL FM JUL 1  4401    CLOUDY (SCALE 8-10)  0
DPTR FM NORMAL     M

[CDD (BASE 65) ]
TOTAL THIS MO.     0
DPTR FM NORMAL     M    [PRESSURE DATA]
TOTAL FM JAN 1     0    HIGHEST SLP M ON M
DPTR FM NORMAL     M    LOWEST  SLP M ON M

[REMARKS]
