000
CXUS55 KTWC 260855
CF6TUS
PRELIMINARY LOCAL CLIMATOLOGICAL DATA (WS FORM: F-6)

                                          STATION:   TUCSON AZ
                                          MONTH:     APRIL
                                          YEAR:      2015
                                          LATITUDE:   32  7 N
                                          LONGITUDE: 110 56 W

  TEMPERATURE IN F:       :PCPN:    SNOW:  WIND      :SUNSHINE: SKY     :PK WND
================================================================================
1   2   3   4   5  6A  6B    7    8   9   10  11  12  13   14  15   16   17  18
                                     12Z  AVG MX 2MIN
DY MAX MIN AVG DEP HDD CDD  WTR  SNW DPTH SPD SPD DIR MIN PSBL S-S WX    SPD DR
================================================================================

 1  89  61  75  12   0  10 0.00  0.0    0 11.5 23 240   M    M   0        31 250
 2  88  53  71   7   0   6 0.00  0.0    0  9.1 22 260   M    M   0        30 240
 3  85  54  70   6   0   5 0.00  0.0    0  6.0 14 320   M    M   0        24 280
 4  88  55  72   8   0   7 0.00  0.0    0  7.6 18 230   M    M   0        21 250
 5  87  53  70   6   0   5 0.00  0.0    0  6.8 21 260   M    M   0        31 280
 6  86  51  69   5   0   4 0.00  0.0    0  8.7 22 240   M    M   0        28 280
 7  87  49  68   3   0   3 0.00  0.0    0  9.9 26 230   M    M   0        33 230
 8  78  53  66   1   0   1 0.00  0.0    0  6.6 18 330   M    M   1        23 310
 9  84  48  66   1   0   1 0.00  0.0    0  6.0 16 300   M    M   0        20 300
10  85  51  68   2   0   3 0.00  0.0    0  6.3 14 280   M    M   0        22 250
11  87  54  71   5   0   6 0.00  0.0    0  7.8 22 200   M    M   0        30 190
12  69  58  64  -2   1   0 0.00  0.0    0  8.2 16 170   M    M   7        19 180
13  85  52  69   3   0   4 0.00  0.0    0  5.1 23 130   M    M   0        29 110
14  88  64  76  10   0  11    T  0.0    0  8.6 17 130   M    M   1 3      25 270
15  85  57  71   4   0   6 0.00  0.0    0  9.4 23 280   M    M   0 8      36 280
16  71  49  60  -7   5   0 0.00  0.0    0  8.0 17 320   M    M   0        23 280
17  76  44  60  -7   5   0 0.00  0.0    0  7.4 17 330   M    M   0        23 340
18  83  49  66  -2   0   1 0.00  0.0    0  7.5 20 290   M    M   0        26 290
19  88  54  71   3   0   6 0.00  0.0    0  5.9 14 320   M    M   0        20 290
20  89  57  73   5   0   8 0.00  0.0    0  6.6 18 260   M    M   M 8      24 260
21  86  57  72   4   0   7 0.00  0.0    0  7.2 20 210   M    M   M        26 190
22  85  54  70   1   0   5 0.00  0.0    0  7.6 23 200   M    M   M        31 170
23  83  54  69   0   0   4 0.00  0.0    0  9.7 26 220   M    M   1 8      33 220
24  77  54  66  -3   0   1 0.00  0.0    0  8.4 18 240   M    M   4        25 230
25  82  53  68  -2   0   3 0.00  0.0    0  9.2 23 260   M    M   2        33 260
================================================================================
SM 2091 1338        11 107    T      0.0 195.1          M       16
================================================================================
AV 83.6 53.5                               7.8 FASTST   M    M   1    MAX(MPH)
                                 MISC ---->  # 26 230               # 36  280
================================================================================
NOTES:
# LAST OF SEVERAL OCCURRENCES

COLUMN 17 PEAK WIND IN M.P.H.

PRELIMINARY LOCAL CLIMATOLOGICAL DATA (WS FORM: F-6) , PAGE 2

                                          STATION:  TUCSON AZ
                                          MONTH:    APRIL
                                          YEAR:     2015
                                          LATITUDE:   32  7 N
                                          LONGITUDE: 110 56 W

[TEMPERATURE DATA]      [PRECIPITATION DATA]       SYMBOLS USED IN COLUMN 16

AVERAGE MONTHLY: 68.6   TOTAL FOR MONTH:      T    1 = FOG OR MIST
DPTR FM NORMAL:   2.3   DPTR FM NORMAL:   -0.28    2 = FOG REDUCING VISIBILITY
HIGHEST:    89 ON 20, 1 GRTST 24HR    T  ON 14-14      TO 1/4 MILE OR LESS
LOWEST:     44 ON 17                               3 = THUNDER
                        SNOW, ICE PELLETS, HAIL    4 = ICE PELLETS
                        TOTAL MONTH:   0.0 INCH    5 = HAIL
                        GRTST 24HR     0.0         6 = FREEZING RAIN OR DRIZZLE
                        GRTST DEPTH:   0           7 = DUSTSTORM OR SANDSTORM:
                                                       VSBY 1/2 MILE OR LESS
                                                   8 = SMOKE OR HAZE
[NO. OF DAYS WITH]      [WEATHER - DAYS WITH]      9 = BLOWING SNOW
                                                   X = TORNADO
MAX 32 OR BELOW:   0    0.01 INCH OR MORE:   0
MAX 90 OR ABOVE:   0    0.10 INCH OR MORE:   0
MIN 32 OR BELOW:   0    0.50 INCH OR MORE:   0
MIN  0 OR BELOW:   0    1.00 INCH OR MORE:   0

[HDD (BASE 65) ]
TOTAL THIS MO.    11    CLEAR  (SCALE 0-3)  20
DPTR FM NORMAL   -44    PTCLDY (SCALE 4-7)   2
TOTAL FM JUL 1   900    CLOUDY (SCALE 8-10)  0
DPTR FM NORMAL  -601

[CDD (BASE 65) ]
TOTAL THIS MO.   107
DPTR FM NORMAL    18    [PRESSURE DATA]
TOTAL FM JAN 1   208    HIGHEST SLP M ON M
DPTR FM NORMAL    86    LOWEST  SLP 29.66 ON 20

[REMARKS]
