000
CDUS44 KSJT 260707
CLIABI


CLIMATE REPORT
NATIONAL WEATHER SERVICE SAN ANGELO TX
204 AM CDT SUN APR 26 2015


...................................

...THE ABILENE CLIMATE SUMMARY FOR APRIL 25 2015...

CLIMATE NORMAL PERIOD 1981 TO 2010
CLIMATE RECORD PERIOD 1886 TO 2015


WEATHER ITEM   OBSERVED TIME   RECORD YEAR NORMAL DEPARTURE LAST
                VALUE   (LST)  VALUE       VALUE  FROM      YEAR
                                                  NORMAL
..................................................................
TEMPERATURE (F)
 YESTERDAY
  MAXIMUM         86    423 PM 104    2012  80      6       90
  MINIMUM         53    621 AM  38    1913  55     -2       55
                                      1910
                                      1887
  AVERAGE         70                        67      3       73

PRECIPITATION (IN)
  YESTERDAY        0.00          2.50 1922   0.06  -0.06     0.00
  MONTH TO DATE    1.40                      1.28   0.12     0.61
  SINCE MAR 1      3.00                      3.02  -0.02     1.28
  SINCE JAN 1      6.51                      5.40   1.11     1.77

SNOWFALL (IN)
  YESTERDAY        0.0           0.0  2000   0.0    0.0      0.0
  MONTH TO DATE    0.0                       0.3   -0.3       T
  SINCE NOV 1      3.7                       4.7   -1.0      3.1
  SINCE JUL 1      3.7                       4.7   -1.0      3.1

DEGREE DAYS
 HEATING
  YESTERDAY        0                         2     -2        0
  MONTH TO DATE   42                       103    -61       88
  SINCE MAR 1    368                       401    -33      428
  SINCE JUL 1   2445                      2534    -89     2790

 COOLING
  YESTERDAY        5                         4      1        8
  MONTH TO DATE  117                        74     43      123
  SINCE MAR 1    164                       103     61      162
  SINCE JAN 1    168                       108     60      167
..................................................................


WIND (MPH)
  HIGHEST WIND SPEED    22   HIGHEST WIND DIRECTION     W (260)
  HIGHEST GUST SPEED    30   HIGHEST GUST DIRECTION     W (290)
  AVERAGE WIND SPEED    10.3


SKY COVER
  POSSIBLE SUNSHINE  MM
  AVERAGE SKY COVER 0.0


WEATHER CONDITIONS
 THE FOLLOWING WEATHER WAS RECORDED YESTERDAY.
  NO SIGNIFICANT WEATHER WAS OBSERVED.


RELATIVE HUMIDITY (PERCENT)
 HIGHEST    72           100 AM
 LOWEST     17           500 PM
 AVERAGE    45

..........................................................


THE ABILENE CLIMATE NORMALS FOR TODAY
                         NORMAL    RECORD    YEAR
 MAXIMUM TEMPERATURE (F)   80        96      2012
                                             1984
                                             1971
 MINIMUM TEMPERATURE (F)   55        37      1907


SUNRISE AND SUNSET
APRIL 26 2015.........SUNRISE   657 AM CDT   SUNSET   816 PM CDT
APRIL 27 2015.........SUNRISE   656 AM CDT   SUNSET   817 PM CDT


-  INDICATES NEGATIVE NUMBERS.
R  INDICATES RECORD WAS SET OR TIED.
MM INDICATES DATA IS MISSING.
T  INDICATES TRACE AMOUNT.




$$
