000
CDUS44 KLCH 180926
CLIAEX


CLIMATE REPORT
NATIONAL WEATHER SERVICE LAKE CHARLES, LA
426 AM CDT SAT APR 18 2015


...................................

...THE ALEXANDRIA CLIMATE SUMMARY FOR APRIL 17 2015...

CLIMATE NORMAL PERIOD 1981 TO 2010
CLIMATE RECORD PERIOD 1892 TO 2015


WEATHER ITEM   OBSERVED TIME   RECORD YEAR NORMAL DEPARTURE LAST
                VALUE   (LST)  VALUE       VALUE  FROM      YEAR
                                                  NORMAL
..................................................................
TEMPERATURE (F)
 YESTERDAY
  MAXIMUM         81    326 PM  92    2006  78      3       64
  MINIMUM         63    631 AM  39    1921  55      8       46
  AVERAGE         72                        67      5       55

PRECIPITATION (IN)
  YESTERDAY        0.04          3.79 1900   0.15  -0.11      T
  MONTH TO DATE    5.13                      2.90   2.23     2.89
  SINCE MAR 1     10.93                      7.95   2.98     6.80
  SINCE JAN 1     16.03                     17.63  -1.60    13.18

SNOWFALL (IN)
  YESTERDAY        0.0           0.0    MM  MM     MM       MM
  MONTH TO DATE    0.0                      MM     MM        0.0
  SINCE MAR 1      0.3                      MM     MM        0.2
  SINCE JUL 1      0.3                      MM     MM        5.0
  SNOW DEPTH       0

DEGREE DAYS
 HEATING
  YESTERDAY        0                         2     -2       10
  MONTH TO DATE   14                        54    -40       80
  SINCE MAR 1    195                       269    -74      397
  SINCE JUL 1   2046                      1934    112     2413

 COOLING
  YESTERDAY        7                         3      4        0
  MONTH TO DATE   89                        47     42       37
  SINCE MAR 1    133                        83     50       50
  SINCE JAN 1    134                       100     34       61
..................................................................


WIND (MPH)
  HIGHEST WIND SPEED    23   HIGHEST WIND DIRECTION    SE (120)
  HIGHEST GUST SPEED    28   HIGHEST GUST DIRECTION    SE (120)
  AVERAGE WIND SPEED     3.1


SKY COVER
  POSSIBLE SUNSHINE  MM
  AVERAGE SKY COVER 0.3


WEATHER CONDITIONS
 THE FOLLOWING WEATHER WAS RECORDED YESTERDAY.
  LIGHT RAIN


RELATIVE HUMIDITY (PERCENT)
 HIGHEST   100          1200 AM
 LOWEST     62           200 PM
 AVERAGE    81

..........................................................


THE ALEXANDRIA CLIMATE NORMALS FOR TODAY
                         NORMAL    RECORD    YEAR
 MAXIMUM TEMPERATURE (F)   79        92      2006
 MINIMUM TEMPERATURE (F)   55        39      2001


SUNRISE AND SUNSET
APRIL 18 2015.........SUNRISE   639 AM CDT   SUNSET   741 PM CDT
APRIL 19 2015.........SUNRISE   638 AM CDT   SUNSET   741 PM CDT


-  INDICATES NEGATIVE NUMBERS.
R  INDICATES RECORD WAS SET OR TIED.
MM INDICATES DATA IS MISSING.
T  INDICATES TRACE AMOUNT.




$$
