000
CDUS45 KCYS 190729
CLIAIA


CLIMATE REPORT
NATIONAL WEATHER SERVICE CHEYENNE WY
128 AM MDT SUN APR 19 2015


...................................

...THE ALLIANCE NE AIRPORT CLIMATE SUMMARY FOR APRIL 18 2015...

CLIMATE NORMAL PERIOD 1981 TO 2010
CLIMATE RECORD PERIOD 1896 TO 2015


WEATHER ITEM   OBSERVED TIME   RECORD YEAR NORMAL DEPARTURE LAST
                VALUE   (LST)  VALUE       VALUE  FROM      YEAR
                                                  NORMAL
..................................................................
TEMPERATURE (F)
 YESTERDAY
  MAXIMUM         61    233 PM  85    1994  60      1       80
  MINIMUM         44   1159 PM  17    2008  30     14       34
  AVERAGE         53                        45      8       57

PRECIPITATION (IN)
  YESTERDAY        0.29          1.35 1957   0.06   0.23     0.00
  MONTH TO DATE    2.09                      0.83   1.26     0.05
  SINCE JAN 1      3.07                      2.24   0.83     1.79

DEGREE DAYS
 HEATING
  YESTERDAY       12                        20     -8        8
  MONTH TO DATE  358                       391    -33      420
  SINCE MAR 1   1078                      1273   -195     1337
  SINCE JUL 1   6305                      6677   -372     6901

 COOLING
  YESTERDAY        0                         0      0        0
  MONTH TO DATE    0                         0      0        0
  SINCE MAR 1      0                         0      0        0
  SINCE JAN 1      0                         0      0        0
..................................................................


WIND (MPH)
  HIGHEST WIND SPEED    31   HIGHEST WIND DIRECTION     N (360)
  HIGHEST GUST SPEED    38   HIGHEST GUST DIRECTION     N (350)
  AVERAGE WIND SPEED     8.7


SKY COVER
  AVERAGE SKY COVER 0.7


WEATHER CONDITIONS
 THE FOLLOWING WEATHER WAS RECORDED YESTERDAY.
  HEAVY RAIN
  RAIN
  LIGHT RAIN
  FOG


RELATIVE HUMIDITY (PERCENT)
 HIGHEST   100           200 AM
 LOWEST     47           300 PM
 AVERAGE    74

..........................................................


THE ALLIANCE NE AIRPORT CLIMATE NORMALS FOR TODAY
                         NORMAL    RECORD    YEAR
 MAXIMUM TEMPERATURE (F)   61        85      1987
 MINIMUM TEMPERATURE (F)   31         6      1966


SUNRISE AND SUNSET
APRIL 19 2015.........SUNRISE   605 AM MDT   SUNSET   737 PM MDT
APRIL 20 2015.........SUNRISE   603 AM MDT   SUNSET   738 PM MDT


-  INDICATES NEGATIVE NUMBERS.
R  INDICATES RECORD WAS SET OR TIED.
MM INDICATES DATA IS MISSING.
T  INDICATES TRACE AMOUNT.




$$
