000
CDUS45 KBOU 070725
CLIAKO


CLIMATE REPORT
NATIONAL WEATHER SERVICE BOULDER, CO
125 AM MDT THU MAY 7 2015


...................................

...THE AKRON CO CLIMATE SUMMARY FOR MAY 6 2015...

CLIMATE NORMAL PERIOD 1981 TO 2010
CLIMATE RECORD PERIOD 9999 TO 9999


WEATHER ITEM   OBSERVED TIME   RECORD YEAR NORMAL DEPARTURE LAST
                VALUE   (LST)  VALUE       VALUE  FROM      YEAR
                                                  NORMAL
..................................................................
TEMPERATURE (F)
 YESTERDAY
  MAXIMUM         63    336 PM  89    2004  68     -5
  MINIMUM         47   1159 PM  25    1948  40      7
  AVERAGE         55                        54      1

PRECIPITATION (IN)
  YESTERDAY        0.86          2.39 1973   0.09   0.77     0.00
  MONTH TO DATE    1.47                      0.49   0.98      T
  SINCE MAR 1      3.18                      3.01   0.17     1.19
  SINCE JAN 1      3.46                      3.75  -0.29     1.62

DEGREE DAYS
 HEATING
  YESTERDAY       10
  MONTH TO DATE   49

 COOLING
  YESTERDAY        0
  MONTH TO DATE    0
..................................................................


WIND (MPH)
  HIGHEST WIND SPEED    23   HIGHEST WIND DIRECTION     N (350)
  HIGHEST GUST SPEED    28   HIGHEST GUST DIRECTION    NW (320)




RELATIVE HUMIDITY (PERCENT)
 HIGHEST   100
 LOWEST     78
 AVERAGE    89

..........................................................


THE AKRON CO CLIMATE NORMALS FOR TODAY
                         NORMAL    RECORD    YEAR
 MAXIMUM TEMPERATURE (F)   68        90      1966
 MINIMUM TEMPERATURE (F)   41        28      1938


SUNRISE AND SUNSET
MAY  7 2015...........SUNRISE   546 AM MDT   SUNSET   754 PM MDT
MAY  8 2015...........SUNRISE   545 AM MDT   SUNSET   755 PM MDT


-  INDICATES NEGATIVE NUMBERS.
R  INDICATES RECORD WAS SET OR TIED.
MM INDICATES DATA IS MISSING.
T  INDICATES TRACE AMOUNT.




$$
