000
CDUS44 KAMA 271409
CLIAMA


CLIMATE REPORT
NATIONAL WEATHER SERVICE AMARILLO TX
908 AM CDT MON APR 27 2015


...................................

...THE AMARILLO CLIMATE SUMMARY FOR APRIL 27 2015...
VALID AS OF 0900 AM LOCAL TIME.

CLIMATE NORMAL PERIOD 1981 TO 2010
CLIMATE RECORD PERIOD 1892 TO 2015


WEATHER ITEM   OBSERVED TIME   RECORD YEAR NORMAL DEPARTURE LAST
                VALUE   (LST)  VALUE       VALUE  FROM      YEAR
                                                  NORMAL
..................................................................
TEMPERATURE (F)
 TODAY
  MINIMUM         45    759 AM  30    1995  45      0       47
                                      1994

PRECIPITATION (IN)
  TODAY            1.09          1.38 1932   0.05   1.04      T
  MONTH TO DATE    2.35                      1.25   1.10     0.57
  SINCE MAR 1      2.56                      2.64  -0.08     0.77
  SINCE JAN 1      4.64                      3.92   0.72     1.16

SNOWFALL (IN)
  TODAY            0.0           T    1998   0.0    0.0      0.0
  MONTH TO DATE    T                         0.7   -0.7      0.4
  SINCE MAR 1      0.1                       3.6   -3.5      0.7
  SINCE JUL 1     23.9                      17.6    6.3     12.8
  SNOW DEPTH       0

..................................................................


WIND (MPH)
  RESULTANT WIND SPEED  17   RESULTANT WIND DIRECTION   N (20)
  HIGHEST WIND SPEED    25   HIGHEST WIND DIRECTION    NE (30)
  HIGHEST GUST SPEED    33   HIGHEST GUST DIRECTION    NE (30)
  AVERAGE WIND SPEED    17.6


SKY COVER
  AVERAGE SKY COVER 0.9


WEATHER CONDITIONS
 THE FOLLOWING WEATHER WAS RECORDED TODAY.
  THUNDERSTORM
  HEAVY RAIN
  RAIN
  LIGHT RAIN
  FOG


RELATIVE HUMIDITY (PERCENT)
 HIGHEST   100           200 AM
 LOWEST     92           600 AM
 AVERAGE    96

..........................................................


THE AMARILLO CLIMATE NORMALS FOR TOMORROW
                         NORMAL    RECORD    YEAR
 MAXIMUM TEMPERATURE (F)   75        92      1927
                                             1910
 MINIMUM TEMPERATURE (F)   46        31      1994


SUNRISE AND SUNSET
APRIL 27 2015.........SUNRISE   700 AM CDT   SUNSET   829 PM CDT
APRIL 28 2015.........SUNRISE   659 AM CDT   SUNSET   830 PM CDT


-  INDICATES NEGATIVE NUMBERS.
R  INDICATES RECORD WAS SET OR TIED.
MM INDICATES DATA IS MISSING.
T  INDICATES TRACE AMOUNT.




$$
