000
CDUS42 KJAX 260534
CLIAMG


CLIMATE REPORT
NATIONAL WEATHER SERVICE JACKSONVILLE FL
133 AM EDT SUN APR 26 2015


...................................

...THE ALMA CLIMATE SUMMARY FOR APRIL 25 2015...

CLIMATE NORMAL PERIOD 1981 TO 2010
CLIMATE RECORD PERIOD 1948 TO 2015


WEATHER ITEM   OBSERVED TIME   RECORD YEAR NORMAL DEPARTURE LAST
                VALUE   (LST)  VALUE       VALUE  FROM      YEAR
                                                  NORMAL
..................................................................
TEMPERATURE (F)
 YESTERDAY
  MAXIMUM         86        MM  91    1958  81      5       82
  MINIMUM         60        MM  37    2005  56      4       60
  AVERAGE         73                        68      5       71

PRECIPITATION (IN)
  YESTERDAY        0.69          2.15 1979   0.08   0.61     0.00
  MONTH TO DATE    2.52                      2.44   0.08     7.66
  SINCE MAR 1      5.03                      7.19  -2.16    10.88
  SINCE JAN 1     10.86                     15.25  -4.39    14.40

SNOWFALL (IN)
  YESTERDAY        0.0           0.0    MM   0.0    0.0      0.0
  MONTH TO DATE    0.0                       0.0    0.0      0.0
  SINCE MAR 1      0.0                       0.0    0.0      0.0
  SINCE JUL 1      0.0                       0.1   -0.1       T
  SNOW DEPTH       0

DEGREE DAYS
 HEATING
  YESTERDAY        0                         1     -1        0
  MONTH TO DATE    2                        58    -56       58
  SINCE MAR 1    136                       246   -110      337
  SINCE JUL 1   1811                      1647    164     1804

 COOLING
  YESTERDAY        8                         4      4        6
  MONTH TO DATE  157                        75     82       52
  SINCE MAR 1    209                       113     96       56
  SINCE JAN 1    212                       129     83       64
..................................................................


WIND (MPH)
  HIGHEST WIND SPEED    18   HIGHEST WIND DIRECTION    SW (230)
  HIGHEST GUST SPEED    25   HIGHEST GUST DIRECTION    SW (230)
  AVERAGE WIND SPEED     8.9


SKY COVER
  POSSIBLE SUNSHINE  MM
  AVERAGE SKY COVER 0.4


WEATHER CONDITIONS
 THE FOLLOWING WEATHER WAS RECORDED YESTERDAY.
  THUNDERSTORM
  HEAVY RAIN
  RAIN
  LIGHT RAIN
  FOG


RELATIVE HUMIDITY (PERCENT)
 HIGHEST   100          1100 PM
 LOWEST     61           300 PM
 AVERAGE    81

..........................................................


THE ALMA CLIMATE NORMALS FOR TODAY
                         NORMAL    RECORD    YEAR
 MAXIMUM TEMPERATURE (F)   81        93      1986
 MINIMUM TEMPERATURE (F)   56        43      1983


SUNRISE AND SUNSET
APRIL 26 2015.........SUNRISE   650 AM EDT   SUNSET   806 PM EDT
APRIL 27 2015.........SUNRISE   649 AM EDT   SUNSET   807 PM EDT


-  INDICATES NEGATIVE NUMBERS.
R  INDICATES RECORD WAS SET OR TIED.
MM INDICATES DATA IS MISSING.
T  INDICATES TRACE AMOUNT.




$$
