000
CDUS43 KAPX 180538
CLIAPN


CLIMATE REPORT
NATIONAL WEATHER SERVICE GAYLORD MI
137 AM EDT SAT APR 18 2015


...................................

...THE ALPENA MI CLIMATE SUMMARY FOR APRIL 17 2015...

CLIMATE NORMAL PERIOD 1981 TO 2010
CLIMATE RECORD PERIOD 1916 TO 2015


WEATHER ITEM   OBSERVED TIME   RECORD YEAR NORMAL DEPARTURE LAST
                VALUE   (LST)  VALUE       VALUE  FROM      YEAR
                                                  NORMAL
..................................................................
TEMPERATURE (F)
 YESTERDAY
  MAXIMUM         71   1242 PM  85    1958  53     18       49
  MINIMUM         35    130 AM  10    1949  32      3       33
  AVERAGE         53                        42     11       41

PRECIPITATION (IN)
  YESTERDAY        0.00          0.74 1939   0.08  -0.08     0.00
  MONTH TO DATE    1.49                      1.38   0.11     3.22
  SINCE MAR 1      2.45                      3.24  -0.79     4.39
  SINCE JAN 1      4.24                      6.22  -1.98     6.92

SNOWFALL (IN)
  YESTERDAY        0.0           3.9  1984   0.2   -0.2      0.0
  MONTH TO DATE    2.0                       4.5   -2.5      1.2
  SINCE OCT 1     48.6                      82.8  -34.2     64.0
  SINCE JUL 1     48.6                      82.8  -34.2     64.0
  SNOW DEPTH       0

DEGREE DAYS
 HEATING
  YESTERDAY       12                        23    -11       24
  MONTH TO DATE  411                       443    -32      479
  SINCE MAR 1   1588                      1567     21     1877
  SINCE JUL 1   7851                      7299    552     8366

 COOLING
  YESTERDAY        0                         0      0        0
  MONTH TO DATE    0                         0      0        0
  SINCE MAR 1      0                         0      0        0
  SINCE JAN 1      0                         0      0        0
..................................................................


WIND (MPH)
  HIGHEST WIND SPEED    17   HIGHEST WIND DIRECTION    NE (30)
  HIGHEST GUST SPEED    22   HIGHEST GUST DIRECTION     E (70)
  AVERAGE WIND SPEED     4.7




RELATIVE HUMIDITY (PERCENT)
 HIGHEST    82
 LOWEST     35
 AVERAGE    59

..........................................................


THE ALPENA MI CLIMATE NORMALS FOR TODAY
                         NORMAL    RECORD    YEAR
 MAXIMUM TEMPERATURE (F)   54        85      1976
 MINIMUM TEMPERATURE (F)   32        16      1926


SUNRISE AND SUNSET
APRIL 18 2015.........SUNRISE   645 AM EDT   SUNSET   823 PM EDT
APRIL 19 2015.........SUNRISE   643 AM EDT   SUNSET   825 PM EDT


-  INDICATES NEGATIVE NUMBERS.
R  INDICATES RECORD WAS SET OR TIED.
MM INDICATES DATA IS MISSING.
T  INDICATES TRACE AMOUNT.




$$
