000
CDUS44 KLCH 250851
CLIARA


CLIMATE REPORT
NATIONAL WEATHER SERVICE LAKE CHARLES, LA
351 AM CDT SAT APR 25 2015


...................................

...THE NEW IBERIA CLIMATE SUMMARY FOR APRIL 24 2015...

CLIMATE NORMAL PERIOD 1981 TO 2010
CLIMATE RECORD PERIOD 1948 TO 2015


WEATHER ITEM   OBSERVED TIME   RECORD YEAR NORMAL DEPARTURE LAST
                VALUE   (LST)  VALUE       VALUE  FROM      YEAR
                                                  NORMAL
..................................................................
TEMPERATURE (F)
 YESTERDAY
  MAXIMUM         87    137 PM  89    1955  81      6       83
  MINIMUM         71    352 PM  47    2005  59     12       59
                                      1998
                                      1983
  AVERAGE         79                        70      9       71

PRECIPITATION (IN)
  YESTERDAY        T             2.35 1953   0.09  -0.09      T
  MONTH TO DATE    7.89                      3.44   4.45     2.24
  SINCE MAR 1     11.77                      7.21   4.56     3.75
  SINCE JAN 1     18.23                     16.62   1.61    12.09

SNOWFALL (IN)
  YESTERDAY        0.0           0.0    MM  MM               0.0
  MONTH TO DATE    0.0                      MM               0.0
  SINCE MAR 1      T                        MM               0.0
  SINCE JUL 1      T                        MM               0.1

DEGREE DAYS
 HEATING
  YESTERDAY        0                         0      0        0
  MONTH TO DATE    0                        43    -43       43
  SINCE MAR 1     72                       191   -119      256
  SINCE JUL 1   1415                      1407      8     1780

 COOLING
  YESTERDAY       14                         6      8        6
  MONTH TO DATE  184                        97     87       86
  SINCE MAR 1    276                       149    127      109
  SINCE JAN 1    280                       180    100      127
..................................................................


WIND (MPH)
  RESULTANT WIND SPEED   8   RESULTANT WIND DIRECTION  SE (130)
  HIGHEST WIND SPEED    21   HIGHEST WIND DIRECTION    NE (50)
  HIGHEST GUST SPEED    28   HIGHEST GUST DIRECTION     S (160)
  AVERAGE WIND SPEED     9.2


SKY COVER
  POSSIBLE SUNSHINE  MM
  AVERAGE SKY COVER 0.8


WEATHER CONDITIONS
 THE FOLLOWING WEATHER WAS RECORDED YESTERDAY.
  THUNDERSTORM
  LIGHT RAIN
  FOG


RELATIVE HUMIDITY (PERCENT)
 HIGHEST    94           500 AM
 LOWEST     65           200 PM
 AVERAGE    80

..........................................................


THE NEW IBERIA CLIMATE NORMALS FOR TODAY
                         NORMAL    RECORD    YEAR
 MAXIMUM TEMPERATURE (F)   81        90      1999
 MINIMUM TEMPERATURE (F)   60        47      1983


SUNRISE AND SUNSET
APRIL 25 2015.........SUNRISE   630 AM CDT   SUNSET   741 PM CDT
APRIL 26 2015.........SUNRISE   629 AM CDT   SUNSET   742 PM CDT


-  INDICATES NEGATIVE NUMBERS.
R  INDICATES RECORD WAS SET OR TIED.
MM INDICATES DATA IS MISSING.
T  INDICATES TRACE AMOUNT.




$$
