000
CDUS42 KFFC 180022
CLIATL


CLIMATE REPORT
NATIONAL WEATHER SERVICE PEACHTREE CITY GA
822 PM EDT FRI APR 17 2015


...................................

...THE ATLANTA CLIMATE SUMMARY FOR APRIL 17 2015...
VALID AS OF 0800 PM LOCAL TIME.

CLIMATE NORMAL PERIOD 1981 TO 2010
CLIMATE RECORD PERIOD 1878 TO 2015


WEATHER ITEM   OBSERVED TIME   RECORD YEAR NORMAL DEPARTURE LAST
                VALUE   (LST)  VALUE       VALUE  FROM      YEAR
                                                  NORMAL
..................................................................
TEMPERATURE (F)
 TODAY
  MAXIMUM         63    706 PM  89    1896  73    -10       66
  MINIMUM         55    748 AM  31    1905  52      3       40
  AVERAGE         59                        62     -3       53

PRECIPITATION (IN)
  TODAY            0.56          1.42 1895   0.10   0.46     0.00
  MONTH TO DATE    5.06                      1.92   3.14     4.06
  SINCE MAR 1      8.04                      6.73   1.31     7.18
  SINCE JAN 1     16.55                     15.60   0.95    14.34

SNOWFALL (IN)
  TODAY            0.0           0.0  2002   0.0    0.0      0.0
                                      2001
                                      2000
  MONTH TO DATE    0.0                       0.1   -0.1      0.0
  SINCE MAR 1      0.0                       0.9   -0.9      0.0
  SINCE JUL 1      T                         3.0   -3.0      5.0
  SNOW DEPTH       0

DEGREE DAYS
 HEATING
  TODAY            6                         4      2       12
  MONTH TO DATE   30                       101    -71       92
  SINCE MAR 1    267                       443   -176      472
  SINCE JUL 1   2625                      2698    -73     2875

 COOLING
  TODAY            0                         2     -2        0
  MONTH TO DATE   62                        22     40       20
  SINCE MAR 1     77                        34     43       20
  SINCE JAN 1     77                        35     42       22
..................................................................


WIND (MPH)
  RESULTANT WIND SPEED   6   RESULTANT WIND DIRECTION   E (90)
  HIGHEST WIND SPEED    12   HIGHEST WIND DIRECTION     E (90)
  HIGHEST GUST SPEED    14   HIGHEST GUST DIRECTION    NE (60)
  AVERAGE WIND SPEED     6.3


SKY COVER
  AVERAGE SKY COVER 1.0


WEATHER CONDITIONS
 THE FOLLOWING WEATHER WAS RECORDED TODAY.
  RAIN
  LIGHT RAIN
  FOG
  FOG W/VISIBILITY <= 1/4 MILE


RELATIVE HUMIDITY (PERCENT)
 HIGHEST    93          1200 AM
 LOWEST     86           100 AM

..........................................................


THE ATLANTA CLIMATE NORMALS FOR TOMORROW
                         NORMAL    RECORD    YEAR
 MAXIMUM TEMPERATURE (F)   73        87      2002
                                             1937
                                             1896
 MINIMUM TEMPERATURE (F)   52        33      1997


SUNRISE AND SUNSET
APRIL 17 2015.........SUNRISE   705 AM EDT   SUNSET   810 PM EDT
APRIL 18 2015.........SUNRISE   704 AM EDT   SUNSET   811 PM EDT


-  INDICATES NEGATIVE NUMBERS.
R  INDICATES RECORD WAS SET OR TIED.
MM INDICATES DATA IS MISSING.
T  INDICATES TRACE AMOUNT.




$$
