000
CDUS43 KABR 192236
CLIATY


CLIMATE REPORT
NATIONAL WEATHER SERVICE ABERDEEN SD
535 PM CDT SUN APR 19 2015


...................................

...THE WATERTOWN SD CLIMATE SUMMARY FOR APRIL 19 2015...
VALID TODAY AS OF 0500 PM LOCAL TIME.

CLIMATE NORMAL PERIOD 1981 TO 2010
CLIMATE RECORD PERIOD 1898 TO 2015


WEATHER ITEM   OBSERVED TIME   RECORD YEAR NORMAL DEPARTURE LAST
                VALUE   (LST)  VALUE       VALUE  FROM      YEAR
                                                  NORMAL
..................................................................
TEMPERATURE (F)
 TODAY
  MAXIMUM         54    328 PM  86    1987  58     -4       67
  MINIMUM         45    956 AM  11    1928  34     11       40
  AVERAGE         50                        46      4       54

PRECIPITATION (IN)
  TODAY            0.03          2.00 1957   0.07  -0.04     0.00
  MONTH TO DATE    0.27                      1.15  -0.88     0.38
  SINCE MAR 1      0.62                      2.26  -1.64     1.35
  SINCE JAN 1      1.27                      3.34  -2.07     1.78

SNOWFALL (IN)
  TODAY            0.0
  MONTH TO DATE    T
  SINCE OCT 1     25.3
  SINCE JUL 1     25.3
  SNOW DEPTH       0

DEGREE DAYS
 HEATING
  TODAY           15                        19     -4       11
  MONTH TO DATE  325                       451   -126      520
  SINCE MAR 1   1287                      1555   -268     1769
  SINCE JUL 1   7679                      7966   -287     8735

 COOLING
  TODAY            0                         0      0        0
  MONTH TO DATE    0                         0      0        0
  SINCE MAR 1      0                         0      0        0
  SINCE JAN 1      0                         0      0        0
..................................................................


WIND (MPH)
  HIGHEST WIND SPEED    35   HIGHEST WIND DIRECTION    NW (320)
  HIGHEST GUST SPEED    42   HIGHEST GUST DIRECTION    NW (320)
  AVERAGE WIND SPEED    21.7


SKY COVER
  POSSIBLE SUNSHINE  MM
  AVERAGE SKY COVER 0.9


WEATHER CONDITIONS
 THE FOLLOWING WEATHER WAS RECORDED TODAY.
  LIGHT RAIN
  FOG


RELATIVE HUMIDITY (PERCENT)
 HIGHEST   100          1200 AM
 LOWEST     41           300 PM
 AVERAGE    71

..........................................................


THE WATERTOWN SD CLIMATE NORMALS FOR TOMORROW
                         NORMAL    RECORD    YEAR
 MAXIMUM TEMPERATURE (F)   58        90      1980
 MINIMUM TEMPERATURE (F)   34         9      2013


SUNRISE AND SUNSET
APRIL 19 2015.........SUNRISE   638 AM CDT   SUNSET   819 PM CDT
APRIL 20 2015.........SUNRISE   636 AM CDT   SUNSET   820 PM CDT


-  INDICATES NEGATIVE NUMBERS.
R  INDICATES RECORD WAS SET OR TIED.
MM INDICATES DATA IS MISSING.
T  INDICATES TRACE AMOUNT.




$$
