000
CDUS43 KGRB 020724
CLIAUW


CLIMATE REPORT
NATIONAL WEATHER SERVICE GREEN BAY
222 AM CDT THU APR 2 2015


...................................

...THE WAUSAU WI CLIMATE SUMMARY FOR APRIL 1 2015...

CLIMATE NORMAL PERIOD 1981 TO 2010
CLIMATE RECORD PERIOD 1896 TO 2015


WEATHER ITEM   OBSERVED TIME   RECORD YEAR NORMAL DEPARTURE LAST
                VALUE   (LST)  VALUE       VALUE  FROM      YEAR
                                                  NORMAL
..................................................................
TEMPERATURE (F)
 YESTERDAY
  MAXIMUM         70    551 PM  79    2010  47     23       48
  MINIMUM         28    315 AM   3    1924  27      1       23
  AVERAGE         49                        37     12

PRECIPITATION (IN)
  YESTERDAY        T             1.95 1934   0.07  -0.07      T
  MONTH TO DATE    T                         0.07  -0.07      T
  SINCE MAR 1      0.82                      1.83  -1.01     0.75
  SINCE JAN 1      1.57                      3.77  -2.20     3.69

SNOWFALL (IN)
  YESTERDAY        T             5.1  1965   0.2   -0.2      0.1
  MONTH TO DATE    T                         0.2   -0.2      0.1
  SINCE JUL 1     48.5                      55.5   -7.0     76.0
  SNOW DEPTH       0

DEGREE DAYS
 HEATING
  YESTERDAY       16                        28    -12       29
  MONTH TO DATE   16                        28    -12       29
  SINCE MAR 1   1049                      1113    -64     1361
  SINCE JUL 1   7629                      7249    380     8308

 COOLING
  YESTERDAY        0                         0      0        0
  MONTH TO DATE    0                         0      0        0
  SINCE MAR 1      0                         0      0        0
  SINCE JAN 1      0                         0      0        0
..................................................................


WIND (MPH)
  HIGHEST WIND SPEED    23   HIGHEST WIND DIRECTION     S (160)
  HIGHEST GUST SPEED    30   HIGHEST GUST DIRECTION    SW (210)
  AVERAGE WIND SPEED    11.5


SKY COVER
  POSSIBLE SUNSHINE  MM
  AVERAGE SKY COVER 0.2


WEATHER CONDITIONS
 THE FOLLOWING WEATHER WAS RECORDED YESTERDAY.
  NO SIGNIFICANT WEATHER WAS OBSERVED.


RELATIVE HUMIDITY (PERCENT)
 HIGHEST    92           200 AM
 LOWEST     28           600 PM
 AVERAGE    60

..........................................................


THE WAUSAU WI CLIMATE NORMALS FOR TODAY
                         NORMAL    RECORD    YEAR
 MAXIMUM TEMPERATURE (F)   48        76      1963
 MINIMUM TEMPERATURE (F)   28         8      1954


SUNRISE AND SUNSET
APRIL  2 2015.........SUNRISE   638 AM CDT   SUNSET   727 PM CDT
APRIL  3 2015.........SUNRISE   636 AM CDT   SUNSET   728 PM CDT


-  INDICATES NEGATIVE NUMBERS.
R  INDICATES RECORD WAS SET OR TIED.
MM INDICATES DATA IS MISSING.
T  INDICATES TRACE AMOUNT.

$$
