000
CDUS43 KGRB 190642
CLIAUW

CLIMATE REPORT
NATIONAL WEATHER SERVICE GREEN BAY
140 AM CDT SUN APR 19 2015

...................................

...THE WAUSAU WI CLIMATE SUMMARY FOR APRIL 18 2015...

CLIMATE NORMAL PERIOD 1981 TO 2010
CLIMATE RECORD PERIOD 1896 TO 2015

WEATHER ITEM   OBSERVED TIME   RECORD YEAR NORMAL DEPARTURE LAST
                VALUE   (LST)  VALUE       VALUE  FROM      YEAR
                                                  NORMAL
..................................................................
TEMPERATURE (F)
 YESTERDAY
  MAXIMUM         64    133 PM  83    1987  56      8       49
  MINIMUM         47    655 AM  16    1904  35     12       27
  AVERAGE         56                        45     11

PRECIPITATION (IN)
  YESTERDAY        0.00          1.25 2008   0.09  -0.09     0.00
  MONTH TO DATE    2.63                      1.52   1.11     2.14
  SINCE MAR 1      3.45                      3.28   0.17     2.89
  SINCE JAN 1      4.20                      5.22  -1.02     5.83

SNOWFALL (IN)
  YESTERDAY        0.0           3.0  1951   0.1   -0.1      0.0
  MONTH TO DATE    5.2                       2.9    2.3      8.4
  SINCE JUL 1     53.7                      58.2   -4.5     84.3
  SNOW DEPTH       0

DEGREE DAYS
 HEATING
  YESTERDAY        9                        20    -11       27
  MONTH TO DATE  337                       427    -90      514
  SINCE MAR 1   1370                      1512   -142     1846
  SINCE JUL 1   7950                      7648    302     8793

COOLING
  YESTERDAY        0                         0      0        0
  MONTH TO DATE    0                         0      0        0
  SINCE MAR 1      0                         0      0        0
  SINCE JAN 1      0                         0      0        0
..................................................................

WIND (MPH)
  HIGHEST WIND SPEED    22   HIGHEST WIND DIRECTION     E (110)
  HIGHEST GUST SPEED    27   HIGHEST GUST DIRECTION     E (110)
  AVERAGE WIND SPEED    11.8

SKY COVER
  POSSIBLE SUNSHINE  MM
  AVERAGE SKY COVER 0.0

WEATHER CONDITIONS
 THE FOLLOWING WEATHER WAS RECORDED YESTERDAY.
  NO SIGNIFICANT WEATHER WAS OBSERVED.

RELATIVE HUMIDITY (PERCENT)
 HIGHEST    66           200 AM
 LOWEST     16           300 PM
 AVERAGE    41
..........................................................

THE WAUSAU WI CLIMATE NORMALS FOR TODAY
                         NORMAL    RECORD    YEAR
 MAXIMUM TEMPERATURE (F)   57        81      1985
 MINIMUM TEMPERATURE (F)   35        15      1897

SUNRISE AND SUNSET
APRIL 19 2015.........SUNRISE   608 AM CDT   SUNSET   749 PM CDT
APRIL 20 2015.........SUNRISE   606 AM CDT   SUNSET   750 PM CDT

-  INDICATES NEGATIVE NUMBERS.
R  INDICATES RECORD WAS SET OR TIED.
MM INDICATES DATA IS MISSING.
T  INDICATES TRACE AMOUNT.

$$
