000
CDUS44 KAMA 060638
CLIBGD


CLIMATE REPORT
NATIONAL WEATHER SERVICE AMARILLO TX
135 AM CDT WED MAY 6 2015


...................................

...THE BORGER CLIMATE SUMMARY FOR MAY 5 2015...

CLIMATE NORMAL PERIOD 1981 TO 2013
CLIMATE RECORD PERIOD 1949 TO 2015


WEATHER ITEM   OBSERVED TIME   RECORD YEAR NORMAL DEPARTURE LAST
                VALUE   (LST)  VALUE       VALUE  FROM      YEAR
                                                  NORMAL
..................................................................
TEMPERATURE (F)
 YESTERDAY
  MAXIMUM         73    523 PM  99    2014  78     -5       99
  MINIMUM         57   1159 PM  36    1991  51      6       65
  AVERAGE         65                        64      1       82

PRECIPITATION (IN)
  YESTERDAY        1.25          1.38 1967   0.05   1.20     0.00
  MONTH TO DATE    1.78                      0.24   1.54      T
  SINCE MAR 1      6.45                      3.19   3.26     0.20
  SINCE JAN 1      8.30                      4.40   3.90     0.58

SNOWFALL (IN)
  YESTERDAY        0.0           T    1982                   0.0
  MONTH TO DATE    0.0                                       0.0
  SINCE MAR 1      T                                         2.1
  SINCE JUL 1     17.5                                      14.7
  SNOW DEPTH       0

DEGREE DAYS
 HEATING
  YESTERDAY        0                         3     -3        0
  MONTH TO DATE    0                        19    -19       21
  SINCE MAR 1    501                       729   -228      725
  SINCE JUL 1   3373                      3722   -349     3803

 COOLING
  YESTERDAY        0                         3     -3       17
  MONTH TO DATE   26                        14     12       46
  SINCE MAR 1     82                        58     24      111
  SINCE JAN 1     82                        58     24      111
..................................................................


WIND (MPH)
  RESULTANT WIND SPEED   7   RESULTANT WIND DIRECTION   S (160)
  HIGHEST WIND SPEED    26   HIGHEST WIND DIRECTION     S (170)
  HIGHEST GUST SPEED    34   HIGHEST GUST DIRECTION     S (170)
  AVERAGE WIND SPEED     9.5


SKY COVER
  AVERAGE SKY COVER 0.8


WEATHER CONDITIONS
 THE FOLLOWING WEATHER WAS RECORDED YESTERDAY.
  THUNDERSTORM
  HEAVY RAIN
  RAIN
  LIGHT RAIN
  FOG


RELATIVE HUMIDITY (PERCENT)
 HIGHEST   100           500 AM
 LOWEST     53           400 PM
 AVERAGE    77

..........................................................


THE BORGER CLIMATE NORMALS FOR TODAY
                         NORMAL    RECORD    YEAR
 MAXIMUM TEMPERATURE (F)   78        98      2000
 MINIMUM TEMPERATURE (F)   52        38      1953


SUNRISE AND SUNSET
MAY  6 2015...........SUNRISE   649 AM CDT   SUNSET   836 PM CDT
MAY  7 2015...........SUNRISE   648 AM CDT   SUNSET   837 PM CDT


-  INDICATES NEGATIVE NUMBERS.
R  INDICATES RECORD WAS SET OR TIED.
MM INDICATES DATA IS MISSING.
T  INDICATES TRACE AMOUNT.




$$
