000
CDUS41 KBGM 050550
CLIBGM


CLIMATE REPORT
NATIONAL WEATHER SERVICE BINGHAMTON NY
148 AM EDT TUE MAY 5 2015


...................................

...THE BINGHAMTON NY CLIMATE SUMMARY FOR MAY 4 2015...

CLIMATE NORMAL PERIOD 1981 TO 2010
CLIMATE RECORD PERIOD 1951 TO 2015


WEATHER ITEM   OBSERVED TIME   RECORD YEAR NORMAL DEPARTURE LAST
                VALUE   (LST)  VALUE       VALUE  FROM      YEAR
                                                  NORMAL
..................................................................
TEMPERATURE (F)
 YESTERDAY
  MAXIMUM         80    245 PM  85    1955  62     18       56
  MINIMUM         53    555 AM  30    1986  42     11       40
                                      1957
  AVERAGE         67                        52     15       48

PRECIPITATION (IN)
  YESTERDAY        T             0.92 1990   0.11  -0.11     0.00
  MONTH TO DATE    T                         0.43  -0.43     0.35
  SINCE MAR 1      6.20                      6.85  -0.65     5.80
  SINCE JAN 1     10.14                     11.61  -1.47    11.49

SNOWFALL (IN)
  YESTERDAY        0.0           T    2005   0.1   -0.1      0.0
                                      1976
  MONTH TO DATE    0.0                       0.1   -0.1      0.0
  SINCE MAR 1     17.6                      19.5   -1.9      2.9
  SINCE JUL 1     93.4                      83.4   10.0     85.4
  SNOW DEPTH       0

DEGREE DAYS
 HEATING
  YESTERDAY        0                        13    -13       17
  MONTH TO DATE   21                        55    -34       54
  SINCE MAR 1   1794                      1655    139     1856
  SINCE JUL 1   7326                      6854    472     7327

 COOLING
  YESTERDAY        2                         0      2        0
  MONTH TO DATE    2                         0      2        0
  SINCE MAR 1      2                         4     -2        2
  SINCE JAN 1      2                         4     -2        2
..................................................................


WIND (MPH)
  HIGHEST WIND SPEED    21   HIGHEST WIND DIRECTION    SW (230)
  HIGHEST GUST SPEED    30   HIGHEST GUST DIRECTION    SW (240)
  AVERAGE WIND SPEED     9.8


SKY COVER
  AVERAGE SKY COVER 0.4


WEATHER CONDITIONS
 THE FOLLOWING WEATHER WAS RECORDED YESTERDAY.
  LIGHT RAIN


RELATIVE HUMIDITY (PERCENT)
 HIGHEST    58          1100 PM
 LOWEST     25          1100 AM
 AVERAGE    42

..........................................................


THE BINGHAMTON NY CLIMATE NORMALS FOR TODAY
                         NORMAL    RECORD    YEAR
 MAXIMUM TEMPERATURE (F)   62        82      1980
 MINIMUM TEMPERATURE (F)   43        30      1974


SUNRISE AND SUNSET
MAY  5 2015...........SUNRISE   555 AM EDT   SUNSET   807 PM EDT
MAY  6 2015...........SUNRISE   553 AM EDT   SUNSET   808 PM EDT


-  INDICATES NEGATIVE NUMBERS.
R  INDICATES RECORD WAS SET OR TIED.
MM INDICATES DATA IS MISSING.
T  INDICATES TRACE AMOUNT.




$$
