000
CDUS45 KVEF 180826
CLIBIH


CLIMATE REPORT
NATIONAL WEATHER SERVICE LAS VEGAS, NV
126 AM PDT SAT APR 18 2015


...................................

...THE BISHOP CA CLIMATE SUMMARY FOR APRIL 17 2015...

CLIMATE NORMAL PERIOD 1981 TO 2010
CLIMATE RECORD PERIOD 1943 TO 2015


WEATHER ITEM   OBSERVED TIME   RECORD YEAR NORMAL DEPARTURE LAST
                VALUE   (LST)  VALUE       VALUE  FROM      YEAR
                                                  NORMAL
..................................................................
TEMPERATURE (F)
 YESTERDAY
  MAXIMUM         81    357 PM  90    1989  73      8       84
                                      1954
  MINIMUM         36    517 AM  23    1976  36      0       43
  AVERAGE         59                        55      4       64

PRECIPITATION (IN)
  YESTERDAY        0.00          0.45 2000   0.01  -0.01     0.00
  MONTH TO DATE    0.00                      0.18  -0.18     0.07
  SINCE OCT 1      0.73                      4.23  -3.50     2.24
  SINCE JAN 1      0.27                      2.61  -2.34     2.02

SNOWFALL (IN)
  YESTERDAY        0.0           0.1  1971   0.0    0.0      0.0
  MONTH TO DATE    0.0                       0.0    0.0      0.1
  SINCE MAR 1      T                         0.9   -0.9      0.1
  SINCE JUL 1      T                         6.8   -6.8      0.6
  SNOW DEPTH       0

DEGREE DAYS
 HEATING
  YESTERDAY        6                        10     -4        1
  MONTH TO DATE  197                       208    -11      132
  SINCE MAR 1    497                       724   -227      567
  SINCE JUL 1   2938                      3931   -993     3517

 COOLING
  YESTERDAY        0                         0      0        0
  MONTH TO DATE    0                         0      0        2
  SINCE MAR 1      0                         0      0        2
  SINCE JAN 1      0                         0      0        2
..................................................................


WIND (MPH)
  RESULTANT WIND SPEED   5   RESULTANT WIND DIRECTION   N (340)
  HIGHEST WIND SPEED    20   HIGHEST WIND DIRECTION     N (360)
  HIGHEST GUST SPEED    24   HIGHEST GUST DIRECTION     N (360)
  AVERAGE WIND SPEED     7.8


SKY COVER
  POSSIBLE SUNSHINE  MM
  AVERAGE SKY COVER 0.0


WEATHER CONDITIONS
 THE FOLLOWING WEATHER WAS RECORDED YESTERDAY.
  NO SIGNIFICANT WEATHER WAS OBSERVED.


RELATIVE HUMIDITY (PERCENT)
 HIGHEST    29           600 AM
 LOWEST      4           400 PM
 AVERAGE    17

..........................................................


THE BISHOP CA CLIMATE NORMALS FOR TODAY
                         NORMAL    RECORD    YEAR
 MAXIMUM TEMPERATURE (F)   73        91      1989
 MINIMUM TEMPERATURE (F)   37        22      2002


SUNRISE AND SUNSET
APRIL 18 2015.........SUNRISE   615 AM PDT   SUNSET   731 PM PDT
APRIL 19 2015.........SUNRISE   614 AM PDT   SUNSET   732 PM PDT


-  INDICATES NEGATIVE NUMBERS.
R  INDICATES RECORD WAS SET OR TIED.
MM INDICATES DATA IS MISSING.
T  INDICATES TRACE AMOUNT.




$$
