000
CDUS45 KBYZ 180933
CLIBIL


CLIMATE REPORT
NATIONAL WEATHER SERVICE BILLINGS MT
332 AM MDT SAT APR 18 2015


...................................

...THE BILLINGS MT CLIMATE SUMMARY FOR APRIL 17 2015...

CLIMATE NORMAL PERIOD 1981 TO 2010
CLIMATE RECORD PERIOD 1934 TO 2015


WEATHER ITEM   OBSERVED TIME   RECORD YEAR NORMAL DEPARTURE LAST
                VALUE   (LST)  VALUE       VALUE  FROM      YEAR
                                                  NORMAL
..................................................................
TEMPERATURE (F)
 YESTERDAY
  MAXIMUM         66    335 PM  84    1994  58      8       64
                                      1987
  MINIMUM         33    315 AM  16    2013  35     -2       32
  AVERAGE         50                        46      4       48

PRECIPITATION (IN)
  YESTERDAY        0.00          1.33 1941   0.05  -0.05     0.00
  MONTH TO DATE    1.12                      0.88   0.24     0.09
  SINCE OCT 1      4.36                      5.21  -0.85     9.38
  SINCE JAN 1      2.79                      2.90  -0.11     4.49

SNOWFALL (IN)
  YESTERDAY        0.0          16.0  1941   0.3   -0.3      0.0
  MONTH TO DATE    5.9                       5.4    0.5      0.6
  SINCE MAR 1     11.3                      15.6   -4.3     11.2
  SINCE JUL 1     55.4                      50.1    5.3    101.4
  SNOW DEPTH       0

DEGREE DAYS
 HEATING
  YESTERDAY       15                        19     -4       17
  MONTH TO DATE  337                       354    -17      358
  SINCE MAR 1    893                      1199   -306     1325
  SINCE JUL 1   5534                      6164   -630     6598

 COOLING
  YESTERDAY        0                         0      0        0
  MONTH TO DATE    0                         0      0        0
  SINCE MAR 1      0                         0      0        0
  SINCE JAN 1      0                         0      0        0
..................................................................


WIND (MPH)
  HIGHEST WIND SPEED    17   HIGHEST WIND DIRECTION    SW (240)
  HIGHEST GUST SPEED    20   HIGHEST GUST DIRECTION    SW (230)
  AVERAGE WIND SPEED     8.3


SKY COVER
  POSSIBLE SUNSHINE  MM
  AVERAGE SKY COVER 0.0


WEATHER CONDITIONS
 THE FOLLOWING WEATHER WAS RECORDED YESTERDAY.
  NO SIGNIFICANT WEATHER WAS OBSERVED.


RELATIVE HUMIDITY (PERCENT)
 HIGHEST    82           400 AM
 LOWEST     21           200 PM
 AVERAGE    52

..........................................................


THE BILLINGS MT CLIMATE NORMALS FOR TODAY
                         NORMAL    RECORD    YEAR
 MAXIMUM TEMPERATURE (F)   58        83      1936
 MINIMUM TEMPERATURE (F)   35        18      1951


SUNRISE AND SUNSET
APRIL 18 2015.........SUNRISE   623 AM MDT   SUNSET   805 PM MDT
APRIL 19 2015.........SUNRISE   622 AM MDT   SUNSET   806 PM MDT


-  INDICATES NEGATIVE NUMBERS.
R  INDICATES RECORD WAS SET OR TIED.
MM INDICATES DATA IS MISSING.
T  INDICATES TRACE AMOUNT.





&&

...THE CLIMATE SUMMARY FOR SOUTHWEST BILLINGS FOR 17 APRIL 2015...

HIGH TEMPERATURE........................67
LOW TEMPERATURE.........................31

PRECIPITATION...........................0.00
MONTHLY PRECIPITATION TOTAL.............1.15
YEARLY PRECIPITATION TOTAL..............2.83

SNOWFALL................................0.0
MONTHLY SNOWFALL TOTAL..................2.4
TOTAL SNOWFALL SINCE JULY 1.............53.3

SNOW DEPTH AT MIDNIGHT..................0

$$
