000
CDUS43 KBIS 180723
CLIBIS


CLIMATE REPORT
NATIONAL WEATHER SERVICE BISMARCK ND
222 AM CDT SAT APR 18 2015


...................................

...THE BISMARCK ND CLIMATE SUMMARY FOR APRIL 17 2015...

CLIMATE NORMAL PERIOD 1981 TO 2010
CLIMATE RECORD PERIOD 1875 TO 2015


WEATHER ITEM   OBSERVED TIME   RECORD YEAR NORMAL DEPARTURE LAST
                VALUE   (LST)  VALUE       VALUE  FROM      YEAR
                                                  NORMAL
..................................................................
TEMPERATURE (F)
 YESTERDAY
  MAXIMUM         73    548 PM  85    1915  58     15       48
  MINIMUM         24    613 AM  10    1953  31     -7       24
  AVERAGE         49                        45      4       36

PRECIPITATION (IN)
  YESTERDAY        0.00          2.35 1878   0.03  -0.03     0.00
  MONTH TO DATE    0.10                      0.63  -0.53     0.25
  SINCE MAR 1      0.55                      1.50  -0.95     1.07
  SINCE JAN 1      1.69                      2.44  -0.75     1.64

SNOWFALL (IN)
  YESTERDAY        0.0           2.1  1959   0.1   -0.1      0.0
  MONTH TO DATE    T                         3.1   -3.1      3.9
  SINCE MAR 1      0.8                      12.2  -11.4     15.0
  SINCE JUL 1     23.7                      49.7  -26.0     40.2
  SNOW DEPTH       0

DEGREE DAYS
 HEATING
  YESTERDAY       16                        20     -4       29
  MONTH TO DATE  340                       408    -68      490
  SINCE MAR 1   1229                      1496   -267     1654
  SINCE JUL 1   7590                      7927   -337     8506

 COOLING
  YESTERDAY        0                         0      0        0
  MONTH TO DATE    0                         0      0        0
  SINCE MAR 1      0                         0      0        0
  SINCE JAN 1      0                         0      0        0
..................................................................


WIND (MPH)
  HIGHEST WIND SPEED    16   HIGHEST WIND DIRECTION    NW (320)
  HIGHEST GUST SPEED    21   HIGHEST GUST DIRECTION    NW (320)
  AVERAGE WIND SPEED     5.1


SKY COVER
  POSSIBLE SUNSHINE  MM
  AVERAGE SKY COVER 0.0


WEATHER CONDITIONS
 THE FOLLOWING WEATHER WAS RECORDED YESTERDAY.
  NO SIGNIFICANT WEATHER WAS OBSERVED.


RELATIVE HUMIDITY (PERCENT)
 HIGHEST    81           400 AM
 LOWEST     15          1200 PM
 AVERAGE    48

..........................................................


THE BISMARCK ND CLIMATE NORMALS FOR TODAY
                         NORMAL    RECORD    YEAR
 MAXIMUM TEMPERATURE (F)   59        92      1987
 MINIMUM TEMPERATURE (F)   32        12      1988
                                             1953


SUNRISE AND SUNSET
APRIL 18 2015.........SUNRISE   651 AM CDT   SUNSET   835 PM CDT
APRIL 19 2015.........SUNRISE   649 AM CDT   SUNSET   836 PM CDT


-  INDICATES NEGATIVE NUMBERS.
R  INDICATES RECORD WAS SET OR TIED.
MM INDICATES DATA IS MISSING.
T  INDICATES TRACE AMOUNT.




$$
