000
CDUS44 KOHX 031253
CLIBNA

CLIMATE REPORT
NATIONAL WEATHER SERVICE NASHVILLE TN
753 AM CDT SUN MAY 3 2015

...THE NASHVILLE CLIMATE SUMMARY FOR MAY 2 2015...

CLIMATE NORMAL PERIOD 1981 TO 2010
CLIMATE RECORD PERIOD 1871 TO 2015


WEATHER ITEM   OBSERVED TIME   RECORD YEAR NORMAL DEPARTURE
                VALUE   (LST)  VALUE       VALUE  FROM
                                                  NORMAL
...............................................................
TEMPERATURE (F)
 YESTERDAY
  MAXIMUM         79    135 PM  90    1901  75      4
  MINIMUM         47    531 AM  34    1963  53     -6
  AVERAGE         63                        64     -1

PRECIPITATION (IN)
  YESTERDAY        0.00          7.25 2010   0.18  -0.18
  MONTH TO DATE    0.00                      0.37  -0.37
  SINCE MAR 1     10.62                      8.48   2.14
  SINCE JAN 1     17.44                     16.17   1.27

SNOWFALL (IN)
  YESTERDAY        0.0           0.0  2002   0.0    0.0
                                      2001
  MONTH TO DATE    0.0                       0.0    0.0
  SINCE MAR 1      2.9                       0.9    2.0
  SINCE JUL 1      6.1                       6.3   -0.2
  SNOW DEPTH       0

DEGREE DAYS
 HEATING
  YESTERDAY        2                               -1
  MONTH TO DATE    9                                2
  SINCE MAR 1    573                             -124
  SINCE JUL 1   3763                              128

 COOLING
  YESTERDAY        0                               -2
  MONTH TO DATE    0                               -4
  SINCE MAR 1     42                               -7
  SINCE JAN 1     42                               -7
...............................................................

WIND (MPH)
  HIGHEST WIND SPEED    14   HIGHEST WIND DIRECTION    NE (50)
  HIGHEST GUST SPEED    28   HIGHEST GUST DIRECTION     S (160)
  AVERAGE WIND SPEED   2.7


RELATIVE HUMIDITY (PERCENT)
 HIGHEST    93
 LOWEST     29
 AVERAGE    61

LOW SINCE MIDNIGHT......................................50
PRECIPITATION SINCE MIDNIGHT............................0.00

THE NATIONAL HIGH TEMPERATURE YESTERDAY WAS 102 AT BULLHEAD CITY,
ARIZONA. THE NATIONAL LOW TEMPERATURE YESTERDAY WAS 26 AT MEACHAM,
OREGON AND PRIEST LAKE, WASHINGTON.

..........................................................

THE NASHVILLE CLIMATE NORMALS FOR TODAY
                         NORMAL    RECORD    YEAR
 MAXIMUM TEMPERATURE (F)   75        90      1901
 MINIMUM TEMPERATURE (F)   53        37      2005


SUNRISE AND SUNSET
MAY  3 2015...........SUNRISE   552 AM CDT   SUNSET   736 PM CDT
MAY  4 2015...........SUNRISE   551 AM CDT   SUNSET   736 PM CDT


-  INDICATES NEGATIVE NUMBERS.
R  INDICATES RECORD WAS SET OR TIED.
MM INDICATES DATA IS MISSING.
T  INDICATES TRACE AMOUNT.
$$
31
