000
CDUS45 KBOI 180121
CLIBOI


CLIMATE REPORT
NATIONAL WEATHER SERVICE BOISE ID
721 PM MDT FRI APR 17 2015


...................................

...THE BOISE ID CLIMATE SUMMARY FOR APRIL 17 2015...
VALID TODAY AS OF 0600 PM LOCAL TIME.

CLIMATE NORMAL PERIOD 1981 TO 2010
CLIMATE RECORD PERIOD 1878 TO 2015


WEATHER ITEM   OBSERVED TIME   RECORD YEAR NORMAL DEPARTURE LAST
                VALUE   (LST)  VALUE       VALUE  FROM      YEAR
                                                  NORMAL
..................................................................
TEMPERATURE (F)
 TODAY
  MAXIMUM         72    500 PM  88    1936  63      9       75
  MINIMUM         39    631 AM  21    1964  39      0       41
  AVERAGE         56                        51      5       58

PRECIPITATION (IN)
  TODAY            0.00          0.52 1955   0.04  -0.04     0.15
  MONTH TO DATE    0.54                      0.68  -0.14     0.76
  SINCE OCT 1      9.14                      7.95   1.19     9.02
  SINCE JAN 1      3.23                      4.30  -1.07     6.11

DEGREE DAYS
 HEATING
  TODAY            9                        14     -5        7
  MONTH TO DATE  285                       267     18      242
  SINCE MAR 1    752                       903   -151      830
  SINCE JUL 1   4347                      5062   -715     5170

 COOLING
  TODAY            0                         0      0        0
  MONTH TO DATE    0                         0      0        0
  SINCE MAR 1      0                         0      0        0
  SINCE JAN 1      0                         0      0        0
..................................................................


WIND (MPH)
  HIGHEST WIND SPEED    15   HIGHEST WIND DIRECTION    NW (320)
  HIGHEST GUST SPEED    18   HIGHEST GUST DIRECTION    NW (310)
  AVERAGE WIND SPEED     7.3



WEATHER CONDITIONS
 THE FOLLOWING WEATHER WAS RECORDED TODAY.
  NO SIGNIFICANT WEATHER WAS OBSERVED.


RELATIVE HUMIDITY (PERCENT)
 HIGHEST    70           500 AM
 LOWEST     16           500 PM
 AVERAGE    43

..........................................................


THE BOISE ID CLIMATE NORMALS FOR TOMORROW
                         NORMAL    RECORD    YEAR
 MAXIMUM TEMPERATURE (F)   63        89      1994
 MINIMUM TEMPERATURE (F)   40        21      1968


SUNRISE AND SUNSET
APRIL 17 2015.........SUNRISE   659 AM MDT   SUNSET   830 PM MDT
APRIL 18 2015.........SUNRISE   658 AM MDT   SUNSET   832 PM MDT


-  INDICATES NEGATIVE NUMBERS.
R  INDICATES RECORD WAS SET OR TIED.
MM INDICATES DATA IS MISSING.
T  INDICATES TRACE AMOUNT.




$$
