000
CDUS44 KLCH 270809
CLIBPT


CLIMATE REPORT
NATIONAL WEATHER SERVICE LAKE CHARLES, LA
308 AM CDT MON APR 27 2015


...................................

...THE BEAUMONT PORT ARTHUR CLIMATE SUMMARY FOR APRIL 26 2015...

CLIMATE NORMAL PERIOD 1981 TO 2010
CLIMATE RECORD PERIOD 1901 TO 2015


WEATHER ITEM   OBSERVED TIME   RECORD YEAR NORMAL DEPARTURE LAST
                VALUE   (LST)  VALUE       VALUE  FROM      YEAR
                                                  NORMAL
..................................................................
TEMPERATURE (F)
 YESTERDAY
  MAXIMUM         85    244 PM  93    1944  80      5       82
  MINIMUM         65    331 AM  47    1910  62      3       66
  AVERAGE         75                        71      4       74

PRECIPITATION (IN)
  YESTERDAY        T             3.40 1990   0.12  -0.12     0.00
  MONTH TO DATE    9.35                      2.70   6.65     1.98
  SINCE MAR 1     17.47                      6.23  11.24     4.27
  SINCE JAN 1     24.45                     15.07   9.38    10.99

SNOWFALL (IN)
  YESTERDAY        0.0           0.0    MM   0.0    0.0      0.0
  MONTH TO DATE    0.0                       0.0    0.0      0.0
  SINCE MAR 1      T                         0.0    0.0      0.0
  SINCE JUL 1      T                         T      0.0      0.3
  SNOW DEPTH       0

DEGREE DAYS
 HEATING
  YESTERDAY        0                         0      0        0
  MONTH TO DATE    0                        39    -39       37
  SINCE MAR 1    103                       187    -84      241
  SINCE JUL 1   1360                      1400    -40     1710

 COOLING
  YESTERDAY       10                         6      4        9
  MONTH TO DATE  217                       117    100      114
  SINCE MAR 1    288                       172    116      137
  SINCE JAN 1    296                       198     98      161
..................................................................


WIND (MPH)
  HIGHEST WIND SPEED    35   HIGHEST WIND DIRECTION    SE (140)
  HIGHEST GUST SPEED    46   HIGHEST GUST DIRECTION    SE (130)
  AVERAGE WIND SPEED     6.3


SKY COVER
  POSSIBLE SUNSHINE  MM
  AVERAGE SKY COVER 0.7


WEATHER CONDITIONS
 THE FOLLOWING WEATHER WAS RECORDED YESTERDAY.
  LIGHT RAIN
  FOG
  FOG W/VISIBILITY <= 1/4 MILE
  HAZE


RELATIVE HUMIDITY (PERCENT)
 HIGHEST   100           100 AM
 LOWEST     69           300 PM
 AVERAGE    85

..........................................................


THE BEAUMONT PORT ARTHUR CLIMATE NORMALS FOR TODAY
                         NORMAL    RECORD    YEAR
 MAXIMUM TEMPERATURE (F)   81        93      2011
 MINIMUM TEMPERATURE (F)   62        49      2005
                                             1980


SUNRISE AND SUNSET
APRIL 27 2015.........SUNRISE   637 AM CDT   SUNSET   751 PM CDT
APRIL 28 2015.........SUNRISE   636 AM CDT   SUNSET   751 PM CDT


-  INDICATES NEGATIVE NUMBERS.
R  INDICATES RECORD WAS SET OR TIED.
MM INDICATES DATA IS MISSING.
T  INDICATES TRACE AMOUNT.




$$
