000
CDUS45 KPIH 210731
CLIBYI


CLIMATE REPORT
NATIONAL WEATHER SERVICE POCATELLO ID
130 AM MDT TUE APR 21 2015


...................................

...THE BURLEY ID CLIMATE SUMMARY FOR APRIL 20 2015...

CLIMATE NORMAL PERIOD 1981 TO 2010
CLIMATE RECORD PERIOD 1948 TO 2015


WEATHER ITEM   OBSERVED TIME   RECORD YEAR NORMAL DEPARTURE LAST
                VALUE   (LST)  VALUE       VALUE  FROM      YEAR
                                                  NORMAL
..................................................................
TEMPERATURE (F)
 YESTERDAY
  MAXIMUM         69    318 PM  89    1994  60      9       61
  MINIMUM         32    605 AM  17    1982  34     -2       38
  AVERAGE         51                        47      4       50

PRECIPITATION (IN)
  YESTERDAY        0.00          0.60 1981   0.03  -0.03     0.00
  MONTH TO DATE    0.14                      0.65  -0.51     0.51
  SINCE OCT 1      3.49                      6.19  -2.70     4.44
  SINCE JAN 1      1.44                      3.36  -1.92     3.83

SNOWFALL (IN)
  YESTERDAY       MM
  MONTH TO DATE   MM
  SINCE MAR 1     MM
  SINCE JUL 1     MM
  SNOW DEPTH      MM

DEGREE DAYS
 HEATING
  YESTERDAY       14                        18     -4       15
  MONTH TO DATE  384                       402    -18      352
  SINCE MAR 1    980                      1199   -219     1047
  SINCE JUL 1   4957                      6221  -1264     5742

 COOLING
  YESTERDAY        0                         0      0        0
  MONTH TO DATE    0                         0      0        0
  SINCE MAR 1      0                         0      0        0
  SINCE JAN 1      0                         0      0        0
..................................................................


WIND (MPH)
  HIGHEST WIND SPEED    13   HIGHEST WIND DIRECTION    SW (220)
  HIGHEST GUST SPEED    17   HIGHEST GUST DIRECTION     W (270)
  AVERAGE WIND SPEED     5.5


SKY COVER
  POSSIBLE SUNSHINE  MM
  AVERAGE SKY COVER 0.0


WEATHER CONDITIONS
 THE FOLLOWING WEATHER WAS RECORDED YESTERDAY.
  NO SIGNIFICANT WEATHER WAS OBSERVED.


RELATIVE HUMIDITY (PERCENT)
 HIGHEST    78           500 AM
 LOWEST     19           500 PM
 AVERAGE    49

..........................................................


THE BURLEY ID CLIMATE NORMALS FOR TODAY
                         NORMAL    RECORD    YEAR
 MAXIMUM TEMPERATURE (F)   60        88      1994
 MINIMUM TEMPERATURE (F)   35        16      1982


SUNRISE AND SUNSET
APRIL 21 2015.........SUNRISE   645 AM MDT   SUNSET   824 PM MDT
APRIL 22 2015.........SUNRISE   643 AM MDT   SUNSET   825 PM MDT


-  INDICATES NEGATIVE NUMBERS.
R  INDICATES RECORD WAS SET OR TIED.
MM INDICATES DATA IS MISSING.
T  INDICATES TRACE AMOUNT.




$$
