000
CDUS45 KTFX 030831
CLIBZN


CLIMATE REPORT
NATIONAL WEATHER SERVICE GREAT FALLS MT
231 AM MDT SUN MAY 3 2015


...................................

...THE BOZEMAN/GALLATIN FIELD MT CLIMATE SUMMARY FOR MAY 2 2015...

CLIMATE NORMAL PERIOD 1981 TO 2010
CLIMATE RECORD PERIOD 1935 TO 2015


WEATHER ITEM   OBSERVED TIME   RECORD YEAR NORMAL DEPARTURE LAST
                VALUE   (LST)  VALUE       VALUE  FROM      YEAR
                                                  NORMAL
..................................................................
TEMPERATURE (F)
 YESTERDAY
  MAXIMUM         70    310 PM  85    1947  64      6       76
                                      1944
  MINIMUM         40   1229 AM  18    2013  35      5       35
                                      1954
  AVERAGE         55                        50      5       56

PRECIPITATION (IN)
  YESTERDAY        0.00          0.44 1948   0.07  -0.07     0.00
  MONTH TO DATE    0.00                      0.13  -0.13     0.00
  SINCE OCT 1      4.56                      5.96  -1.40     4.43
  SINCE JAN 1      2.63                      3.58  -0.95     3.38

SNOWFALL (IN)
  YESTERDAY        0.0           4.0  1948   0.2   -0.2      0.0
  MONTH TO DATE    0.0                       0.3   -0.3      0.0
  SINCE MAR 1      7.0                      15.5   -8.5      7.3
  SINCE JUL 1     37.4                      37.8   -0.4     32.3
  SNOW DEPTH       0

DEGREE DAYS
 HEATING
  YESTERDAY       10                        15     -5        9
  MONTH TO DATE   24                        31     -7       24
  SINCE MAR 1   1466                      1512    -46     1667
  SINCE JUL 1   7048                      7092    -44     7682

 COOLING
  YESTERDAY        0                         0      0        0
  MONTH TO DATE    0                         0      0        0
  SINCE MAR 1      0                         0      0        0
  SINCE JAN 1      0                         0      0        0
..................................................................


WIND (MPH)
  HIGHEST WIND SPEED    23   HIGHEST WIND DIRECTION     W (280)
  HIGHEST GUST SPEED    30   HIGHEST GUST DIRECTION     W (280)
  AVERAGE WIND SPEED     6.8


SKY COVER
  AVERAGE SKY COVER 0.3


WEATHER CONDITIONS
 THE FOLLOWING WEATHER WAS RECORDED YESTERDAY.
  NO SIGNIFICANT WEATHER WAS OBSERVED.


RELATIVE HUMIDITY (PERCENT)
 HIGHEST    67
 LOWEST     16
 AVERAGE    42

..........................................................


THE BOZEMAN/GALLATIN FIELD MT CLIMATE NORMALS FOR TODAY
                         NORMAL    RECORD    YEAR
 MAXIMUM TEMPERATURE (F)   65        80      1985
 MINIMUM TEMPERATURE (F)   35        19      2001


SUNRISE AND SUNSET
MAY  3 2015...........SUNRISE   609 AM MDT   SUNSET   834 PM MDT
MAY  4 2015...........SUNRISE   608 AM MDT   SUNSET   836 PM MDT


-  INDICATES NEGATIVE NUMBERS.
R  INDICATES RECORD WAS SET OR TIED.
MM INDICATES DATA IS MISSING.
T  INDICATES TRACE AMOUNT.




$$
