000
CDUS45 KABQ 030828
CLICAO


CLIMATE REPORT
NATIONAL WEATHER SERVICE ALBUQUERQUE NM
226 AM MDT SUN MAY 3 2015


...................................

...THE CLAYTON  NM CLIMATE SUMMARY FOR MAY 2 2015...

CLIMATE NORMAL PERIOD 1981 TO 2010
CLIMATE RECORD PERIOD 1896 TO 2015


WEATHER ITEM   OBSERVED TIME   RECORD YEAR NORMAL DEPARTURE
                VALUE   (LST)  VALUE       VALUE  FROM
                                                  NORMAL
...............................................................
TEMPERATURE (F)
 YESTERDAY
  MAXIMUM         83    136 PM  89    2012  72     11
  MINIMUM         52    504 AM  23    2013  43      9
                                      1967
                                      1929
  AVERAGE         68                        57     11

PRECIPITATION (IN)
  YESTERDAY        0.19          1.35 1941   0.04   0.15
  MONTH TO DATE    0.21                      0.08   0.13
  SINCE MAR 1      1.91                      1.97  -0.06
  SINCE JAN 1      4.93                      2.59   2.34

SNOWFALL (IN)
  YESTERDAY        0.0
  MONTH TO DATE    0.0
  SINCE MAR 1      0.9
  SINCE JUL 1     26.1

DEGREE DAYS
 HEATING
  YESTERDAY        0                         8     -8
  MONTH TO DATE    4                        16    -12
  SINCE MAR 1    823                      1045   -222
  SINCE JUL 1   4266                      4722   -456

 COOLING
  YESTERDAY        3                         1      2
  MONTH TO DATE    3                         1      2
  SINCE MAR 1      3                         7     -4
  SINCE JAN 1      3                         7     -4
...............................................................


WIND (MPH)
  HIGHEST WIND SPEED    26   HIGHEST WIND DIRECTION     W (250)
  HIGHEST GUST SPEED    35   HIGHEST GUST DIRECTION    SW (220)
  AVERAGE WIND SPEED    12.7


SKY COVER
  AVERAGE SKY COVER 0.1


WEATHER CONDITIONS
 THE FOLLOWING WEATHER WAS RECORDED YESTERDAY.
  THUNDERSTORM
  LIGHT RAIN


RELATIVE HUMIDITY (PERCENT)
 HIGHEST    64           500 AM
 LOWEST     20           100 PM
 AVERAGE    42

..........................................................


THE CLAYTON  NM CLIMATE NORMALS FOR TODAY
                         NORMAL    RECORD    YEAR
 MAXIMUM TEMPERATURE (F)   72        90      1947
                                             1940
 MINIMUM TEMPERATURE (F)   43        24      1954


SUNRISE AND SUNSET
MAY  3 2015...........SUNRISE   557 AM MDT   SUNSET   742 PM MDT
MAY  4 2015...........SUNRISE   556 AM MDT   SUNSET   743 PM MDT


-  INDICATES NEGATIVE NUMBERS.
R  INDICATES RECORD WAS SET OR TIED.
MM INDICATES DATA IS MISSING.
T  INDICATES TRACE AMOUNT.

$$
