000
CDAK48 PACD 272335
CLICDB

CLIMATE REPORT
NATIONAL WEATHER SERVICE COLD BAY, AK
335 PM AKDT MON APR 27 2015

...................................
...THE COLD BAY AP CLIMATE SUMMARY FOR APRIL 27 2015...
VALID TODAY AS OF 2:00 PM LOCAL TIME

CLIMATE NORMAL PERIOD  1981 TO  2010
CLIMATE RECORD PERIOD  1942 TO  2015

WEATHER ITEM   OBSERVED TIME    RECORD YEAR NORMAL DEPARTURE LAST
               VALUE    (LST)   VALUE       VALUE  FROM      YEAR
                                                   NORMAL
...................................................................
TEMPERATURE
TODAY
 MAXIMUM            46  0135 PM    49  2012     42       4     47
 MINIMUM            30  0505 AM    19  1976     31      -1     39
 AVERAGE            38                          36       2     43

PRECIPITATION
(INCHES)
 TODAY               T           1.08  1979   0.08   -0.08   0.05
 MONTH TO DATE    1.50                        2.19   -0.69   1.83
 SINCE MAR 1      4.65                        4.89   -0.24   3.22
 SINCE JAN 1      7.16                       11.03   -3.87  11.67

SNOWFALL
(INCHES)
 TODAY             0.0            1.0  1949    0.1    -0.1    0.0
 MONTH TO DATE     8.0                         6.2     1.8    1.4
 SINCE MAR 1      13.6                        19.2    -5.6    8.2
 SINCE JUL 1      22.3                        71.4   -49.1   37.3
 SNOW DEPTH (IN)     0                                          0

DEGREE DAYS
 HEATING
  TODAY             27                          29      -2     22
  MONTH TO DATE    831                         846     -15    703
  SINCE MAR 1     1773                        1925    -152   1667
  SINCE JUL 1     7146                        8149   -1003   6811

 COOLING
  TODAY              0                           0       0      0
  MONTH TO DATE      0                           0       0      0
  SINCE MAR 1        0                           0       0      0
  SINCE JAN 1        0                           0       0      0
...................................................................

WIND (MPH)
 HIGHEST WIND SPEED    16     HIGHEST WIND DIRECTION    120
 HIGHEST GUST SPEED    20     HIGHEST GUST DIRECTION    160
 AVERAGE WIND SPEED    MM

WEATHER CONDITIONS
 THE FOLLOWING WEATHER WAS RECORDED TODAY.
  RAIN
  FOG
...................................................................

THE COLD BAY CLIMATE NORMALS FOR TOMORROW
                        NORMAL    RECORD   YEAR
 MAXIMUM TEMPERATURE      42        52     1993
 MINIMUM TEMPERATURE      32        15     1976

SUNRISE AND SUNSET
 APR 27 2015..........SUNRISE  7:19 AM      SUNSET 10:20 PM
 APR 28 2015..........SUNRISE  7:17 AM      SUNSET 10:22 PM

-  INDICATES NEGATIVE NUMBERS.
R  INDICATES RECORD HAS BEEN SET OR TIED.
MM INDICATES DATA IS MISSING.
T  INDICATES TRACE OF PRECIPITATION.

&&
-------------------------------------------------------------------

AMOUNT OF DAYLIGHT TODAY  (HOUR:MIN)........15 HOURS 1 MINUTES
GAIN SINCE YESTERDAY  (HOUR:MIN:SEC)........+0:04:13

$$
DAB APR 15
