000
CDUS45 KSLC 181219
CLICDC


CLIMATE REPORT
NATIONAL WEATHER SERVICE SALT LAKE CITY UT
618 AM MDT SAT APR 18 2015


...................................

...THE CEDAR CITY UT CLIMATE SUMMARY FOR APRIL 17 2015...

CLIMATE NORMAL PERIOD 1981 TO 2010
CLIMATE RECORD PERIOD 1928 TO 2015


WEATHER ITEM   OBSERVED TIME   RECORD YEAR NORMAL DEPARTURE LAST
                VALUE   (LST)  VALUE       VALUE  FROM      YEAR
                                                  NORMAL
..................................................................
TEMPERATURE (F)
 YESTERDAY
  MAXIMUM         59    432 PM  81    1962  62     -3       75
  MINIMUM         26    545 AM  17    2008  32     -6       29
  AVERAGE         43                        47     -4       52

PRECIPITATION (IN)
  YESTERDAY        0.00          0.69 1988   0.03  -0.03     0.00
  MONTH TO DATE    0.12                      0.66  -0.54      T
  SINCE OCT 1      5.30                      6.98  -1.68     3.30
  SINCE JAN 1      3.17                      3.87  -0.70     1.36

DEGREE DAYS
 HEATING
  YESTERDAY       22                        18      4       13
  MONTH TO DATE  351                       344      7      311
  SINCE MAR 1    992                      1116   -124     1041
  SINCE JUL 1   4830                      5678   -848     5628

 COOLING
  YESTERDAY        0                         0      0        0
  MONTH TO DATE    0                         0      0        0
  SINCE MAR 1      0                         0      0        0
  SINCE JAN 1      0                         0      0        0
..................................................................


WIND (MPH)
  RESULTANT WIND SPEED   7   RESULTANT WIND DIRECTION  NE (30)
  HIGHEST WIND SPEED    21   HIGHEST WIND DIRECTION     N (360)
  HIGHEST GUST SPEED    30   HIGHEST GUST DIRECTION    NE (40)
  AVERAGE WIND SPEED     8.5



WEATHER CONDITIONS
 THE FOLLOWING WEATHER WAS RECORDED YESTERDAY.
  NO SIGNIFICANT WEATHER WAS OBSERVED.


RELATIVE HUMIDITY (PERCENT)
 HIGHEST    92           600 AM
 LOWEST     30           500 PM
 AVERAGE    61

..........................................................


THE CEDAR CITY UT CLIMATE NORMALS FOR TODAY
                         NORMAL    RECORD    YEAR
 MAXIMUM TEMPERATURE (F)   62        82      1989
 MINIMUM TEMPERATURE (F)   32        14      1963


SUNRISE AND SUNSET
APRIL 18 2015.........SUNRISE   653 AM MDT   SUNSET   811 PM MDT
APRIL 19 2015.........SUNRISE   652 AM MDT   SUNSET   812 PM MDT


-  INDICATES NEGATIVE NUMBERS.
R  INDICATES RECORD WAS SET OR TIED.
MM INDICATES DATA IS MISSING.
T  INDICATES TRACE AMOUNT.




$$
