000
CDUS45 KCYS 190729
CLICDR


CLIMATE REPORT
NATIONAL WEATHER SERVICE CHEYENNE WY
128 AM MDT SUN APR 19 2015


...................................

...THE CHADRON NE AIRPORT CLIMATE SUMMARY FOR APRIL 18 2015...

CLIMATE NORMAL PERIOD 1981 TO 2010
CLIMATE RECORD PERIOD 1895 TO 2015


WEATHER ITEM   OBSERVED TIME   RECORD YEAR NORMAL DEPARTURE LAST
                VALUE   (LST)  VALUE       VALUE  FROM      YEAR
                                                  NORMAL
..................................................................
TEMPERATURE (F)
 YESTERDAY
  MAXIMUM         53    458 PM  85    1985  61     -8       82
  MINIMUM         44   1156 PM  16    1956  30     14       37
  AVERAGE         49                        46      3       60

PRECIPITATION (IN)
  YESTERDAY        0.18          2.42 1920   0.07   0.11     0.00
  MONTH TO DATE    1.10                      1.02   0.08     1.01
  SINCE JAN 1      2.29                      3.22  -0.93     2.59

DEGREE DAYS
 HEATING
  YESTERDAY       16                        19     -3        5
  MONTH TO DATE  357                       400    -43      386
  SINCE MAR 1   1034                      1305   -271     1284
  SINCE JUL 1   5979                      6557   -578     6758

 COOLING
  YESTERDAY        0                         0      0        0
  MONTH TO DATE    0                         0      0        0
  SINCE MAR 1      0                         0      0        0
  SINCE JAN 1      0                         0      0        0
..................................................................


WIND (MPH)
  HIGHEST WIND SPEED    23   HIGHEST WIND DIRECTION     N (360)
  HIGHEST GUST SPEED    30   HIGHEST GUST DIRECTION     N (350)
  AVERAGE WIND SPEED     8.7


SKY COVER
  AVERAGE SKY COVER 1.0


WEATHER CONDITIONS
 THE FOLLOWING WEATHER WAS RECORDED YESTERDAY.
  LIGHT RAIN
  FOG


RELATIVE HUMIDITY (PERCENT)
 HIGHEST   100           300 AM
 LOWEST     77           400 PM
 AVERAGE    89

..........................................................


THE CHADRON NE AIRPORT CLIMATE NORMALS FOR TODAY
                         NORMAL    RECORD    YEAR
 MAXIMUM TEMPERATURE (F)   61        84      1989
                                             1961
 MINIMUM TEMPERATURE (F)   31         9      1966


SUNRISE AND SUNSET
APRIL 19 2015.........SUNRISE   605 AM MDT   SUNSET   739 PM MDT
APRIL 20 2015.........SUNRISE   603 AM MDT   SUNSET   740 PM MDT


-  INDICATES NEGATIVE NUMBERS.
R  INDICATES RECORD WAS SET OR TIED.
MM INDICATES DATA IS MISSING.
T  INDICATES TRACE AMOUNT.




$$
