000
CDUS46 KLOX 020113
CLICMA


CLIMATE REPORT
NATIONAL WEATHER SERVICE LOS ANGELES/OXNARD CA
613 PM PDT WED APR 1 2015


...................................

...THE CAMARILLO CLIMATE SUMMARY FOR APRIL 1 2015...
VALID TODAY AS OF 0600 PM LOCAL TIME.

CLIMATE NORMAL PERIOD 1981 TO 2010
CLIMATE RECORD PERIOD 1948 TO 2015


WEATHER ITEM   OBSERVED TIME   RECORD YEAR NORMAL DEPARTURE LAST
                VALUE   (LST)  VALUE       VALUE  FROM      YEAR
                                                  NORMAL
..................................................................
TEMPERATURE (F)
 TODAY
  MAXIMUM         74    210 PM  91    1985  67      7       63
  MINIMUM         49    534 AM  38    1967  48      1       47
  AVERAGE         62                        58      4       55

PRECIPITATION (IN)
  TODAY            0.00          1.02 1958   0.03  -0.03     0.04
  MONTH TO DATE    0.00                      0.03  -0.03     0.04
  SINCE OCT 1      8.01                     13.86  -5.85     4.95
  SINCE JAN 1      3.10                      9.86  -6.76     4.17

SNOWFALL (IN)
  TODAY            0.0
  MONTH TO DATE    0.0
  SINCE MAR 1      0.0
  SINCE JUL 1      0.0

DEGREE DAYS
 HEATING
  TODAY            3                         8     -5       10
  MONTH TO DATE    3                         8     -5       10
  SINCE MAR 1     94                       285   -191      161
  SINCE JUL 1    751                      1621   -870     1114

 COOLING
  TODAY            0                         0      0        0
  MONTH TO DATE    0                         0      0        0
  SINCE MAR 1     56                         4     52       12
  SINCE JAN 1     95                        13     82       40
..................................................................


WIND (MPH)
  HIGHEST WIND SPEED    15   HIGHEST WIND DIRECTION    SW (230)
  HIGHEST GUST SPEED    20   HIGHEST GUST DIRECTION    SW (240)
  AVERAGE WIND SPEED     5.9


SKY COVER
  POSSIBLE SUNSHINE  MM
  AVERAGE SKY COVER 0.0


WEATHER CONDITIONS
 THE FOLLOWING WEATHER WAS RECORDED TODAY.
  NO SIGNIFICANT WEATHER WAS OBSERVED.


RELATIVE HUMIDITY (PERCENT)
 HIGHEST    89           200 AM
 LOWEST     23           300 PM
 AVERAGE    56

..........................................................


THE CAMARILLO CLIMATE NORMALS FOR TOMORROW
                         NORMAL    RECORD    YEAR
 MAXIMUM TEMPERATURE (F)   67        89      1960
 MINIMUM TEMPERATURE (F)   48        35      1967


SUNRISE AND SUNSET
APRIL  1 2015.........SUNRISE   644 AM PDT   SUNSET   717 PM PDT
APRIL  2 2015.........SUNRISE   643 AM PDT   SUNSET   718 PM PDT


-  INDICATES NEGATIVE NUMBERS.
R  INDICATES RECORD WAS SET OR TIED.
MM INDICATES DATA IS MISSING.
T  INDICATES TRACE AMOUNT.




$$
