000
CDUS41 KGYX 280801
CLICON


CLIMATE REPORT
NATIONAL WEATHER SERVICE GRAY ME
401 AM EDT TUE APR 28 2015


...................................

...THE CONCORD NH CLIMATE SUMMARY FOR APRIL 27 2015...

CLIMATE NORMAL PERIOD 1981 TO 2010
CLIMATE RECORD PERIOD 1868 TO 2015


WEATHER ITEM   OBSERVED TIME   RECORD YEAR NORMAL DEPARTURE LAST
                VALUE   (LST)  VALUE       VALUE  FROM      YEAR
                                                  NORMAL
..................................................................
TEMPERATURE (F)
 YESTERDAY
  MAXIMUM         58    143 PM  92    1990  63     -5       52
  MINIMUM         44   1246 AM  21    1974  36      8       37
                                      1972
  AVERAGE         51                        50      1       45

PRECIPITATION (IN)
  YESTERDAY        T             0.97 1979   0.12  -0.12     0.30
  MONTH TO DATE    2.23                      3.06  -0.83     2.39
  SINCE MAR 1      3.71                      6.33  -2.62     6.37
  SINCE JAN 1      9.77                     11.65  -1.88    13.69

SNOWFALL (IN)
  YESTERDAY        0.0           0.5  1982   0.0    0.0      0.0
  MONTH TO DATE    2.1                       2.7   -0.6      0.2
  SINCE MAR 1      7.9                      13.8   -5.9     10.6
  SINCE JUL 1     92.1                      61.3   30.8     80.4
  SNOW DEPTH       0

DEGREE DAYS
 HEATING
  YESTERDAY       14                        16     -2       20
  MONTH TO DATE  572                       556     16      556
  SINCE MAR 1   1720                      1543    177     1770
  SINCE JUL 1   7174                      6803    371     7239

 COOLING
  YESTERDAY        0                         0      0        0
  MONTH TO DATE    0                         0      0        0
  SINCE MAR 1      0                         0      0        0
  SINCE JAN 1      0                         0      0        0
..................................................................


WIND (MPH)
  RESULTANT WIND SPEED  12   RESULTANT WIND DIRECTION  NW (320)
  HIGHEST WIND SPEED    26   HIGHEST WIND DIRECTION    NW (310)
  HIGHEST GUST SPEED    34   HIGHEST GUST DIRECTION    NW (310)
  AVERAGE WIND SPEED    11.8


SKY COVER
  AVERAGE SKY COVER 0.8


WEATHER CONDITIONS
 THE FOLLOWING WEATHER WAS RECORDED YESTERDAY.
  NO SIGNIFICANT WEATHER WAS OBSERVED.


RELATIVE HUMIDITY (PERCENT)
 HIGHEST    71           800 PM
 LOWEST     40           200 PM
 AVERAGE    56

..........................................................


THE CONCORD NH CLIMATE NORMALS FOR TODAY
                         NORMAL    RECORD    YEAR
 MAXIMUM TEMPERATURE (F)   63        93      2009
 MINIMUM TEMPERATURE (F)   37        25      1975
                                             1971


SUNRISE AND SUNSET
APRIL 28 2015.........SUNRISE   544 AM EDT   SUNSET   744 PM EDT
APRIL 29 2015.........SUNRISE   543 AM EDT   SUNSET   745 PM EDT


-  INDICATES NEGATIVE NUMBERS.
R  INDICATES RECORD WAS SET OR TIED.
MM INDICATES DATA IS MISSING.
T  INDICATES TRACE AMOUNT.




$$
