000
CDUS46 KLOX 180903
CLICQT


CLIMATE REPORT
NATIONAL WEATHER SERVICE LOS ANGELES/OXNARD CA
203 AM PDT SAT APR 18 2015


...................................

...THE DOWNTOWN LOS ANGELES (USC) CA CLIMATE SUMMARY FOR APRIL 17 2015...

CLIMATE NORMAL PERIOD 1981 TO 2010
CLIMATE RECORD PERIOD 1877 TO 2015


WEATHER ITEM   OBSERVED TIME   RECORD YEAR NORMAL DEPARTURE LAST
                VALUE   (LST)  VALUE       VALUE  FROM      YEAR
                                                  NORMAL
..................................................................
TEMPERATURE (F)
 YESTERDAY
  MAXIMUM         81   1108 AM  90    1999  73      8       71
  MINIMUM         56    415 AM  40    1896  54      2       59
  AVERAGE         69                        63      6       65

PRECIPITATION (IN)
  YESTERDAY        0.00          1.24 2000   0.03  -0.03     0.00
  MONTH TO DATE    0.13                      0.60  -0.47     0.29
  SINCE OCT 1      7.53                     13.98  -6.45     5.93
  SINCE JAN 1      2.92                      9.95  -7.03     5.05

SNOWFALL (IN)
  YESTERDAY        0.0
  MONTH TO DATE    0.0
  SINCE MAR 1      0.0
  SINCE JUL 1      0.0

DEGREE DAYS
 HEATING
  YESTERDAY        0                         3     -3        0
  MONTH TO DATE   21                        63    -42       40
  SINCE MAR 1     50                       220   -170      103
  SINCE JUL 1    413                       995   -582      580

 COOLING
  YESTERDAY        4                         1      3        0
  MONTH TO DATE   31                        17     14       24
  SINCE MAR 1    168                        37    131       53
  SINCE JAN 1    225                        60    165       76
..................................................................


WIND (MPH)
  HIGHEST WIND SPEED    14   HIGHEST WIND DIRECTION     W (280)
  HIGHEST GUST SPEED    22   HIGHEST GUST DIRECTION     W (280)
  AVERAGE WIND SPEED     2.0


SKY COVER
  POSSIBLE SUNSHINE  MM
  AVERAGE SKY COVER 0.0


WEATHER CONDITIONS
 THE FOLLOWING WEATHER WAS RECORDED YESTERDAY.
  NO SIGNIFICANT WEATHER WAS OBSERVED.


RELATIVE HUMIDITY (PERCENT)
 HIGHEST    52          1100 PM
 LOWEST     15           900 AM
 AVERAGE    34

..........................................................


THE DOWNTOWN LOS ANGELES (USC) CA CLIMATE NORMALS FOR TODAY
                         NORMAL    RECORD    YEAR
 MAXIMUM TEMPERATURE (F)   73        91      1939
 MINIMUM TEMPERATURE (F)   54        40      1882


SUNRISE AND SUNSET
APRIL 18 2015.........SUNRISE   619 AM PDT   SUNSET   727 PM PDT
APRIL 19 2015.........SUNRISE   618 AM PDT   SUNSET   728 PM PDT


-  INDICATES NEGATIVE NUMBERS.
R  INDICATES RECORD WAS SET OR TIED.
MM INDICATES DATA IS MISSING.
T  INDICATES TRACE AMOUNT.




$$
