000
CDUS41 KRLX 270719
CLICRW


CLIMATE REPORT
NATIONAL WEATHER SERVICE CHARLESTON WV
318 AM EDT MON APR 27 2015


...................................

...THE CHARLESTON WV CLIMATE SUMMARY FOR APRIL 26 2015...

CLIMATE NORMAL PERIOD 1981 TO 2010
CLIMATE RECORD PERIOD 1901 TO 2015


WEATHER ITEM   OBSERVED TIME   RECORD YEAR NORMAL DEPARTURE LAST
                VALUE   (LST)  VALUE       VALUE  FROM      YEAR
                                                  NORMAL
..................................................................
TEMPERATURE (F)
 YESTERDAY
  MAXIMUM         64    436 PM  95    1915  71     -7       79
  MINIMUM         43    632 AM  29    1927  47     -4       41
  AVERAGE         54                        59     -5       60

PRECIPITATION (IN)
  YESTERDAY        0.09          1.71 2012   0.12  -0.03     0.00
  MONTH TO DATE    6.27                      2.77   3.50     2.10
  SINCE JAN 1     17.24                     12.87   4.37    12.86

SNOWFALL (IN)
  YESTERDAY        0.0
  MONTH TO DATE    0.0
  SINCE SEP 1     29.1
  SNOW DEPTH       0

DEGREE DAYS
 HEATING
  YESTERDAY       11                         7      4        5
  MONTH TO DATE  210                       268    -58      198
  SINCE MAR 1    823                       868    -45      916
  SINCE JUL 1   4728                      4322    406     4683

 COOLING
  YESTERDAY        0                         1     -1        0
  MONTH TO DATE   15                        25    -10       15
  SINCE MAR 1     15                        30    -15       15
  SINCE JAN 1     15                        30    -15       15
..................................................................


WIND (MPH)
  HIGHEST WIND SPEED    15   HIGHEST WIND DIRECTION    NW (330)
  HIGHEST GUST SPEED    20   HIGHEST GUST DIRECTION     W (290)
  AVERAGE WIND SPEED     4.7


SKY COVER
  POSSIBLE SUNSHINE  MM
  AVERAGE SKY COVER 0.7


WEATHER CONDITIONS
 THE FOLLOWING WEATHER WAS RECORDED YESTERDAY.
  LIGHT RAIN
  FOG


RELATIVE HUMIDITY (PERCENT)
 HIGHEST   100           100 AM
 LOWEST     25           600 PM
 AVERAGE    63

..........................................................


THE CHARLESTON WV CLIMATE NORMALS FOR TODAY
                         NORMAL    RECORD    YEAR
 MAXIMUM TEMPERATURE (F)   71        94      1990
 MINIMUM TEMPERATURE (F)   48        30      1926
                                             1919


SUNRISE AND SUNSET
APRIL 27 2015.........SUNRISE   635 AM EDT   SUNSET   814 PM EDT
APRIL 28 2015.........SUNRISE   634 AM EDT   SUNSET   815 PM EDT


-  INDICATES NEGATIVE NUMBERS.
R  INDICATES RECORD WAS SET OR TIED.
MM INDICATES DATA IS MISSING.
T  INDICATES TRACE AMOUNT.




$$
