000
CDUS42 KFFC 020035
CLICSG


CLIMATE REPORT
NATIONAL WEATHER SERVICE PEACHTREE CITY GA
835 PM EDT WED APR 1 2015


...................................

...THE COLUMBUS CLIMATE SUMMARY FOR APRIL 1 2015...
VALID AS OF 0800 PM LOCAL TIME.

CLIMATE NORMAL PERIOD 1981 TO 2010
CLIMATE RECORD PERIOD 1948 TO 2015


WEATHER ITEM   OBSERVED TIME   RECORD YEAR NORMAL DEPARTURE LAST
                VALUE   (LST)  VALUE       VALUE  FROM      YEAR
                                                  NORMAL
..................................................................
TEMPERATURE (F)
 TODAY
  MAXIMUM         83    502 PM  88    1974  73     10       82
  MINIMUM         57    304 AM  30    1987  49      8       47
  AVERAGE         70                        61      9       65

PRECIPITATION (IN)
  TODAY            0.06          5.74 1981   0.15  -0.09     0.00
  MONTH TO DATE    0.06                      0.15  -0.09     0.00
  SINCE MAR 1      2.52                      5.61  -3.09     5.40
  SINCE JAN 1      9.89                     13.90  -4.01    13.72

SNOWFALL (IN)
  TODAY            0.0           0.0  2002   0.0    0.0      0.0
                                      2000
                                      2001
  MONTH TO DATE    0.0                       0.0    0.0      0.0
  SINCE MAR 1      0.0                       0.1   -0.1      0.0
  SINCE JUL 1      0.0                       0.4   -0.4      1.2
  SNOW DEPTH       0

DEGREE DAYS
 HEATING
  TODAY            0                         5     -5        0
  MONTH TO DATE    0                         5     -5        0
  SINCE MAR 1    175                       251    -76      312
  SINCE JUL 1   2185                      2028    157     2255

 COOLING
  TODAY            5                         1      4        0
  MONTH TO DATE    5                         1      4        0
  SINCE MAR 1     34                        24     10        0
  SINCE JAN 1     34                        28      6        3
..................................................................


WIND (MPH)
  HIGHEST WIND SPEED    21   HIGHEST WIND DIRECTION     N (340)
  HIGHEST GUST SPEED    30   HIGHEST GUST DIRECTION     N (340)
  AVERAGE WIND SPEED     3.1


SKY COVER
  AVERAGE SKY COVER 0.2


WEATHER CONDITIONS
 THE FOLLOWING WEATHER WAS RECORDED TODAY.
  THUNDERSTORM
  LIGHT RAIN
  FOG


RELATIVE HUMIDITY (PERCENT)
 HIGHEST   100           700 AM
 LOWEST     33           500 PM

..........................................................


THE COLUMBUS CLIMATE NORMALS FOR TOMORROW
                         NORMAL    RECORD
 MAXIMUM TEMPERATURE (F)   74        86
 MINIMUM TEMPERATURE (F)   49        34


SUNRISE AND SUNSET
APRIL  1 2015.........SUNRISE   728 AM EDT   SUNSET   800 PM EDT
APRIL  2 2015.........SUNRISE   727 AM EDT   SUNSET   800 PM EDT


-  INDICATES NEGATIVE NUMBERS.
R  INDICATES RECORD WAS SET OR TIED.
MM INDICATES DATA IS MISSING.
T  INDICATES TRACE AMOUNT.




$$
