000
CDUS41 KRNK 030541
CLIDAN


CLIMATE REPORT
NATIONAL WEATHER SERVICE BLACKSBURG VA
138 AM EDT SUN MAY 3 2015


...................................

...THE DANVILLE VA CLIMATE SUMMARY FOR MAY 2 2015...

CLIMATE NORMAL PERIOD 1981 TO 2010
CLIMATE RECORD PERIOD 1948 TO 2015


WEATHER ITEM   OBSERVED TIME   RECORD YEAR NORMAL DEPARTURE LAST
                VALUE   (LST)  VALUE       VALUE  FROM      YEAR
                                                  NORMAL
..................................................................
TEMPERATURE (F)
 YESTERDAY
  MAXIMUM         73    420 PM  93    1951  75     -2       71
  MINIMUM         46    457 AM  30    1963  51     -5       47
  AVERAGE         60                        63     -3

PRECIPITATION (IN)
  YESTERDAY        0.00          3.33 1989   0.10  -0.10     0.00
  MONTH TO DATE    0.39                      0.19   0.20     0.01
  SINCE MAR 1      5.36                      7.76  -2.40     8.97
  SINCE JAN 1      9.15                     14.19  -5.04    14.09

SNOWFALL (IN)
  YESTERDAY        0.0
  MONTH TO DATE    0.0
  SINCE MAR 1      T
  SINCE JUL 1      9.8
  SNOW DEPTH       0

DEGREE DAYS
 HEATING
  YESTERDAY        5                         4      1
  MONTH TO DATE   11                         8      3
  SINCE MAR 1    667                       750    -83
  SINCE JUL 1   3761                      3751     10

 COOLING
  YESTERDAY        0                         2     -2
  MONTH TO DATE    0                         4     -4
  SINCE MAR 1     34                        38     -4
  SINCE JAN 1     34                        38     -4
..................................................................


WIND (MPH)
  HIGHEST WIND SPEED    13   HIGHEST WIND DIRECTION    NE (40)
  HIGHEST GUST SPEED    16   HIGHEST GUST DIRECTION    NE (40)
  AVERAGE WIND SPEED     5.2


SKY COVER
  POSSIBLE SUNSHINE  MM
  AVERAGE SKY COVER 0.2


WEATHER CONDITIONS
 THE FOLLOWING WEATHER WAS RECORDED YESTERDAY.
  FOG


RELATIVE HUMIDITY (PERCENT)
 HIGHEST    89          1200 AM
 LOWEST     35           600 PM
 AVERAGE    62

..........................................................


THE DANVILLE VA CLIMATE NORMALS FOR TODAY
                         NORMAL    RECORD    YEAR
 MAXIMUM TEMPERATURE (F)   75        93      1965
 MINIMUM TEMPERATURE (F)   51        34      1961


SUNRISE AND SUNSET
MAY  3 2015...........SUNRISE   622 AM EDT   SUNSET   807 PM EDT
MAY  4 2015...........SUNRISE   621 AM EDT   SUNSET   808 PM EDT


-  INDICATES NEGATIVE NUMBERS.
R  INDICATES RECORD WAS SET OR TIED.
MM INDICATES DATA IS MISSING.
T  INDICATES TRACE AMOUNT.

REMARKS:
DUE TO EQUIPMENT FAILURE RESULTING IN MISSING TEMPERATURE DATA ON
FEBRUARY 15...THE SEASONAL TOTAL AND DEPARTURE FROM NORMAL FOR HDD
WILL BE CALCULATED WITHOUT DATA FROM THIS DATE. ALSO...DUE TO A
TIPPING BUCKET FAILURE RESULTING IN MISSING PRECIPITATION DATA ON
MARCH 14 AND 19-20...THE SEASONAL AND ANNUAL TOTALS AND DEPARTURES
FROM NORMAL FOR PRECIPITATION WILL BE CALCULATED WITHOUT DATA FROM
THESE DATES.

$$
RCS
