000
CDUS43 KILX 180642
CLIDEC


CLIMATE REPORT
NATIONAL WEATHER SERVICE LINCOLN IL
142 AM CDT SAT APR 18 2015


...................................

...THE DECATUR IL AIRPORT CLIMATE SUMMARY FOR APRIL 17 2015...

CLIMATE NORMAL PERIOD 1981 TO 2010
CLIMATE RECORD PERIOD 9999 TO 9999


WEATHER ITEM   OBSERVED TIME   RECORD YEAR NORMAL DEPARTURE LAST
                VALUE   (LST)  VALUE       VALUE  FROM      YEAR
                                                  NORMAL
..................................................................
TEMPERATURE (F)
 YESTERDAY
  MAXIMUM         78    454 PM  MM      MM  64     14       63
  MINIMUM         46    522 AM  MM      MM  42      4       40
  AVERAGE         62                        53      9       52

PRECIPITATION (IN)
  YESTERDAY        0.00         MM      MM   0.12  -0.12     0.00
  MONTH TO DATE    1.67                      1.85  -0.18     2.84
  SINCE MAR 1      3.28                      4.49  -1.21     4.33
  SINCE JAN 1      4.53                      8.21  -3.68     5.45

DEGREE DAYS
 HEATING
  YESTERDAY        3                        12     -9       13
  MONTH TO DATE  129                       254   -125      239
  SINCE MAR 1    918                       981    -63     1125
  SINCE JUL 1   5564                      5238    326     5937

 COOLING
  YESTERDAY        0                         0      0        0
  MONTH TO DATE    3                         0      3        1
  SINCE MAR 1      3                         1      2        1
  SINCE JAN 1      3                         1      2        1
..................................................................


WIND (MPH)
  HIGHEST WIND SPEED     9   HIGHEST WIND DIRECTION    SW (210)
  HIGHEST GUST SPEED    14   HIGHEST GUST DIRECTION    SE (140)
  AVERAGE WIND SPEED     2.4


SKY COVER
  POSSIBLE SUNSHINE  MM
  AVERAGE SKY COVER 0.1


WEATHER CONDITIONS
 THE FOLLOWING WEATHER WAS RECORDED YESTERDAY.
  FOG
  FOG W/VISIBILITY <= 1/4 MILE
  HAZE


RELATIVE HUMIDITY (PERCENT)
 HIGHEST   100           600 AM
 LOWEST     39           500 PM
 AVERAGE    70

..........................................................


THE DECATUR IL AIRPORT CLIMATE NORMALS FOR TODAY
                         NORMAL    RECORD    YEAR
 MAXIMUM TEMPERATURE (F)   65        MM        MM
 MINIMUM TEMPERATURE (F)   43        MM        MM


SUNRISE AND SUNSET
APRIL 18 2015.........SUNRISE   614 AM CDT   SUNSET   736 PM CDT
APRIL 19 2015.........SUNRISE   612 AM CDT   SUNSET   737 PM CDT


-  INDICATES NEGATIVE NUMBERS.
R  INDICATES RECORD WAS SET OR TIED.
MM INDICATES DATA IS MISSING.
T  INDICATES TRACE AMOUNT.




$$
